{"id":2742,"date":"2021-02-02T14:35:21","date_gmt":"2021-02-02T12:35:21","guid":{"rendered":"https:\/\/blogsaverroes.juntadeandalucia.es\/ieslagranja\/?page_id=2742"},"modified":"2026-02-09T10:11:28","modified_gmt":"2026-02-09T08:11:28","slug":"criterios-de-evaluacion-rpae","status":"publish","type":"page","link":"https:\/\/blogsaverroes.juntadeandalucia.es\/ieslagranja\/criterios-de-evaluacion-rpae\/","title":{"rendered":"Criterios de evaluaci\u00f3n RPAE"},"content":{"rendered":"<p>CFGS Producci\u00f3n y Realizaci\u00f3n de Audiovisuales y Espect\u00e1culos (Actualizado Curso 2025-26).&nbsp;<\/p>\n<table style=\"width: 69.4%;height: 360px\" border=\"0\">\n<tbody>\n<tr style=\"height: 24px\">\n<td style=\"height: 24px\">Curso<\/td>\n<td style=\"height: 24px\">M\u00f3dulo<\/td>\n<\/tr>\n<tr style=\"height: 24px\">\n<td style=\"height: 192px\" rowspan=\"8\">1\u00ba<\/td>\n<td style=\"height: 24px\"><a href=\"https:\/\/blogsaverroes.juntadeandalucia.es\/ieslagranja\/files\/2025\/12\/DIGITALIZACION-REALIZACION.pdf\">Digitalizaci\u00f3n<\/a><\/td>\n<\/tr>\n<tr style=\"height: 24px\">\n<td style=\"height: 24px\"><a href=\"https:\/\/blogsaverroes.juntadeandalucia.es\/ieslagranja\/files\/2025\/12\/IPE-I-25-26-REALIZACION.pdf\">IPE I<\/a><\/td>\n<\/tr>\n<tr style=\"height: 24px\">\n<td style=\"height: 24px\"><a href=\"https:\/\/blogsaverroes.juntadeandalucia.es\/ieslagranja\/files\/2025\/12\/MEDIOS-TECNICOS-DE-AUDIOVISULES-Y-ESCENICOS.pdf\">Medios t\u00e9cnicos audiovisuales y esc\u00e9nicos<\/a>.<\/td>\n<\/tr>\n<tr style=\"height: 24px\">\n<td style=\"height: 24px\"><a href=\"https:\/\/blogsaverroes.juntadeandalucia.es\/ieslagranja\/files\/2026\/02\/PLANIFICACION-DE-LA-REALIZACION-EN-CINE-Y-VIDEO.pdf\">Planificaci\u00f3n de la realizaci\u00f3n en cine y v\u00eddeo<\/a>.<\/td>\n<\/tr>\n<tr style=\"height: 24px\">\n<td style=\"height: 24px\"><a href=\"https:\/\/blogsaverroes.juntadeandalucia.es\/ieslagranja\/files\/2026\/01\/PLANIFICACION-EN-LA-REALIZACION-EN-TELEVISION.pdf\">Planificaci\u00f3n de la realizaci\u00f3n en televisi\u00f3n<\/a>.<\/td>\n<\/tr>\n<tr style=\"height: 24px\">\n<td style=\"height: 24px\"><a href=\"https:\/\/blogsaverroes.juntadeandalucia.es\/ieslagranja\/files\/2025\/12\/Planificacion-de-la-Regiduria-de-Espectaculos-y-Eventos.pdf\">Planificaci\u00f3n de la regidur\u00eda de espect\u00e1culos y eventos.<\/a><\/td>\n<\/tr>\n<tr style=\"height: 24px\">\n<td style=\"height: 24px\"><a href=\"https:\/\/blogsaverroes.juntadeandalucia.es\/ieslagranja\/files\/2025\/12\/PLANIFICACION-Y-MONTAJE-EN-POST-PRODUCCION-DE-AUDIOVISUALES.pdf\">Planificaci\u00f3n del montaje y postproducci\u00f3n de audiovisuales<\/a><\/td>\n<\/tr>\n<tr style=\"height: 24px\">\n<td style=\"height: 24px\"><a href=\"https:\/\/blogsaverroes.juntadeandalucia.es\/ieslagranja\/files\/2025\/12\/SOSTENIBILIDAD-REALIZACION.pdf\">Sostenibilidad aplicada al sistema productivo<\/a><\/td>\n<\/tr>\n<tr style=\"height: 24px\">\n<td style=\"height: 144px\" rowspan=\"8\">2\u00ba<\/td>\n<td style=\"height: 24px\">I<a href=\"https:\/\/blogsaverroes.juntadeandalucia.es\/ieslagranja\/files\/2025\/12\/INGLES-PROFESIONAL-REALIZACION.pdf\">ngl\u00e9s profesional<\/a>.<\/td>\n<\/tr>\n<tr style=\"height: 24px\">\n<td style=\"height: 24px\"><a href=\"https:\/\/blogsaverroes.juntadeandalucia.es\/ieslagranja\/files\/2025\/12\/IPE-II-25-26-REALIZACION.pdf\">IPE II<\/a>.<\/td>\n<\/tr>\n<tr style=\"height: 24px\">\n<td style=\"height: 24px\"><a href=\"https:\/\/blogsaverroes.juntadeandalucia.es\/ieslagranja\/files\/2025\/12\/PROCESOS-DE-REGIDURIA-DE-ESPECTACULOS-Y-EVENTOS.pdf\">Procesos de la regidur\u00eda de espect\u00e1culos y eventos<\/a>.<\/td>\n<\/tr>\n<tr style=\"height: 24px\">\n<td style=\"height: 24px\"><a href=\"https:\/\/blogsaverroes.juntadeandalucia.es\/ieslagranja\/files\/2025\/12\/PROCESOS-DE-REALIZACION-EN-CINE-Y-VIDEO.pdf\">Procesos de realizaci\u00f3n en cine y v\u00eddeo<\/a>.<\/td>\n<\/tr>\n<tr>\n<td><a href=\"https:\/\/blogsaverroes.juntadeandalucia.es\/ieslagranja\/files\/2026\/01\/PROCESOS-REALIZACION-TELEVISION.pdf\">Procesos de realizaci\u00f3n en televisi\u00f3n<\/a>.<\/td>\n<\/tr>\n<tr>\n<td><a href=\"https:\/\/blogsaverroes.juntadeandalucia.es\/ieslagranja\/files\/2025\/12\/REALIZACION-DEL-MONTAJE-Y-POSTPRODUCCION-EN-AUDIOVISUALES.pdf\">Realizaci\u00f3n del montaje y postproducci\u00f3n de audiovisuales<\/a>.<\/td>\n<\/tr>\n<tr style=\"height: 24px\">\n<td style=\"height: 24px\"><a href=\"https:\/\/blogsaverroes.juntadeandalucia.es\/ieslagranja\/files\/2025\/12\/PROYECTO-INTERMODULAR-REALIZACION.pdf\">Proyecto intermodular<\/a>.<\/td>\n<\/tr>\n<tr style=\"height: 24px\">\n<td style=\"height: 24px\"><a href=\"https:\/\/blogsaverroes.juntadeandalucia.es\/ieslagranja\/files\/2025\/12\/OPTATIVA-INTELIGENCIA-ARTIFICIAL-APLICADA-A-LA-PRODUCCION-Y-POSTPRODUCCION-DE-IMAGENES.pdf\">Optativa: Inteligencia artificial aplicada a la producci\u00f3n y postproducci\u00f3n de im\u00e1genes<\/a>.<\/td>\n<\/tr>\n<\/tbody>\n<\/table>\n","protected":false},"excerpt":{"rendered":"<p>CFGS Producci\u00f3n y Realizaci\u00f3n de Audiovisuales y Espect\u00e1culos (Actualizado Curso 2025-26).&nbsp; Curso M\u00f3dulo 1\u00ba Digitalizaci\u00f3n IPE I Medios t\u00e9cnicos audiovisuales y esc\u00e9nicos. Planificaci\u00f3n de la realizaci\u00f3n en cine y v\u00eddeo. Planificaci\u00f3n de la realizaci\u00f3n&#46;&#46;&#46;<\/p>\n","protected":false},"author":11116,"featured_media":0,"parent":0,"menu_order":0,"comment_status":"closed","ping_status":"closed","template":"","meta":{"ngg_post_thumbnail":0,"footnotes":"","_mc_calendar":[]},"aioseo_notices":[],"_links":{"self":[{"href":"https:\/\/blogsaverroes.juntadeandalucia.es\/ieslagranja\/wp-json\/wp\/v2\/pages\/2742"}],"collection":[{"href":"https:\/\/blogsaverroes.juntadeandalucia.es\/ieslagranja\/wp-json\/wp\/v2\/pages"}],"about":[{"href":"https:\/\/blogsaverroes.juntadeandalucia.es\/ieslagranja\/wp-json\/wp\/v2\/types\/page"}],"author":[{"embeddable":true,"href":"https:\/\/blogsaverroes.juntadeandalucia.es\/ieslagranja\/wp-json\/wp\/v2\/users\/11116"}],"replies":[{"embeddable":true,"href":"https:\/\/blogsaverroes.juntadeandalucia.es\/ieslagranja\/wp-json\/wp\/v2\/comments?post=2742"}],"version-history":[{"count":13,"href":"https:\/\/blogsaverroes.juntadeandalucia.es\/ieslagranja\/wp-json\/wp\/v2\/pages\/2742\/revisions"}],"predecessor-version":[{"id":12606,"href":"https:\/\/blogsaverroes.juntadeandalucia.es\/ieslagranja\/wp-json\/wp\/v2\/pages\/2742\/revisions\/12606"}],"wp:attachment":[{"href":"https:\/\/blogsaverroes.juntadeandalucia.es\/ieslagranja\/wp-json\/wp\/v2\/media?parent=2742"}],"curies":[{"name":"wp","href":"https:\/\/api.w.org\/{rel}","templated":true}]}}

Criterios de evaluación RPAE

<p>CFGS Producción y Realización de Audiovisuales y Espectáculos (Actualizado Curso 2025-26).&nbsp;</p>
<table style="width: 69.4%;height: 360px" border="0">
<tbody>
<tr style="height: 24px">
<td style="height: 24px">Curso</td>
<td style="height: 24px">Módulo</td>
</tr>
<tr style="height: 24px">
<td style="height: 192px" rowspan="8">1º</td>
<td style="height: 24px"><a href="https://blogsaverroes.juntadeandalucia.es/ieslagranja/files/2025/12/DIGITALIZACION-REALIZACION.pdf">Digitalización</a></td>
</tr>
<tr style="height: 24px">
<td style="height: 24px"><a href="https://blogsaverroes.juntadeandalucia.es/ieslagranja/files/2025/12/IPE-I-25-26-REALIZACION.pdf">IPE I</a></td>
</tr>
<tr style="height: 24px">
<td style="height: 24px"><a href="https://blogsaverroes.juntadeandalucia.es/ieslagranja/files/2025/12/MEDIOS-TECNICOS-DE-AUDIOVISULES-Y-ESCENICOS.pdf">Medios técnicos audiovisuales y escénicos</a>.</td>
</tr>
<tr style="height: 24px">
<td style="height: 24px"><a href="https://blogsaverroes.juntadeandalucia.es/ieslagranja/files/2026/02/PLANIFICACION-DE-LA-REALIZACION-EN-CINE-Y-VIDEO.pdf">Planificación de la realización en cine y vídeo</a>.</td>
</tr>
<tr style="height: 24px">
<td style="height: 24px"><a href="https://blogsaverroes.juntadeandalucia.es/ieslagranja/files/2026/01/PLANIFICACION-EN-LA-REALIZACION-EN-TELEVISION.pdf">Planificación de la realización en televisión</a>.</td>
</tr>
<tr style="height: 24px">
<td style="height: 24px"><a href="https://blogsaverroes.juntadeandalucia.es/ieslagranja/files/2025/12/Planificacion-de-la-Regiduria-de-Espectaculos-y-Eventos.pdf">Planificación de la regiduría de espectáculos y eventos.</a></td>
</tr>
<tr style="height: 24px">
<td style="height: 24px"><a href="https://blogsaverroes.juntadeandalucia.es/ieslagranja/files/2025/12/PLANIFICACION-Y-MONTAJE-EN-POST-PRODUCCION-DE-AUDIOVISUALES.pdf">Planificación del montaje y postproducción de audiovisuales</a></td>
</tr>
<tr style="height: 24px">
<td style="height: 24px"><a href="https://blogsaverroes.juntadeandalucia.es/ieslagranja/files/2025/12/SOSTENIBILIDAD-REALIZACION.pdf">Sostenibilidad aplicada al sistema productivo</a></td>
</tr>
<tr style="height: 24px">
<td style="height: 144px" rowspan="8">2º</td>
<td style="height: 24px">I<a href="https://blogsaverroes.juntadeandalucia.es/ieslagranja/files/2025/12/INGLES-PROFESIONAL-REALIZACION.pdf">nglés profesional</a>.</td>
</tr>
<tr style="height: 24px">
<td style="height: 24px"><a href="https://blogsaverroes.juntadeandalucia.es/ieslagranja/files/2025/12/IPE-II-25-26-REALIZACION.pdf">IPE II</a>.</td>
</tr>
<tr style="height: 24px">
<td style="height: 24px"><a href="https://blogsaverroes.juntadeandalucia.es/ieslagranja/files/2025/12/PROCESOS-DE-REGIDURIA-DE-ESPECTACULOS-Y-EVENTOS.pdf">Procesos de la regiduría de espectáculos y eventos</a>.</td>
</tr>
<tr style="height: 24px">
<td style="height: 24px"><a href="https://blogsaverroes.juntadeandalucia.es/ieslagranja/files/2025/12/PROCESOS-DE-REALIZACION-EN-CINE-Y-VIDEO.pdf">Procesos de realización en cine y vídeo</a>.</td>
</tr>
<tr>
<td><a href="https://blogsaverroes.juntadeandalucia.es/ieslagranja/files/2026/01/PROCESOS-REALIZACION-TELEVISION.pdf">Procesos de realización en televisión</a>.</td>
</tr>
<tr>
<td><a href="https://blogsaverroes.juntadeandalucia.es/ieslagranja/files/2025/12/REALIZACION-DEL-MONTAJE-Y-POSTPRODUCCION-EN-AUDIOVISUALES.pdf">Realización del montaje y postproducción de audiovisuales</a>.</td>
</tr>
<tr style="height: 24px">
<td style="height: 24px"><a href="https://blogsaverroes.juntadeandalucia.es/ieslagranja/files/2025/12/PROYECTO-INTERMODULAR-REALIZACION.pdf">Proyecto intermodular</a>.</td>
</tr>
<tr style="height: 24px">
<td style="height: 24px"><a href="https://blogsaverroes.juntadeandalucia.es/ieslagranja/files/2025/12/OPTATIVA-INTELIGENCIA-ARTIFICIAL-APLICADA-A-LA-PRODUCCION-Y-POSTPRODUCCION-DE-IMAGENES.pdf">Optativa: Inteligencia artificial aplicada a la producción y postproducción de imágenes</a>.</td>
</tr>
</tbody>
</table>

<p>CFGS Producción y Realización de Audiovisuales y Espectáculos (Actualizado Curso 2025-26).&nbsp; Curso Módulo 1º Digitalización IPE I Medios técnicos audiovisuales y escénicos. Planificación de la realización en cine y vídeo. Planificación de la realización&#46;&#46;&#46;</p>
