{"id":2757,"date":"2021-02-08T13:26:20","date_gmt":"2021-02-08T11:26:20","guid":{"rendered":"https:\/\/blogsaverroes.juntadeandalucia.es\/ieslagranja\/?page_id=2757"},"modified":"2022-03-14T10:51:23","modified_gmt":"2022-03-14T08:51:23","slug":"jardineria-y-floristeria","status":"publish","type":"page","link":"https:\/\/blogsaverroes.juntadeandalucia.es\/ieslagranja\/jardineria-y-floristeria\/","title":{"rendered":"Jardiner\u00eda y Florister\u00eda"},"content":{"rendered":"<p><a href=\"https:\/\/blogsaverroes.juntadeandalucia.es\/ieslagranja\/files\/2021\/04\/IMG_2576-scaled.jpg\"><img loading=\"lazy\" decoding=\"async\" class=\"alignnone size-full wp-image-3094\" src=\"https:\/\/blogsaverroes.juntadeandalucia.es\/ieslagranja\/files\/2021\/04\/IMG_2576-scaled.jpg\" alt=\"\" width=\"1600\" height=\"1067\" srcset=\"https:\/\/blogsaverroes.juntadeandalucia.es\/ieslagranja\/files\/2021\/04\/IMG_2576-scaled.jpg 1600w, https:\/\/blogsaverroes.juntadeandalucia.es\/ieslagranja\/files\/2021\/04\/IMG_2576-300x200.jpg 300w, https:\/\/blogsaverroes.juntadeandalucia.es\/ieslagranja\/files\/2021\/04\/IMG_2576-1024x683.jpg 1024w, https:\/\/blogsaverroes.juntadeandalucia.es\/ieslagranja\/files\/2021\/04\/IMG_2576-768x512.jpg 768w, https:\/\/blogsaverroes.juntadeandalucia.es\/ieslagranja\/files\/2021\/04\/IMG_2576-1536x1024.jpg 1536w, https:\/\/blogsaverroes.juntadeandalucia.es\/ieslagranja\/files\/2021\/04\/IMG_2576-2048x1365.jpg 2048w\" sizes=\"(max-width: 1600px) 100vw, 1600px\" \/><\/a><\/p>\n<p style=\"text-align: justify\">Podr\u00e1s manejar, regular y poner a punto la maquinaria, realizar instalaciones de viveros e invernaderos, producci\u00f3n de plantas, implantar y mantener jardines, identificar plagas y hacer los tratamientos necesarios. Tambi\u00e9n aprender\u00e1s a hacer arreglos con flores y plantas, ramos y otras actividades relacionadas con el funcionamiento de una florister\u00eda. Al finalizar el Ciclo Formativo puedes solicitar tu Carnet de Aplicador de Productos Fitosanitarios de nivel cualificado.<\/p>\n<p>Ciclo LOE.<\/p>\n<p>Turno de ma\u00f1ana.<\/p>\n<p><a title=\"informacion general jardineria y floristeria\" href=\"http:\/\/www.juntadeandalucia.es\/educacion\/portals\/web\/formacion-profesional-andaluza\/fp-grado-medio\/detalle-titulo?idTitulo=63\" target=\"_blank\" rel=\"noopener noreferrer\">Acceso a la informaci\u00f3n general relacionada con el Ciclo.<\/a><\/p>\n<p><a title=\"normativa boja jardineria y floristeria\" href=\"http:\/\/www.juntadeandalucia.es\/boja\/2011\/239\/9\" target=\"_blank\" rel=\"noopener noreferrer\">Acceso a la normativa que regula las ense\u00f1anzas del Ciclo Formativo de T\u00e9cnico de Grado Medio en Jardiner\u00eda y Florister\u00eda.<\/a><\/p>\n<p style=\"text-align: center\">&nbsp;<\/p>\n","protected":false},"excerpt":{"rendered":"<p>Podr\u00e1s manejar, regular y poner a punto la maquinaria, realizar instalaciones de viveros e invernaderos, producci\u00f3n de plantas, implantar y mantener jardines, identificar plagas y hacer los tratamientos necesarios. Tambi\u00e9n aprender\u00e1s a hacer arreglos&#46;&#46;&#46;<\/p>\n","protected":false},"author":11116,"featured_media":0,"parent":0,"menu_order":0,"comment_status":"closed","ping_status":"closed","template":"","meta":{"ngg_post_thumbnail":0,"footnotes":"","_mc_calendar":[]},"aioseo_notices":[],"_links":{"self":[{"href":"https:\/\/blogsaverroes.juntadeandalucia.es\/ieslagranja\/wp-json\/wp\/v2\/pages\/2757"}],"collection":[{"href":"https:\/\/blogsaverroes.juntadeandalucia.es\/ieslagranja\/wp-json\/wp\/v2\/pages"}],"about":[{"href":"https:\/\/blogsaverroes.juntadeandalucia.es\/ieslagranja\/wp-json\/wp\/v2\/types\/page"}],"author":[{"embeddable":true,"href":"https:\/\/blogsaverroes.juntadeandalucia.es\/ieslagranja\/wp-json\/wp\/v2\/users\/11116"}],"replies":[{"embeddable":true,"href":"https:\/\/blogsaverroes.juntadeandalucia.es\/ieslagranja\/wp-json\/wp\/v2\/comments?post=2757"}],"version-history":[{"count":6,"href":"https:\/\/blogsaverroes.juntadeandalucia.es\/ieslagranja\/wp-json\/wp\/v2\/pages\/2757\/revisions"}],"predecessor-version":[{"id":5120,"href":"https:\/\/blogsaverroes.juntadeandalucia.es\/ieslagranja\/wp-json\/wp\/v2\/pages\/2757\/revisions\/5120"}],"wp:attachment":[{"href":"https:\/\/blogsaverroes.juntadeandalucia.es\/ieslagranja\/wp-json\/wp\/v2\/media?parent=2757"}],"curies":[{"name":"wp","href":"https:\/\/api.w.org\/{rel}","templated":true}]}}