{"id":2780,"date":"2021-02-08T14:13:37","date_gmt":"2021-02-08T12:13:37","guid":{"rendered":"https:\/\/blogsaverroes.juntadeandalucia.es\/ieslagranja\/?page_id=2780"},"modified":"2023-09-20T21:49:45","modified_gmt":"2023-09-20T19:49:45","slug":"iluminacion-captacion-y-tratamiento-de-imagen","status":"publish","type":"page","link":"https:\/\/blogsaverroes.juntadeandalucia.es\/ieslagranja\/iluminacion-captacion-y-tratamiento-de-imagen\/","title":{"rendered":"Iluminaci\u00f3n, Captaci\u00f3n y Tratamiento de Imagen"},"content":{"rendered":"<p>Aprender\u00e1s fotograf\u00eda de estudio, televisi\u00f3n y cine. Producci\u00f3n de v\u00eddeo publicitario, industrial, educativo y de espect\u00e1culos as\u00ed como servicios de comunicaci\u00f3n y prensa.&nbsp;(Ciclo LOE)<\/p>\n<p>Este Ciclo tiene una duraci\u00f3n de 2.000 horas repartidas en dos cursos.<\/p>\n<p>Turno de ma\u00f1ana o de tarde.<\/p>\n<p><a title=\"informacion general ciclo iluminacion\" href=\"http:\/\/www.juntadeandalucia.es\/educacion\/portals\/web\/formacion-profesional-andaluza\/fp-grado-superior\/detalle-titulo?idTitulo=103\" target=\"_blank\" rel=\"noopener noreferrer\">Acceso a la informaci\u00f3n general sobre este Ciclo Formativo.<\/a><\/p>\n<p><a title=\"normativa iluminacion\" href=\"http:\/\/www.juntadeandalucia.es\/boja\/2014\/24\/14\" target=\"_blank\" rel=\"noopener noreferrer\">Acceso a la normativa BOJA que regula las ense\u00f1anzas del Ciclo de T\u00e9cnico Superior en Iluminaci\u00f3n, Captaci\u00f3n y Tratamiento de la Imagen.<\/a><\/p>\n<p style=\"text-align: center\"><a href=\"https:\/\/blogsaverroes.juntadeandalucia.es\/ieslagranja\/files\/2021\/02\/imagen.jpg\"><img loading=\"lazy\" decoding=\"async\" class=\"alignnone size-full wp-image-2781\" src=\"https:\/\/blogsaverroes.juntadeandalucia.es\/ieslagranja\/files\/2021\/02\/imagen.jpg\" alt=\"\" width=\"191\" height=\"120\"><\/a><\/p>\n","protected":false},"excerpt":{"rendered":"<p>Aprender\u00e1s fotograf\u00eda de estudio, televisi\u00f3n y cine. Producci\u00f3n de v\u00eddeo publicitario, industrial, educativo y de espect\u00e1culos as\u00ed como servicios de comunicaci\u00f3n y prensa.&nbsp;(Ciclo LOE) Este Ciclo tiene una duraci\u00f3n de 2.000 horas repartidas en&#46;&#46;&#46;<\/p>\n","protected":false},"author":11116,"featured_media":2781,"parent":0,"menu_order":0,"comment_status":"closed","ping_status":"closed","template":"","meta":{"ngg_post_thumbnail":0,"footnotes":"","_mc_calendar":[]},"aioseo_notices":[],"_links":{"self":[{"href":"https:\/\/blogsaverroes.juntadeandalucia.es\/ieslagranja\/wp-json\/wp\/v2\/pages\/2780"}],"collection":[{"href":"https:\/\/blogsaverroes.juntadeandalucia.es\/ieslagranja\/wp-json\/wp\/v2\/pages"}],"about":[{"href":"https:\/\/blogsaverroes.juntadeandalucia.es\/ieslagranja\/wp-json\/wp\/v2\/types\/page"}],"author":[{"embeddable":true,"href":"https:\/\/blogsaverroes.juntadeandalucia.es\/ieslagranja\/wp-json\/wp\/v2\/users\/11116"}],"replies":[{"embeddable":true,"href":"https:\/\/blogsaverroes.juntadeandalucia.es\/ieslagranja\/wp-json\/wp\/v2\/comments?post=2780"}],"version-history":[{"count":2,"href":"https:\/\/blogsaverroes.juntadeandalucia.es\/ieslagranja\/wp-json\/wp\/v2\/pages\/2780\/revisions"}],"predecessor-version":[{"id":8570,"href":"https:\/\/blogsaverroes.juntadeandalucia.es\/ieslagranja\/wp-json\/wp\/v2\/pages\/2780\/revisions\/8570"}],"wp:featuredmedia":[{"embeddable":true,"href":"https:\/\/blogsaverroes.juntadeandalucia.es\/ieslagranja\/wp-json\/wp\/v2\/media\/2781"}],"wp:attachment":[{"href":"https:\/\/blogsaverroes.juntadeandalucia.es\/ieslagranja\/wp-json\/wp\/v2\/media?parent=2780"}],"curies":[{"name":"wp","href":"https:\/\/api.w.org\/{rel}","templated":true}]}}

Iluminación, Captación y Tratamiento de Imagen

<p>Aprenderás fotografía de estudio, televisión y cine. Producción de vídeo publicitario, industrial, educativo y de espectáculos así como servicios de comunicación y prensa.&nbsp;(Ciclo LOE)</p>
<p>Este Ciclo tiene una duración de 2.000 horas repartidas en dos cursos.</p>
<p>Turno de mañana o de tarde.</p>
<p><a title="informacion general ciclo iluminacion" href="http://www.juntadeandalucia.es/educacion/portals/web/formacion-profesional-andaluza/fp-grado-superior/detalle-titulo?idTitulo=103" target="_blank" rel="noopener noreferrer">Acceso a la información general sobre este Ciclo Formativo.</a></p>
<p><a title="normativa iluminacion" href="http://www.juntadeandalucia.es/boja/2014/24/14" target="_blank" rel="noopener noreferrer">Acceso a la normativa BOJA que regula las enseñanzas del Ciclo de Técnico Superior en Iluminación, Captación y Tratamiento de la Imagen.</a></p>
<p style="text-align: center"><a href="https://blogsaverroes.juntadeandalucia.es/ieslagranja/files/2021/02/imagen.jpg"><img loading="lazy" decoding="async" class="alignnone size-full wp-image-2781" src="https://blogsaverroes.juntadeandalucia.es/ieslagranja/files/2021/02/imagen.jpg" alt="" width="191" height="120"></a></p>

<p>Aprenderás fotografía de estudio, televisión y cine. Producción de vídeo publicitario, industrial, educativo y de espectáculos así como servicios de comunicación y prensa.&nbsp;(Ciclo LOE) Este Ciclo tiene una duración de 2.000 horas repartidas en&#46;&#46;&#46;</p>
