{"id":2800,"date":"2021-02-09T10:08:22","date_gmt":"2021-02-09T08:08:22","guid":{"rendered":"https:\/\/blogsaverroes.juntadeandalucia.es\/ieslagranja\/?page_id=2800"},"modified":"2025-12-03T11:55:21","modified_gmt":"2025-12-03T09:55:21","slug":"areas-pendientes","status":"publish","type":"page","link":"https:\/\/blogsaverroes.juntadeandalucia.es\/ieslagranja\/areas-pendientes\/","title":{"rendered":"Recuperaci\u00f3n de materias pendientes. Curso 25-26."},"content":{"rendered":"<ul>\n<li><a href=\"https:\/\/blogsaverroes.juntadeandalucia.es\/ieslagranja\/files\/2025\/10\/CALENDARIO-DE-PENDIENTES-enero-25-26.pdf\">Calendario ex\u00e1menes de pendientes enero<\/a>.<\/li>\n<li><a href=\"https:\/\/blogsaverroes.juntadeandalucia.es\/ieslagranja\/files\/2025\/10\/CALENDARIO-DE-PENDIENTES-abril-25-26.pdf\">Calendario ex\u00e1menes de pendientes abril<\/a>.<\/li>\n<\/ul>\n<p>Procedimientos de recuperaci\u00f3n por departamentos:<\/p>\n<ul>\n<li><a href=\"https:\/\/blogsaverroes.juntadeandalucia.es\/ieslagranja\/files\/2025\/12\/BG-pendientes-25_26-1-corregido.pdf\">Biolog\u00eda y Geolog\u00eda<\/a>. (<a href=\"https:\/\/blogsaverroes.juntadeandalucia.es\/ieslagranja\/files\/2025\/12\/cuaderno-pendientes-ByG-1ESO-25_26.pdf\">Cuaderno 1\u00ba ESO<\/a>, <a href=\"https:\/\/blogsaverroes.juntadeandalucia.es\/ieslagranja\/files\/2025\/12\/cuaderno-pendientes-ByG-3ESO-25_26.pdf\">Cuaderno 3\u00ba ESO<\/a>).<\/li>\n<li><a href=\"https:\/\/blogsaverroes.juntadeandalucia.es\/ieslagranja\/files\/2025\/12\/TABLON-Plan-pendientes-FyQ-2025-26.pdf\">F\u00edsica y Qu\u00edmica<\/a> (<a href=\"https:\/\/blogsaverroes.juntadeandalucia.es\/ieslagranja\/files\/2025\/12\/2oESO-Plan-pendientes-2025-26-FQ.pdf\">2\u00ba ESO<\/a>, <a href=\"https:\/\/blogsaverroes.juntadeandalucia.es\/ieslagranja\/files\/2025\/12\/3oESO-Plan-pendientes-2025-26-FQ.pdf\">3\u00ba ESO<\/a>, <a href=\"https:\/\/blogsaverroes.juntadeandalucia.es\/ieslagranja\/files\/2025\/12\/1oBach-Plan-pendientes-2025-26-1-FQ.pdf\">1\u00ba Bachillerato<\/a>).<\/li>\n<li><a href=\"https:\/\/blogsaverroes.juntadeandalucia.es\/ieslagranja\/files\/2025\/12\/pendientes-Dpto.-Matematicas-Tablon-25-26.pdf\">Matem\u00e1ticas<\/a>.<\/li>\n<li><a href=\"https:\/\/blogsaverroes.juntadeandalucia.es\/ieslagranja\/files\/2025\/12\/Plan-de-recuperacion-1oECO-2025-2026-2.pdf\">Econom\u00eda 1\u00ba Bachillerato<\/a>.<\/li>\n<li><a href=\"https:\/\/blogsaverroes.juntadeandalucia.es\/ieslagranja\/files\/2025\/12\/TECNOLOGIA-PLAN-PENDIENTES-2025-2026.pdf\">Tecnolog\u00eda<\/a>.<\/li>\n<li><a href=\"https:\/\/blogsaverroes.juntadeandalucia.es\/ieslagranja\/files\/2025\/12\/RECUPERACION-PENDIENTES-FRANCES-25-26-2.pdf\">Franc\u00e9s<\/a>.<\/li>\n<li><a href=\"https:\/\/blogsaverroes.juntadeandalucia.es\/ieslagranja\/files\/2025\/12\/Recuperacion-de-pendientes-GaHa-corregido.pdf\">Geograf\u00eda e Historia<\/a>.<\/li>\n<li><a href=\"https:\/\/blogsaverroes.juntadeandalucia.es\/ieslagranja\/files\/2025\/12\/Plan-de-Recuperacion-Filosofia-1o-BACH-Departamento-de-Filosofia.pdf\">Filosof\u00eda<\/a>.<\/li>\n<li><a href=\"https:\/\/blogsaverroes.juntadeandalucia.es\/ieslagranja\/files\/2025\/12\/INGLES-PENDIENTES-2025-2026-1.pdf\">Ingl\u00e9s<\/a>.<\/li>\n<li><a href=\"https:\/\/blogsaverroes.juntadeandalucia.es\/ieslagranja\/files\/2025\/12\/LENGUA-Recuperacion-Pendientes-25-26-corregido.pdf\">Lengua Castellana y Literatura y los de Lat\u00edn y Griego<\/a>.<\/li>\n<li><a href=\"https:\/\/blogsaverroes.juntadeandalucia.es\/ieslagranja\/files\/2025\/12\/PLAN-DE-PENDIENTES-EF-5.pdf\">Educaci\u00f3n F\u00edsica<\/a>.<\/li>\n<li><a href=\"https:\/\/blogsaverroes.juntadeandalucia.es\/ieslagranja\/files\/2025\/12\/RECUPERACION-Departamento-Artistico.pdf\">Educaci\u00f3n Pl\u00e1stica y Dibujo T\u00e9cnico<\/a>.<\/li>\n<li><a href=\"https:\/\/blogsaverroes.juntadeandalucia.es\/ieslagranja\/files\/2025\/12\/Plan-de-Recuperacio\u00bfn-Mu\u00bfsica-.pdf\">M\u00fasica<\/a>.<\/li>\n<li><a href=\"https:\/\/blogsaverroes.juntadeandalucia.es\/ieslagranja\/files\/2025\/12\/Plan-de-Recuperacion-Educacion-en-Valores-Civicos-y-Eticos-2o-ESO-1.pdf\">Educaci\u00f3n en Valores<\/a>.<\/li>\n<\/ul>\n","protected":false},"excerpt":{"rendered":"<p>Calendario ex\u00e1menes de pendientes enero. Calendario ex\u00e1menes de pendientes abril. Procedimientos de recuperaci\u00f3n por departamentos: Biolog\u00eda y Geolog\u00eda. (Cuaderno 1\u00ba ESO, Cuaderno 3\u00ba ESO). F\u00edsica y Qu\u00edmica (2\u00ba ESO, 3\u00ba ESO, 1\u00ba Bachillerato). Matem\u00e1ticas.&#46;&#46;&#46;<\/p>\n","protected":false},"author":11116,"featured_media":548,"parent":0,"menu_order":0,"comment_status":"closed","ping_status":"closed","template":"","meta":{"ngg_post_thumbnail":0,"footnotes":"","_mc_calendar":[]},"aioseo_notices":[],"_links":{"self":[{"href":"https:\/\/blogsaverroes.juntadeandalucia.es\/ieslagranja\/wp-json\/wp\/v2\/pages\/2800"}],"collection":[{"href":"https:\/\/blogsaverroes.juntadeandalucia.es\/ieslagranja\/wp-json\/wp\/v2\/pages"}],"about":[{"href":"https:\/\/blogsaverroes.juntadeandalucia.es\/ieslagranja\/wp-json\/wp\/v2\/types\/page"}],"author":[{"embeddable":true,"href":"https:\/\/blogsaverroes.juntadeandalucia.es\/ieslagranja\/wp-json\/wp\/v2\/users\/11116"}],"replies":[{"embeddable":true,"href":"https:\/\/blogsaverroes.juntadeandalucia.es\/ieslagranja\/wp-json\/wp\/v2\/comments?post=2800"}],"version-history":[{"count":61,"href":"https:\/\/blogsaverroes.juntadeandalucia.es\/ieslagranja\/wp-json\/wp\/v2\/pages\/2800\/revisions"}],"predecessor-version":[{"id":12127,"href":"https:\/\/blogsaverroes.juntadeandalucia.es\/ieslagranja\/wp-json\/wp\/v2\/pages\/2800\/revisions\/12127"}],"wp:featuredmedia":[{"embeddable":true,"href":"https:\/\/blogsaverroes.juntadeandalucia.es\/ieslagranja\/wp-json\/wp\/v2\/media\/548"}],"wp:attachment":[{"href":"https:\/\/blogsaverroes.juntadeandalucia.es\/ieslagranja\/wp-json\/wp\/v2\/media?parent=2800"}],"curies":[{"name":"wp","href":"https:\/\/api.w.org\/{rel}","templated":true}]}}