{"id":35,"date":"2020-12-14T08:21:43","date_gmt":"2020-12-14T06:21:43","guid":{"rendered":"http:\/\/blogsaverroes.juntadeandalucia.es\/pre\/ceip\/?page_id=35"},"modified":"2022-12-07T14:39:56","modified_gmt":"2022-12-07T12:39:56","slug":"datos-del-centro","status":"publish","type":"page","link":"https:\/\/blogsaverroes.juntadeandalucia.es\/ieslagranja\/datos-del-centro\/","title":{"rendered":"Datos del centro"},"content":{"rendered":"<p><iframe loading=\"lazy\" src=\"https:\/\/www.google.com\/maps\/embed?pb=!4v1666078724579!6m8!1m7!1spGRpewEPRZDBPouvL8gohg!2m2!1d36.69859171077687!2d-6.104516717183622!3f166.04725389967987!4f-1.6160963701790934!5f0.7820865974627469\" width=\"600\" height=\"450\"><span style=\"width: 0px;overflow: hidden;line-height: 0\" data-mce-type=\"bookmark\" class=\"mce_SELRES_start\">\ufeff<\/span><\/iframe>&nbsp;<\/p>\n<h4>Datos de contacto<\/h4>\n<p>IES La Granja<\/p>\n<p><strong>Direcci\u00f3n:<\/strong>&nbsp; Avenida La Granja s\/n. 11405 Jerez de la Frontera.<br \/>\n<strong>Tel\u00e9fono \/ FAX: <\/strong>856 81 19 33 \/ 856 81 19 39<br \/>\n<strong>Email:<\/strong> <span class=\"aCOpRe\"><em>11003230<\/em>.edu@juntadeandalucia.es<\/span><\/p>\n<h4><strong>Horarios<\/strong><\/h4>\n<p><strong>Turno de ma\u00f1ana:<\/strong> de 8:15 a 14:45.<\/p>\n<p><strong>Turno de tarde:<\/strong> de 15:45 a 22:00.<\/p>\n<p><strong>C\u00f3mo llegar:<\/strong><br \/>\nAutobuses urbanos de Jerez, l\u00edneas: 5, 6, 8 y 9.<\/p>\n<h4><strong>Oferta educativa<\/strong><\/h4>\n<p>ESO, Bachillerato (Ciencias, Tecnolog\u00eda, Sociales, Humanidades), FPB (Jardiner\u00eda), ESPA (nivel I y II).<\/p>\n<p><strong>Ciclos Formativos Grado Medio:<\/strong> Jardiner\u00eda y Florister\u00eda, Farmacia y Parafarmacia, Cuidados Auxiliares de Enfermer\u00eda.<\/p>\n<p><strong>Ciclos Formativos Grado Superior: <\/strong>Qu\u00edmica y Salud Ambiental, Laboratorio Cl\u00ednico y Biom\u00e9dico, Proyectos de Edificaci\u00f3n, Iluminaci\u00f3n Captaci\u00f3n y Tratamiento de la Imagen, Realizaci\u00f3n de Proyectos Audiovisuales y Espect\u00e1culos.<\/p>\n<p>&nbsp;<\/p>\n","protected":false},"excerpt":{"rendered":"<p>\ufeff&nbsp; Datos de contacto IES La Granja Direcci\u00f3n:&nbsp; Avenida La Granja s\/n. 11405 Jerez de la Frontera. Tel\u00e9fono \/ FAX: 856 81 19 33 \/ 856 81 19 39 Email: 11003230.edu@juntadeandalucia.es Horarios Turno de&#46;&#46;&#46;<\/p>\n","protected":false},"author":1,"featured_media":0,"parent":0,"menu_order":0,"comment_status":"open","ping_status":"open","template":"","meta":{"ngg_post_thumbnail":0,"footnotes":"","_mc_calendar":[]},"aioseo_notices":[],"_links":{"self":[{"href":"https:\/\/blogsaverroes.juntadeandalucia.es\/ieslagranja\/wp-json\/wp\/v2\/pages\/35"}],"collection":[{"href":"https:\/\/blogsaverroes.juntadeandalucia.es\/ieslagranja\/wp-json\/wp\/v2\/pages"}],"about":[{"href":"https:\/\/blogsaverroes.juntadeandalucia.es\/ieslagranja\/wp-json\/wp\/v2\/types\/page"}],"author":[{"embeddable":true,"href":"https:\/\/blogsaverroes.juntadeandalucia.es\/ieslagranja\/wp-json\/wp\/v2\/users\/1"}],"replies":[{"embeddable":true,"href":"https:\/\/blogsaverroes.juntadeandalucia.es\/ieslagranja\/wp-json\/wp\/v2\/comments?post=35"}],"version-history":[{"count":33,"href":"https:\/\/blogsaverroes.juntadeandalucia.es\/ieslagranja\/wp-json\/wp\/v2\/pages\/35\/revisions"}],"predecessor-version":[{"id":7336,"href":"https:\/\/blogsaverroes.juntadeandalucia.es\/ieslagranja\/wp-json\/wp\/v2\/pages\/35\/revisions\/7336"}],"wp:attachment":[{"href":"https:\/\/blogsaverroes.juntadeandalucia.es\/ieslagranja\/wp-json\/wp\/v2\/media?parent=35"}],"curies":[{"name":"wp","href":"https:\/\/api.w.org\/{rel}","templated":true}]}}