{"id":3649,"date":"2021-09-21T10:10:02","date_gmt":"2021-09-21T08:10:02","guid":{"rendered":"https:\/\/blogsaverroes.juntadeandalucia.es\/ieslagranja\/?page_id=3649"},"modified":"2021-11-29T14:16:36","modified_gmt":"2021-11-29T12:16:36","slug":"acredita-2021","status":"publish","type":"page","link":"https:\/\/blogsaverroes.juntadeandalucia.es\/ieslagranja\/acredita-2021\/","title":{"rendered":"Acredita 2021"},"content":{"rendered":"<p>Actuaci\u00f3n financiada por el Ministerio de Educaci\u00f3n y Formaci\u00f3n Profesional y la Uni\u00f3n Europea-NextGenerationEU.<\/p>\n<p>Acreditaci\u00f3n de competencias profesionales \u00abAcredita 2021\u00bb.<\/p>\n<p><a href=\"https:\/\/blogsaverroes.juntadeandalucia.es\/ieslagranja\/files\/2021\/11\/Logo-PRTR-tres-lineas_COLOR.png\"><img loading=\"lazy\" decoding=\"async\" class=\"alignnone size-full wp-image-4222\" src=\"https:\/\/blogsaverroes.juntadeandalucia.es\/ieslagranja\/files\/2021\/11\/Logo-PRTR-tres-lineas_COLOR.png\" alt=\"\" width=\"1600\" height=\"900\" srcset=\"https:\/\/blogsaverroes.juntadeandalucia.es\/ieslagranja\/files\/2021\/11\/Logo-PRTR-tres-lineas_COLOR.png 1600w, https:\/\/blogsaverroes.juntadeandalucia.es\/ieslagranja\/files\/2021\/11\/Logo-PRTR-tres-lineas_COLOR-300x169.png 300w, https:\/\/blogsaverroes.juntadeandalucia.es\/ieslagranja\/files\/2021\/11\/Logo-PRTR-tres-lineas_COLOR-1024x576.png 1024w, https:\/\/blogsaverroes.juntadeandalucia.es\/ieslagranja\/files\/2021\/11\/Logo-PRTR-tres-lineas_COLOR-768x432.png 768w, https:\/\/blogsaverroes.juntadeandalucia.es\/ieslagranja\/files\/2021\/11\/Logo-PRTR-tres-lineas_COLOR-1536x864.png 1536w\" sizes=\"(max-width: 1600px) 100vw, 1600px\" \/><\/a><\/p>\n<p><a href=\"https:\/\/blogsaverroes.juntadeandalucia.es\/ieslagranja\/files\/2021\/09\/logosUE_MEFP.jpg\"><img loading=\"lazy\" decoding=\"async\" class=\"alignnone size-full wp-image-3648\" src=\"https:\/\/blogsaverroes.juntadeandalucia.es\/ieslagranja\/files\/2021\/09\/logosUE_MEFP.jpg\" alt=\"\" width=\"1600\" height=\"301\" srcset=\"https:\/\/blogsaverroes.juntadeandalucia.es\/ieslagranja\/files\/2021\/09\/logosUE_MEFP.jpg 1600w, https:\/\/blogsaverroes.juntadeandalucia.es\/ieslagranja\/files\/2021\/09\/logosUE_MEFP-300x56.jpg 300w, https:\/\/blogsaverroes.juntadeandalucia.es\/ieslagranja\/files\/2021\/09\/logosUE_MEFP-1024x192.jpg 1024w, https:\/\/blogsaverroes.juntadeandalucia.es\/ieslagranja\/files\/2021\/09\/logosUE_MEFP-768x144.jpg 768w, https:\/\/blogsaverroes.juntadeandalucia.es\/ieslagranja\/files\/2021\/09\/logosUE_MEFP-1536x289.jpg 1536w\" sizes=\"(max-width: 1600px) 100vw, 1600px\" \/><\/a><\/p>\n<p><a href=\"https:\/\/blogsaverroes.juntadeandalucia.es\/ieslagranja\/files\/2021\/11\/ES-Financiado-por-la-Uni\u00f3n-Europea_POS-1.png\"><img loading=\"lazy\" decoding=\"async\" class=\"alignnone size-full wp-image-4220\" src=\"https:\/\/blogsaverroes.juntadeandalucia.es\/ieslagranja\/files\/2021\/11\/ES-Financiado-por-la-Uni\u00f3n-Europea_POS-1.png\" alt=\"\" width=\"1600\" height=\"470\" srcset=\"https:\/\/blogsaverroes.juntadeandalucia.es\/ieslagranja\/files\/2021\/11\/ES-Financiado-por-la-Uni\u00f3n-Europea_POS-1.png 1600w, https:\/\/blogsaverroes.juntadeandalucia.es\/ieslagranja\/files\/2021\/11\/ES-Financiado-por-la-Uni\u00f3n-Europea_POS-1-300x88.png 300w, https:\/\/blogsaverroes.juntadeandalucia.es\/ieslagranja\/files\/2021\/11\/ES-Financiado-por-la-Uni\u00f3n-Europea_POS-1-1024x301.png 1024w, https:\/\/blogsaverroes.juntadeandalucia.es\/ieslagranja\/files\/2021\/11\/ES-Financiado-por-la-Uni\u00f3n-Europea_POS-1-768x225.png 768w, https:\/\/blogsaverroes.juntadeandalucia.es\/ieslagranja\/files\/2021\/11\/ES-Financiado-por-la-Uni\u00f3n-Europea_POS-1-1536x451.png 1536w, https:\/\/blogsaverroes.juntadeandalucia.es\/ieslagranja\/files\/2021\/11\/ES-Financiado-por-la-Uni\u00f3n-Europea_POS-1-2048x601.png 2048w\" sizes=\"(max-width: 1600px) 100vw, 1600px\" \/><\/a><\/p>\n<p style=\"text-align: center\">&nbsp;<\/p>\n","protected":false},"excerpt":{"rendered":"<p>Actuaci\u00f3n financiada por el Ministerio de Educaci\u00f3n y Formaci\u00f3n Profesional y la Uni\u00f3n Europea-NextGenerationEU. Acreditaci\u00f3n de competencias profesionales \u00abAcredita 2021\u00bb. &nbsp;<\/p>\n","protected":false},"author":11116,"featured_media":0,"parent":0,"menu_order":0,"comment_status":"closed","ping_status":"closed","template":"","meta":{"ngg_post_thumbnail":0,"footnotes":"","_mc_calendar":[]},"aioseo_notices":[],"_links":{"self":[{"href":"https:\/\/blogsaverroes.juntadeandalucia.es\/ieslagranja\/wp-json\/wp\/v2\/pages\/3649"}],"collection":[{"href":"https:\/\/blogsaverroes.juntadeandalucia.es\/ieslagranja\/wp-json\/wp\/v2\/pages"}],"about":[{"href":"https:\/\/blogsaverroes.juntadeandalucia.es\/ieslagranja\/wp-json\/wp\/v2\/types\/page"}],"author":[{"embeddable":true,"href":"https:\/\/blogsaverroes.juntadeandalucia.es\/ieslagranja\/wp-json\/wp\/v2\/users\/11116"}],"replies":[{"embeddable":true,"href":"https:\/\/blogsaverroes.juntadeandalucia.es\/ieslagranja\/wp-json\/wp\/v2\/comments?post=3649"}],"version-history":[{"count":5,"href":"https:\/\/blogsaverroes.juntadeandalucia.es\/ieslagranja\/wp-json\/wp\/v2\/pages\/3649\/revisions"}],"predecessor-version":[{"id":4224,"href":"https:\/\/blogsaverroes.juntadeandalucia.es\/ieslagranja\/wp-json\/wp\/v2\/pages\/3649\/revisions\/4224"}],"wp:attachment":[{"href":"https:\/\/blogsaverroes.juntadeandalucia.es\/ieslagranja\/wp-json\/wp\/v2\/media?parent=3649"}],"curies":[{"name":"wp","href":"https:\/\/api.w.org\/{rel}","templated":true}]}}

<p>Actuación financiada por el Ministerio de Educación y Formación Profesional y la Unión Europea-NextGenerationEU.</p>
<p>Acreditación de competencias profesionales «Acredita 2021».</p>
<p><a href="https://blogsaverroes.juntadeandalucia.es/ieslagranja/files/2021/11/Logo-PRTR-tres-lineas_COLOR.png"><img loading="lazy" decoding="async" class="alignnone size-full wp-image-4222" src="https://blogsaverroes.juntadeandalucia.es/ieslagranja/files/2021/11/Logo-PRTR-tres-lineas_COLOR.png" alt="" width="1600" height="900" srcset="https://blogsaverroes.juntadeandalucia.es/ieslagranja/files/2021/11/Logo-PRTR-tres-lineas_COLOR.png 1600w, https://blogsaverroes.juntadeandalucia.es/ieslagranja/files/2021/11/Logo-PRTR-tres-lineas_COLOR-300x169.png 300w, https://blogsaverroes.juntadeandalucia.es/ieslagranja/files/2021/11/Logo-PRTR-tres-lineas_COLOR-1024x576.png 1024w, https://blogsaverroes.juntadeandalucia.es/ieslagranja/files/2021/11/Logo-PRTR-tres-lineas_COLOR-768x432.png 768w, https://blogsaverroes.juntadeandalucia.es/ieslagranja/files/2021/11/Logo-PRTR-tres-lineas_COLOR-1536x864.png 1536w" sizes="(max-width: 1600px) 100vw, 1600px" /></a></p>
<p><a href="https://blogsaverroes.juntadeandalucia.es/ieslagranja/files/2021/09/logosUE_MEFP.jpg"><img loading="lazy" decoding="async" class="alignnone size-full wp-image-3648" src="https://blogsaverroes.juntadeandalucia.es/ieslagranja/files/2021/09/logosUE_MEFP.jpg" alt="" width="1600" height="301" srcset="https://blogsaverroes.juntadeandalucia.es/ieslagranja/files/2021/09/logosUE_MEFP.jpg 1600w, https://blogsaverroes.juntadeandalucia.es/ieslagranja/files/2021/09/logosUE_MEFP-300x56.jpg 300w, https://blogsaverroes.juntadeandalucia.es/ieslagranja/files/2021/09/logosUE_MEFP-1024x192.jpg 1024w, https://blogsaverroes.juntadeandalucia.es/ieslagranja/files/2021/09/logosUE_MEFP-768x144.jpg 768w, https://blogsaverroes.juntadeandalucia.es/ieslagranja/files/2021/09/logosUE_MEFP-1536x289.jpg 1536w" sizes="(max-width: 1600px) 100vw, 1600px" /></a></p>
<p><a href="https://blogsaverroes.juntadeandalucia.es/ieslagranja/files/2021/11/ES-Financiado-por-la-Unión-Europea_POS-1.png"><img loading="lazy" decoding="async" class="alignnone size-full wp-image-4220" src="https://blogsaverroes.juntadeandalucia.es/ieslagranja/files/2021/11/ES-Financiado-por-la-Unión-Europea_POS-1.png" alt="" width="1600" height="470" srcset="https://blogsaverroes.juntadeandalucia.es/ieslagranja/files/2021/11/ES-Financiado-por-la-Unión-Europea_POS-1.png 1600w, https://blogsaverroes.juntadeandalucia.es/ieslagranja/files/2021/11/ES-Financiado-por-la-Unión-Europea_POS-1-300x88.png 300w, https://blogsaverroes.juntadeandalucia.es/ieslagranja/files/2021/11/ES-Financiado-por-la-Unión-Europea_POS-1-1024x301.png 1024w, https://blogsaverroes.juntadeandalucia.es/ieslagranja/files/2021/11/ES-Financiado-por-la-Unión-Europea_POS-1-768x225.png 768w, https://blogsaverroes.juntadeandalucia.es/ieslagranja/files/2021/11/ES-Financiado-por-la-Unión-Europea_POS-1-1536x451.png 1536w, https://blogsaverroes.juntadeandalucia.es/ieslagranja/files/2021/11/ES-Financiado-por-la-Unión-Europea_POS-1-2048x601.png 2048w" sizes="(max-width: 1600px) 100vw, 1600px" /></a></p>
<p style="text-align: center">&nbsp;</p>

<p>Actuación financiada por el Ministerio de Educación y Formación Profesional y la Unión Europea-NextGenerationEU. Acreditación de competencias profesionales «Acredita 2021». &nbsp;</p>
