{"id":178,"date":"2015-03-17T07:56:43","date_gmt":"2015-03-17T07:56:43","guid":{"rendered":"http:\/\/blogsaverroes.juntadeandalucia.es\/pre\/ceip\/?page_id=178"},"modified":"2021-01-24T16:49:31","modified_gmt":"2021-01-24T16:49:31","slug":"presentacion-mus","status":"publish","type":"page","link":"https:\/\/blogsaverroes.juntadeandalucia.es\/ieslajarcia\/presentacion-mus\/","title":{"rendered":"Presentaci\u00f3n MUS"},"content":{"rendered":"<p><a href=\"http:\/\/blogsaverroes.juntadeandalucia.es\/ieslajarcia\/files\/2015\/03\/musica.jpg\"><img decoding=\"async\" class=\"aligncenter wp-image-2143 size-thumbnail\" src=\"https:\/\/blogsaverroes.juntadeandalucia.es\/ieslajarcia\/files\/2015\/03\/musica-150x150.jpg\" alt=\"musica\" width=\"150\" height=\"150\" srcset=\"https:\/\/blogsaverroes.juntadeandalucia.es\/ieslajarcia\/files\/2015\/03\/musica-150x150.jpg 150w, https:\/\/blogsaverroes.juntadeandalucia.es\/ieslajarcia\/files\/2015\/03\/musica-300x300.jpg 300w, https:\/\/blogsaverroes.juntadeandalucia.es\/ieslajarcia\/files\/2015\/03\/musica-160x160.jpg 160w, https:\/\/blogsaverroes.juntadeandalucia.es\/ieslajarcia\/files\/2015\/03\/musica.jpg 640w\" sizes=\"(max-width: 150px) 100vw, 150px\" \/><\/a><\/p>\n<p><strong><span style=\"font-family: sans-serif\"><span style=\"font-size: medium\">M\u00fasica <\/span><\/span><\/strong><\/p>\n<h3><span style=\"color: #0000ff;font-size: 24pt\">Presentaci\u00f3n:<\/span><\/h3>\n<p><span style=\"font-family: sans-serif\"><span style=\"font-size: medium\">La m\u00fasica, como bien cultural y como lenguaje y medio de comunicaci\u00f3n no verbal, constituye un elemento con gran valor en la vida de las personas; adem\u00e1s, favorece el desarrollo integral de los individuos, interviene en su formaci\u00f3n emocional e intelectual, a trav\u00e9s del conocimiento del hecho musical como manifestaci\u00f3n cultural e hist\u00f3rica, y contribuye al afianzamiento de una postura abierta, reflexiva y cr\u00edtica en el alumnado. <\/span><\/span><\/p>\n<p><span style=\"font-family: sans-serif\"><span style=\"font-size: medium\">En la actualidad la m\u00fasica constituye uno de los principales referentes de identificaci\u00f3n de la juventud. Con el desarrollo tecnol\u00f3gico se han multiplicado los cauces de acceso a las cada vez m\u00e1s numerosas fuentes de cultura musical, as\u00ed como a sus diversas maneras de creaci\u00f3n e interpretaci\u00f3n a trav\u00e9s de veh\u00edculos que forman parte de su vida cotidiana como Internet, dispositivos m\u00f3viles, reproductores de audio o videojuegos; adem\u00e1s, fomenta el desarrollo de la percepci\u00f3n, la sensibilidad est\u00e9tica, la expresi\u00f3n creativa y la reflexi\u00f3n cr\u00edtica.<\/span><\/span><\/p>\n<h3>&nbsp;<\/h3>\n<h3><span style=\"color: #0000ff;font-size: 24pt\">Miembros:<\/span><\/h3>\n<p><span style=\"font-family: arial,helvetica,sans-serif;font-size: 12pt\">D\u00aa. Isabel Sosbilla Llosent&nbsp; &nbsp; M\u00fasica (Franc\u00e9s) P.E.S.<\/span><\/p>\n<h3><a href=\"https:\/\/drive.google.com\/drive\/folders\/1sMbySw9D2mpjAMlo8f5jjEUaZoHBl6oE?usp=sharing\"><span style=\"color: #0000ff;font-size: 24pt\">Programaciones.<\/span><\/a><\/h3>\n<h3><a href=\"https:\/\/drive.google.com\/drive\/folders\/1sYPjk9lfaxwlKdUX-p_esJT0WahYRxsa?usp=sharing\"><span style=\"color: #0000ff;font-size: 24pt\">Criterios de Evaluaci\u00f3n y calificaci\u00f3n.<\/span><\/a><\/h3>\n<h3><a href=\"https:\/\/drive.google.com\/drive\/folders\/18ZgGuplDKCtRkcNK6EI6UdTnDWytrQbD?usp=sharing\"><span style=\"color: #0000ff;font-size: 24pt\">Plan de pendientes.<\/span><\/a><\/h3>\n<p>&nbsp;<\/p>\n","protected":false},"excerpt":{"rendered":"<p>M\u00fasica Presentaci\u00f3n: La m\u00fasica, como bien cultural y como lenguaje y medio de comunicaci\u00f3n no verbal, constituye un elemento con gran valor en la vida de las personas; adem\u00e1s, favorece&#46;&#46;&#46;<\/p>\n","protected":false},"author":1,"featured_media":0,"parent":0,"menu_order":0,"comment_status":"closed","ping_status":"open","template":"template-full-width.php","meta":{"ngg_post_thumbnail":0,"footnotes":"","_mc_calendar":[]},"aioseo_notices":[],"post_mailing_queue_ids":[],"_links":{"self":[{"href":"https:\/\/blogsaverroes.juntadeandalucia.es\/ieslajarcia\/wp-json\/wp\/v2\/pages\/178"}],"collection":[{"href":"https:\/\/blogsaverroes.juntadeandalucia.es\/ieslajarcia\/wp-json\/wp\/v2\/pages"}],"about":[{"href":"https:\/\/blogsaverroes.juntadeandalucia.es\/ieslajarcia\/wp-json\/wp\/v2\/types\/page"}],"author":[{"embeddable":true,"href":"https:\/\/blogsaverroes.juntadeandalucia.es\/ieslajarcia\/wp-json\/wp\/v2\/users\/1"}],"replies":[{"embeddable":true,"href":"https:\/\/blogsaverroes.juntadeandalucia.es\/ieslajarcia\/wp-json\/wp\/v2\/comments?post=178"}],"version-history":[{"count":7,"href":"https:\/\/blogsaverroes.juntadeandalucia.es\/ieslajarcia\/wp-json\/wp\/v2\/pages\/178\/revisions"}],"predecessor-version":[{"id":3907,"href":"https:\/\/blogsaverroes.juntadeandalucia.es\/ieslajarcia\/wp-json\/wp\/v2\/pages\/178\/revisions\/3907"}],"wp:attachment":[{"href":"https:\/\/blogsaverroes.juntadeandalucia.es\/ieslajarcia\/wp-json\/wp\/v2\/media?parent=178"}],"curies":[{"name":"wp","href":"https:\/\/api.w.org\/{rel}","templated":true}]}}

Presentación MUS

<p><a href="http://blogsaverroes.juntadeandalucia.es/ieslajarcia/files/2015/03/musica.jpg"><img decoding="async" class="aligncenter wp-image-2143 size-thumbnail" src="https://blogsaverroes.juntadeandalucia.es/ieslajarcia/files/2015/03/musica-150x150.jpg" alt="musica" width="150" height="150" srcset="https://blogsaverroes.juntadeandalucia.es/ieslajarcia/files/2015/03/musica-150x150.jpg 150w, https://blogsaverroes.juntadeandalucia.es/ieslajarcia/files/2015/03/musica-300x300.jpg 300w, https://blogsaverroes.juntadeandalucia.es/ieslajarcia/files/2015/03/musica-160x160.jpg 160w, https://blogsaverroes.juntadeandalucia.es/ieslajarcia/files/2015/03/musica.jpg 640w" sizes="(max-width: 150px) 100vw, 150px" /></a></p>
<p><strong><span style="font-family: sans-serif"><span style="font-size: medium">Música </span></span></strong></p>
<h3><span style="color: #0000ff;font-size: 24pt">Presentación:</span></h3>
<p><span style="font-family: sans-serif"><span style="font-size: medium">La música, como bien cultural y como lenguaje y medio de comunicación no verbal, constituye un elemento con gran valor en la vida de las personas; además, favorece el desarrollo integral de los individuos, interviene en su formación emocional e intelectual, a través del conocimiento del hecho musical como manifestación cultural e histórica, y contribuye al afianzamiento de una postura abierta, reflexiva y crítica en el alumnado. </span></span></p>
<p><span style="font-family: sans-serif"><span style="font-size: medium">En la actualidad la música constituye uno de los principales referentes de identificación de la juventud. Con el desarrollo tecnológico se han multiplicado los cauces de acceso a las cada vez más numerosas fuentes de cultura musical, así como a sus diversas maneras de creación e interpretación a través de vehículos que forman parte de su vida cotidiana como Internet, dispositivos móviles, reproductores de audio o videojuegos; además, fomenta el desarrollo de la percepción, la sensibilidad estética, la expresión creativa y la reflexión crítica.</span></span></p>
<h3>&nbsp;</h3>
<h3><span style="color: #0000ff;font-size: 24pt">Miembros:</span></h3>
<p><span style="font-family: arial,helvetica,sans-serif;font-size: 12pt">Dª. Isabel Sosbilla Llosent&nbsp; &nbsp; Música (Francés) P.E.S.</span></p>
<h3><a href="https://drive.google.com/drive/folders/1sMbySw9D2mpjAMlo8f5jjEUaZoHBl6oE?usp=sharing"><span style="color: #0000ff;font-size: 24pt">Programaciones.</span></a></h3>
<h3><a href="https://drive.google.com/drive/folders/1sYPjk9lfaxwlKdUX-p_esJT0WahYRxsa?usp=sharing"><span style="color: #0000ff;font-size: 24pt">Criterios de Evaluación y calificación.</span></a></h3>
<h3><a href="https://drive.google.com/drive/folders/18ZgGuplDKCtRkcNK6EI6UdTnDWytrQbD?usp=sharing"><span style="color: #0000ff;font-size: 24pt">Plan de pendientes.</span></a></h3>
<p>&nbsp;</p>

<p>Música Presentación: La música, como bien cultural y como lenguaje y medio de comunicación no verbal, constituye un elemento con gran valor en la vida de las personas; además, favorece&#46;&#46;&#46;</p>
