{"id":77,"date":"2016-01-16T18:54:56","date_gmt":"2016-01-16T18:54:56","guid":{"rendered":"http:\/\/blogsaverroes.juntadeandalucia.es\/pre\/ceip\/?page_id=77"},"modified":"2026-04-29T17:09:04","modified_gmt":"2026-04-29T15:09:04","slug":"secretaria","status":"publish","type":"page","link":"https:\/\/blogsaverroes.juntadeandalucia.es\/ieslajarcia\/secretaria\/","title":{"rendered":"Secretar\u00eda"},"content":{"rendered":"<div class=\"osc-res-tab tabbable   osc-tabs-left\"><div style=\"clear:both;width: 100%;\"><ul class=\"nav osc-res-nav nav-tabs osc-tabs-left-ul\" id=\"oscitas-restabs-1-secretaria-23599\"><li class=\"active\"><a href=\"#ert_pane1-0\" data-toggle=\"tab\">Horario<\/a><\/li><li class=\"\"><a href=\"#ert_pane1-1\" data-toggle=\"tab\">Alumnado<\/a><\/li><\/ul><\/div><div style=\"clear:both;width: 100%;\"><ul class=\"tab-content\" id=\"oscitas-restabcontent-1-secretaria-23599\"><li class=\"tab-pane active\" id=\"ert_pane1-0\"><p>Horario regular de atenci\u00f3n al p\u00fablico:<br \/>\nDe Lunes a Viernes de 08:30 a 10:30 (Con cita previa<a href=\"https:\/\/calendly.com\/citapreviaieslajarcia\/gestion-administrativa?month=2020-10\"> AQU\u00cd<\/a>)<\/p>\n<p>Horario en periodo de matriculaci\u00f3n:<br \/>\nD\u00edas laborables del 1 al 10 de julio de 9:00 a 12:00<\/p>\n<p>Para contactar:<\/p>\n<p><strong>Telf:<\/strong> <span style=\"font-family: arial\">956243509 (Corporativo <span style=\"color: #993300\">490509<\/span>)<\/span><br \/>\n<strong>Fax: <\/strong><span style=\"font-family: arial\">956243515 (Corporativo <span style=\"color: #990000\">490515<\/span>)<\/span><br \/>\n<strong>Correo-e: <a>11700718.administracion@g.educaand.es<\/a><\/strong><br \/><\/li><li class=\"tab-pane \" id=\"ert_pane1-1\"><p><strong>Admisi\u00f3n y matriculaci\u00f3n<\/strong><\/p>\n<p>Admisi\u00f3n 2026-2027<\/p>\n<p><strong>La Consejer\u00eda de Educaci\u00f3n convoca el procedimiento de admisi\u00f3n del alumnado en los centros docentes p\u00fablicos y privados concertados para cursar las ense\u00f1anzas de segundo ciclo de educaci\u00f3n infantil, educaci\u00f3n primaria, educaci\u00f3n especial, educaci\u00f3n secundaria obligatoria y bachillerato para el curso escolar 2026\/27. <\/strong><\/p>\n<p><a href=\"https:\/\/www.juntadeandalucia.es\/educacion\/portales\/web\/escolarizacion\/infantil-a-bachillerato\" target=\"_blank\" rel=\"noopener noreferrer\"><strong>Portal de Escolarizaci\u00f3n.<\/strong><\/a><\/p>\n<p><a href=\"https:\/\/www.juntadeandalucia.es\/educacion\/portales\/web\/escolarizacion\/personas-adultas\/calendario?p_l_back_url=%2Feducacion%2Fportales%2Fweb%2Fescolarizacion%2Fsearch%3Fq%3Dcalendario\" target=\"_blank\" rel=\"noopener noreferrer\">Calendario Escolarizaci\u00f3n.<\/a><\/p><\/li><\/ul><\/div><\/div>\n","protected":false},"excerpt":{"rendered":"","protected":false},"author":1,"featured_media":0,"parent":0,"menu_order":0,"comment_status":"closed","ping_status":"closed","template":"","meta":{"ngg_post_thumbnail":0,"footnotes":"","_mc_calendar":[]},"aioseo_notices":[],"post_mailing_queue_ids":[],"_links":{"self":[{"href":"https:\/\/blogsaverroes.juntadeandalucia.es\/ieslajarcia\/wp-json\/wp\/v2\/pages\/77"}],"collection":[{"href":"https:\/\/blogsaverroes.juntadeandalucia.es\/ieslajarcia\/wp-json\/wp\/v2\/pages"}],"about":[{"href":"https:\/\/blogsaverroes.juntadeandalucia.es\/ieslajarcia\/wp-json\/wp\/v2\/types\/page"}],"author":[{"embeddable":true,"href":"https:\/\/blogsaverroes.juntadeandalucia.es\/ieslajarcia\/wp-json\/wp\/v2\/users\/1"}],"replies":[{"embeddable":true,"href":"https:\/\/blogsaverroes.juntadeandalucia.es\/ieslajarcia\/wp-json\/wp\/v2\/comments?post=77"}],"version-history":[{"count":47,"href":"https:\/\/blogsaverroes.juntadeandalucia.es\/ieslajarcia\/wp-json\/wp\/v2\/pages\/77\/revisions"}],"predecessor-version":[{"id":8340,"href":"https:\/\/blogsaverroes.juntadeandalucia.es\/ieslajarcia\/wp-json\/wp\/v2\/pages\/77\/revisions\/8340"}],"wp:attachment":[{"href":"https:\/\/blogsaverroes.juntadeandalucia.es\/ieslajarcia\/wp-json\/wp\/v2\/media?parent=77"}],"curies":[{"name":"wp","href":"https:\/\/api.w.org\/{rel}","templated":true}]}}

Secretaría

<div class="osc-res-tab tabbable   osc-tabs-left"><div style="clear:both;width: 100%;"><ul class="nav osc-res-nav nav-tabs osc-tabs-left-ul" id="oscitas-restabs-1-secretaria-23599"><li class="active"><a href="#ert_pane1-0" data-toggle="tab">Horario</a></li><li class=""><a href="#ert_pane1-1" data-toggle="tab">Alumnado</a></li></ul></div><div style="clear:both;width: 100%;"><ul class="tab-content" id="oscitas-restabcontent-1-secretaria-23599"><li class="tab-pane active" id="ert_pane1-0"><p>Horario regular de atención al público:<br />
De Lunes a Viernes de 08:30 a 10:30 (Con cita previa<a href="https://calendly.com/citapreviaieslajarcia/gestion-administrativa?month=2020-10"> AQUÍ</a>)</p>
<p>Horario en periodo de matriculación:<br />
Días laborables del 1 al 10 de julio de 9:00 a 12:00</p>
<p>Para contactar:</p>
<p><strong>Telf:</strong> <span style="font-family: arial">956243509 (Corporativo <span style="color: #993300">490509</span>)</span><br />
<strong>Fax: </strong><span style="font-family: arial">956243515 (Corporativo <span style="color: #990000">490515</span>)</span><br />
<strong>Correo-e: <a>11700718.administracion@g.educaand.es</a></strong><br /></li><li class="tab-pane " id="ert_pane1-1"><p><strong>Admisión y matriculación</strong></p>
<p>Admisión 2026-2027</p>
<p><strong>La Consejería de Educación convoca el procedimiento de admisión del alumnado en los centros docentes públicos y privados concertados para cursar las enseñanzas de segundo ciclo de educación infantil, educación primaria, educación especial, educación secundaria obligatoria y bachillerato para el curso escolar 2026/27. </strong></p>
<p><a href="https://www.juntadeandalucia.es/educacion/portales/web/escolarizacion/infantil-a-bachillerato" target="_blank" rel="noopener noreferrer"><strong>Portal de Escolarización.</strong></a></p>
<p><a href="https://www.juntadeandalucia.es/educacion/portales/web/escolarizacion/personas-adultas/calendario?p_l_back_url=%2Feducacion%2Fportales%2Fweb%2Fescolarizacion%2Fsearch%3Fq%3Dcalendario" target="_blank" rel="noopener noreferrer">Calendario Escolarización.</a></p></li></ul></div></div>
