{"id":1806,"date":"2015-03-17T07:46:28","date_gmt":"2015-03-17T07:46:28","guid":{"rendered":"http:\/\/blogsaverroes.juntadeandalucia.es\/pre\/ceip\/?page_id=144"},"modified":"2022-09-17T14:32:12","modified_gmt":"2022-09-17T12:32:12","slug":"orientacion-2","status":"publish","type":"page","link":"https:\/\/blogsaverroes.juntadeandalucia.es\/ieslalaguna\/orientacion-2\/","title":{"rendered":"Orientaci\u00f3n"},"content":{"rendered":"<h2><img loading=\"lazy\" decoding=\"async\" class=\"aligncenter size-medium wp-image-2155\" src=\"http:\/\/blogsaverroes.juntadeandalucia.es\/ieslalaguna\/files\/2015\/03\/orientacion-300x221.jpg\" alt=\"orientacion\" width=\"300\" height=\"221\" srcset=\"https:\/\/blogsaverroes.juntadeandalucia.es\/ieslalaguna\/files\/2015\/03\/orientacion-300x221.jpg 300w, https:\/\/blogsaverroes.juntadeandalucia.es\/ieslalaguna\/files\/2015\/03\/orientacion.jpg 640w\" sizes=\"(max-width: 300px) 100vw, 300px\" \/><\/h2>\n<p>Profesorado<\/p>\n<p>D\u00aa. Ana Virginia P\u00e9rez de la Torre. (Orientadora).<\/p>\n<p>D\u00aa. Pilar Garrido Mart\u00ednez. (Maestra. Pedagog\u00eda Terap\u00e9utica).<\/p>\n<p>D\u00aa. Concepci\u00f3n Granados Prieto. (Maestra. Pedagog\u00eda Terap\u00e9utica).<\/p>\n<p>D\u00aa. Yolanda Polo P\u00e9rez (Maestra. Pedagog\u00eda Terap\u00e9utica).<\/p>\n<h4>Orientaci\u00f3n educativa<\/h4>\n<p>La orientaci\u00f3n contribuye al desarrollo de las facetas personal, acad\u00e9mica y profesional de los alumnos y alumnas. Es un proceso en el que deben involucrarse las familias y para el cual pueden acudir a los tutores y al asesoramiento y apoyo de los orientadores de los centros educativos. Entre sus objetivos principales se encuentran los siguientes:<\/p>\n<ul>\n<li>Resolver problemas de la vida acad\u00e9mica, como dificultades durante el proceso de aprendizaje, ausencia de motivaci\u00f3n, etc.<\/li>\n<li>Tomar decisiones sobre itinerarios de estudio e incorporaci\u00f3n al mundo laboral.<\/li>\n<li>Convivencia y educaci\u00f3n en valores.<\/li>\n<\/ul>\n","protected":false},"excerpt":{"rendered":"<p>Profesorado D\u00aa. Ana Virginia P\u00e9rez de la Torre. (Orientadora). D\u00aa. Pilar Garrido Mart\u00ednez. (Maestra. Pedagog\u00eda Terap\u00e9utica). D\u00aa. Concepci\u00f3n Granados Prieto. (Maestra. Pedagog\u00eda Terap\u00e9utica). D\u00aa. Yolanda Polo P\u00e9rez (Maestra. Pedagog\u00eda Terap\u00e9utica). Orientaci\u00f3n educativa La orientaci\u00f3n&#46;&#46;&#46;<\/p>\n","protected":false},"author":1,"featured_media":0,"parent":0,"menu_order":0,"comment_status":"closed","ping_status":"open","template":"","meta":{"ngg_post_thumbnail":0,"footnotes":"","_mc_calendar":[]},"aioseo_notices":[],"post_mailing_queue_ids":[],"_links":{"self":[{"href":"https:\/\/blogsaverroes.juntadeandalucia.es\/ieslalaguna\/wp-json\/wp\/v2\/pages\/1806"}],"collection":[{"href":"https:\/\/blogsaverroes.juntadeandalucia.es\/ieslalaguna\/wp-json\/wp\/v2\/pages"}],"about":[{"href":"https:\/\/blogsaverroes.juntadeandalucia.es\/ieslalaguna\/wp-json\/wp\/v2\/types\/page"}],"author":[{"embeddable":true,"href":"https:\/\/blogsaverroes.juntadeandalucia.es\/ieslalaguna\/wp-json\/wp\/v2\/users\/1"}],"replies":[{"embeddable":true,"href":"https:\/\/blogsaverroes.juntadeandalucia.es\/ieslalaguna\/wp-json\/wp\/v2\/comments?post=1806"}],"version-history":[{"count":6,"href":"https:\/\/blogsaverroes.juntadeandalucia.es\/ieslalaguna\/wp-json\/wp\/v2\/pages\/1806\/revisions"}],"predecessor-version":[{"id":3722,"href":"https:\/\/blogsaverroes.juntadeandalucia.es\/ieslalaguna\/wp-json\/wp\/v2\/pages\/1806\/revisions\/3722"}],"wp:attachment":[{"href":"https:\/\/blogsaverroes.juntadeandalucia.es\/ieslalaguna\/wp-json\/wp\/v2\/media?parent=1806"}],"curies":[{"name":"wp","href":"https:\/\/api.w.org\/{rel}","templated":true}]}}

Orientación

<h2><img loading="lazy" decoding="async" class="aligncenter size-medium wp-image-2155" src="http://blogsaverroes.juntadeandalucia.es/ieslalaguna/files/2015/03/orientacion-300x221.jpg" alt="orientacion" width="300" height="221" srcset="https://blogsaverroes.juntadeandalucia.es/ieslalaguna/files/2015/03/orientacion-300x221.jpg 300w, https://blogsaverroes.juntadeandalucia.es/ieslalaguna/files/2015/03/orientacion.jpg 640w" sizes="(max-width: 300px) 100vw, 300px" /></h2>
<p>Profesorado</p>
<p>Dª. Ana Virginia Pérez de la Torre. (Orientadora).</p>
<p>Dª. Pilar Garrido Martínez. (Maestra. Pedagogía Terapéutica).</p>
<p>Dª. Concepción Granados Prieto. (Maestra. Pedagogía Terapéutica).</p>
<p>Dª. Yolanda Polo Pérez (Maestra. Pedagogía Terapéutica).</p>
<h4>Orientación educativa</h4>
<p>La orientación contribuye al desarrollo de las facetas personal, académica y profesional de los alumnos y alumnas. Es un proceso en el que deben involucrarse las familias y para el cual pueden acudir a los tutores y al asesoramiento y apoyo de los orientadores de los centros educativos. Entre sus objetivos principales se encuentran los siguientes:</p>
<ul>
<li>Resolver problemas de la vida académica, como dificultades durante el proceso de aprendizaje, ausencia de motivación, etc.</li>
<li>Tomar decisiones sobre itinerarios de estudio e incorporación al mundo laboral.</li>
<li>Convivencia y educación en valores.</li>
</ul>

<p>Profesorado Dª. Ana Virginia Pérez de la Torre. (Orientadora). Dª. Pilar Garrido Martínez. (Maestra. Pedagogía Terapéutica). Dª. Concepción Granados Prieto. (Maestra. Pedagogía Terapéutica). Dª. Yolanda Polo Pérez (Maestra. Pedagogía Terapéutica). Orientación educativa La orientación&#46;&#46;&#46;</p>
