{"id":367,"date":"2015-03-18T10:25:01","date_gmt":"2015-03-18T10:25:01","guid":{"rendered":"http:\/\/blogsaverroes.juntadeandalucia.es\/pre\/ceip\/?page_id=367"},"modified":"2023-04-26T20:27:15","modified_gmt":"2023-04-26T18:27:15","slug":"materiales-recursos","status":"publish","type":"page","link":"https:\/\/blogsaverroes.juntadeandalucia.es\/ieslalaguna\/ingles\/materiales-recursos\/","title":{"rendered":"Materiales, recursos&#8230;"},"content":{"rendered":"<p>En los siguientes enlaces encontrar\u00e1 los criterios de evaluaci\u00f3n y elementos curriculares de las asignaturas propias del departamento:<\/p>\n<p>L.O.M.C.E.<\/p>\n<ul>\n<li><a href=\"https:\/\/blogsaverroes.juntadeandalucia.es\/ieslalaguna\/files\/2022\/11\/PROGRAM-2\u00ba-ESO-LCL-2022-23.pdf\">Lengua Castellana y Literatura. 2\u00ba de E.S.O.<\/a><\/li>\n<li><a href=\"https:\/\/blogsaverroes.juntadeandalucia.es\/ieslalaguna\/files\/2022\/11\/PROGR-LCL-4-ESO-2022-23.pdf\">Lengua Castellana y Literatura. 4\u00ba de E.S.O.<\/a><\/li>\n<li><a href=\"https:\/\/blogsaverroes.juntadeandalucia.es\/ieslalaguna\/files\/2022\/11\/PROGR-LCL-2\u00ba-BACHILLERATO-2022-23.pdf\">Lengua Castellana y Literatura. 2\u00ba de Bachillerato.<\/a><\/li>\n<li><a href=\"https:\/\/blogsaverroes.juntadeandalucia.es\/ieslalaguna\/files\/2022\/11\/PROGRAM-AN\u00c1L.DOCUM_.-2022-23.pdf\">An\u00e1lisis de Documentos. 2\u00ba de Bachillerato.<\/a><\/li>\n<\/ul>\n<p>L.O.M.L.O.E.<\/p>\n<ul>\n<li><a href=\"https:\/\/blogsaverroes.juntadeandalucia.es\/ieslalaguna\/files\/2023\/04\/LCL_ESO1.pdf\">Lengua Castellana y Literatura. 1\u00ba de E.S.O.<\/a><\/li>\n<li><a href=\"https:\/\/blogsaverroes.juntadeandalucia.es\/ieslalaguna\/files\/2023\/04\/LCL_ESO3.pdf\">Lengua Castellana y Literatura. 3\u00ba de E.S.O.<\/a><\/li>\n<li><a href=\"https:\/\/blogsaverroes.juntadeandalucia.es\/ieslalaguna\/files\/2023\/04\/LCL_BACH1.pdf\">Lengua Castellana y Literatura. 1\u00ba de Bachillerato.<\/a><\/li>\n<li><a href=\"https:\/\/blogsaverroes.juntadeandalucia.es\/ieslalaguna\/files\/2023\/04\/ASL_3ESODIV.pdf\">\u00c1mbito Social y Ling\u00fc\u00edstico. 3\u00ba de E.S.O. (Diversificaci\u00f3n curricular).<\/a><\/li>\n<li><a href=\"https:\/\/blogsaverroes.juntadeandalucia.es\/ieslalaguna\/files\/2023\/04\/FPB1_AMBSL.pdf\">\u00c1mbito Social y Ling\u00fc\u00edstico. 1\u00ba C.F.G.B.<\/a><\/li>\n<li><a href=\"https:\/\/blogsaverroes.juntadeandalucia.es\/ieslalaguna\/files\/2023\/04\/LITUNIV_BAC1.pdf\">Literatura Universal. 1\u00ba de Bachillerato.<\/a><\/li>\n<\/ul>\n","protected":false},"excerpt":{"rendered":"<p>En los siguientes enlaces encontrar\u00e1 los criterios de evaluaci\u00f3n y elementos curriculares de las asignaturas propias del departamento: L.O.M.C.E. Lengua Castellana y Literatura. 2\u00ba de E.S.O. Lengua Castellana y Literatura. 4\u00ba de E.S.O. Lengua&#46;&#46;&#46;<\/p>\n","protected":false},"author":1,"featured_media":0,"parent":155,"menu_order":0,"comment_status":"closed","ping_status":"open","template":"","meta":{"ngg_post_thumbnail":0,"footnotes":"","_mc_calendar":[]},"aioseo_notices":[],"post_mailing_queue_ids":[],"_links":{"self":[{"href":"https:\/\/blogsaverroes.juntadeandalucia.es\/ieslalaguna\/wp-json\/wp\/v2\/pages\/367"}],"collection":[{"href":"https:\/\/blogsaverroes.juntadeandalucia.es\/ieslalaguna\/wp-json\/wp\/v2\/pages"}],"about":[{"href":"https:\/\/blogsaverroes.juntadeandalucia.es\/ieslalaguna\/wp-json\/wp\/v2\/types\/page"}],"author":[{"embeddable":true,"href":"https:\/\/blogsaverroes.juntadeandalucia.es\/ieslalaguna\/wp-json\/wp\/v2\/users\/1"}],"replies":[{"embeddable":true,"href":"https:\/\/blogsaverroes.juntadeandalucia.es\/ieslalaguna\/wp-json\/wp\/v2\/comments?post=367"}],"version-history":[{"count":10,"href":"https:\/\/blogsaverroes.juntadeandalucia.es\/ieslalaguna\/wp-json\/wp\/v2\/pages\/367\/revisions"}],"predecessor-version":[{"id":3890,"href":"https:\/\/blogsaverroes.juntadeandalucia.es\/ieslalaguna\/wp-json\/wp\/v2\/pages\/367\/revisions\/3890"}],"up":[{"embeddable":true,"href":"https:\/\/blogsaverroes.juntadeandalucia.es\/ieslalaguna\/wp-json\/wp\/v2\/pages\/155"}],"wp:attachment":[{"href":"https:\/\/blogsaverroes.juntadeandalucia.es\/ieslalaguna\/wp-json\/wp\/v2\/media?parent=367"}],"curies":[{"name":"wp","href":"https:\/\/api.w.org\/{rel}","templated":true}]}}

<p>En los siguientes enlaces encontrará los criterios de evaluación y elementos curriculares de las asignaturas propias del departamento:</p>
<p>L.O.M.C.E.</p>
<ul>
<li><a href="https://blogsaverroes.juntadeandalucia.es/ieslalaguna/files/2022/11/PROGRAM-2º-ESO-LCL-2022-23.pdf">Lengua Castellana y Literatura. 2º de E.S.O.</a></li>
<li><a href="https://blogsaverroes.juntadeandalucia.es/ieslalaguna/files/2022/11/PROGR-LCL-4-ESO-2022-23.pdf">Lengua Castellana y Literatura. 4º de E.S.O.</a></li>
<li><a href="https://blogsaverroes.juntadeandalucia.es/ieslalaguna/files/2022/11/PROGR-LCL-2º-BACHILLERATO-2022-23.pdf">Lengua Castellana y Literatura. 2º de Bachillerato.</a></li>
<li><a href="https://blogsaverroes.juntadeandalucia.es/ieslalaguna/files/2022/11/PROGRAM-ANÁL.DOCUM_.-2022-23.pdf">Análisis de Documentos. 2º de Bachillerato.</a></li>
</ul>
<p>L.O.M.L.O.E.</p>
<ul>
<li><a href="https://blogsaverroes.juntadeandalucia.es/ieslalaguna/files/2023/04/LCL_ESO1.pdf">Lengua Castellana y Literatura. 1º de E.S.O.</a></li>
<li><a href="https://blogsaverroes.juntadeandalucia.es/ieslalaguna/files/2023/04/LCL_ESO3.pdf">Lengua Castellana y Literatura. 3º de E.S.O.</a></li>
<li><a href="https://blogsaverroes.juntadeandalucia.es/ieslalaguna/files/2023/04/LCL_BACH1.pdf">Lengua Castellana y Literatura. 1º de Bachillerato.</a></li>
<li><a href="https://blogsaverroes.juntadeandalucia.es/ieslalaguna/files/2023/04/ASL_3ESODIV.pdf">Ámbito Social y Lingüístico. 3º de E.S.O. (Diversificación curricular).</a></li>
<li><a href="https://blogsaverroes.juntadeandalucia.es/ieslalaguna/files/2023/04/FPB1_AMBSL.pdf">Ámbito Social y Lingüístico. 1º C.F.G.B.</a></li>
<li><a href="https://blogsaverroes.juntadeandalucia.es/ieslalaguna/files/2023/04/LITUNIV_BAC1.pdf">Literatura Universal. 1º de Bachillerato.</a></li>
</ul>

<p>En los siguientes enlaces encontrará los criterios de evaluación y elementos curriculares de las asignaturas propias del departamento: L.O.M.C.E. Lengua Castellana y Literatura. 2º de E.S.O. Lengua Castellana y Literatura. 4º de E.S.O. Lengua&#46;&#46;&#46;</p>
