{"id":3895,"date":"2023-06-16T12:58:05","date_gmt":"2023-06-16T10:58:05","guid":{"rendered":"https:\/\/blogsaverroes.juntadeandalucia.es\/ieslalaguna\/?page_id=3895"},"modified":"2023-06-16T12:58:05","modified_gmt":"2023-06-16T10:58:05","slug":"ciclos-formativos","status":"publish","type":"page","link":"https:\/\/blogsaverroes.juntadeandalucia.es\/ieslalaguna\/ciclos-formativos\/","title":{"rendered":"Ciclos Formativos"},"content":{"rendered":"<p>Les dejamos a continuaci\u00f3n un documento que recoge y resume toda la informaci\u00f3n relativa a la admisi\u00f3n y matriculaci\u00f3n para ciclos formativos.<\/p>\n<p>&nbsp;<\/p>\n<p><a href=\"https:\/\/blogsaverroes.juntadeandalucia.es\/ieslalaguna\/files\/2023\/06\/SOLICITUD-PARA-CURSAR-CICLOS-FORMATIVOS.pdf\">SOLICITUD PARA CURSAR CICLOS FORMATIVOS<\/a><\/p>\n","protected":false},"excerpt":{"rendered":"<p>Les dejamos a continuaci\u00f3n un documento que recoge y resume toda la informaci\u00f3n relativa a la admisi\u00f3n y matriculaci\u00f3n para ciclos formativos. &nbsp; SOLICITUD PARA CURSAR CICLOS FORMATIVOS<\/p>\n","protected":false},"author":3084,"featured_media":0,"parent":0,"menu_order":0,"comment_status":"closed","ping_status":"closed","template":"","meta":{"ngg_post_thumbnail":0,"footnotes":"","_mc_calendar":[]},"aioseo_notices":[],"post_mailing_queue_ids":[],"_links":{"self":[{"href":"https:\/\/blogsaverroes.juntadeandalucia.es\/ieslalaguna\/wp-json\/wp\/v2\/pages\/3895"}],"collection":[{"href":"https:\/\/blogsaverroes.juntadeandalucia.es\/ieslalaguna\/wp-json\/wp\/v2\/pages"}],"about":[{"href":"https:\/\/blogsaverroes.juntadeandalucia.es\/ieslalaguna\/wp-json\/wp\/v2\/types\/page"}],"author":[{"embeddable":true,"href":"https:\/\/blogsaverroes.juntadeandalucia.es\/ieslalaguna\/wp-json\/wp\/v2\/users\/3084"}],"replies":[{"embeddable":true,"href":"https:\/\/blogsaverroes.juntadeandalucia.es\/ieslalaguna\/wp-json\/wp\/v2\/comments?post=3895"}],"version-history":[{"count":1,"href":"https:\/\/blogsaverroes.juntadeandalucia.es\/ieslalaguna\/wp-json\/wp\/v2\/pages\/3895\/revisions"}],"predecessor-version":[{"id":3897,"href":"https:\/\/blogsaverroes.juntadeandalucia.es\/ieslalaguna\/wp-json\/wp\/v2\/pages\/3895\/revisions\/3897"}],"wp:attachment":[{"href":"https:\/\/blogsaverroes.juntadeandalucia.es\/ieslalaguna\/wp-json\/wp\/v2\/media?parent=3895"}],"curies":[{"name":"wp","href":"https:\/\/api.w.org\/{rel}","templated":true}]}}

<p>Les dejamos a continuación un documento que recoge y resume toda la información relativa a la admisión y matriculación para ciclos formativos.</p>
<p>&nbsp;</p>
<p><a href="https://blogsaverroes.juntadeandalucia.es/ieslalaguna/files/2023/06/SOLICITUD-PARA-CURSAR-CICLOS-FORMATIVOS.pdf">SOLICITUD PARA CURSAR CICLOS FORMATIVOS</a></p>

<p>Les dejamos a continuación un documento que recoge y resume toda la información relativa a la admisión y matriculación para ciclos formativos. &nbsp; SOLICITUD PARA CURSAR CICLOS FORMATIVOS</p>
