{"id":2654,"date":"2021-01-26T19:27:53","date_gmt":"2021-01-26T19:27:53","guid":{"rendered":"https:\/\/blogsaverroes.juntadeandalucia.es\/ieslaloma\/?page_id=2654"},"modified":"2021-10-09T17:11:19","modified_gmt":"2021-10-09T17:11:19","slug":"componentes","status":"publish","type":"page","link":"https:\/\/blogsaverroes.juntadeandalucia.es\/ieslaloma\/dibujo\/componentes\/","title":{"rendered":"Componentes"},"content":{"rendered":"<div class=\"teaser-text\">\n<div class=\"field field-name-body field-type-text-with-summary field-label-hidden\">\n<div class=\"field-items\">\n<div class=\"field-item even\"><strong>RODR\u00cdGUEZ FERN\u00c1NDEZ, BLANCA: <\/strong>JEFA DE DEPARTAMENTO Y COORDINADORA \u00c1REA ART\u00cdSTICA<\/div>\n<\/div>\n<\/div>\n<\/div>\n","protected":false},"excerpt":{"rendered":"<p>RODR\u00cdGUEZ FERN\u00c1NDEZ, BLANCA: JEFA DE DEPARTAMENTO Y COORDINADORA \u00c1REA ART\u00cdSTICA<\/p>\n","protected":false},"author":11924,"featured_media":0,"parent":174,"menu_order":0,"comment_status":"closed","ping_status":"closed","template":"page-templates\/child-menu.php","meta":{"ngg_post_thumbnail":0,"footnotes":"","_mc_calendar":[]},"aioseo_notices":[],"_links":{"self":[{"href":"https:\/\/blogsaverroes.juntadeandalucia.es\/ieslaloma\/wp-json\/wp\/v2\/pages\/2654"}],"collection":[{"href":"https:\/\/blogsaverroes.juntadeandalucia.es\/ieslaloma\/wp-json\/wp\/v2\/pages"}],"about":[{"href":"https:\/\/blogsaverroes.juntadeandalucia.es\/ieslaloma\/wp-json\/wp\/v2\/types\/page"}],"author":[{"embeddable":true,"href":"https:\/\/blogsaverroes.juntadeandalucia.es\/ieslaloma\/wp-json\/wp\/v2\/users\/11924"}],"replies":[{"embeddable":true,"href":"https:\/\/blogsaverroes.juntadeandalucia.es\/ieslaloma\/wp-json\/wp\/v2\/comments?post=2654"}],"version-history":[{"count":4,"href":"https:\/\/blogsaverroes.juntadeandalucia.es\/ieslaloma\/wp-json\/wp\/v2\/pages\/2654\/revisions"}],"predecessor-version":[{"id":3265,"href":"https:\/\/blogsaverroes.juntadeandalucia.es\/ieslaloma\/wp-json\/wp\/v2\/pages\/2654\/revisions\/3265"}],"up":[{"embeddable":true,"href":"https:\/\/blogsaverroes.juntadeandalucia.es\/ieslaloma\/wp-json\/wp\/v2\/pages\/174"}],"wp:attachment":[{"href":"https:\/\/blogsaverroes.juntadeandalucia.es\/ieslaloma\/wp-json\/wp\/v2\/media?parent=2654"}],"curies":[{"name":"wp","href":"https:\/\/api.w.org\/{rel}","templated":true}]}}

<div class="teaser-text">
<div class="field field-name-body field-type-text-with-summary field-label-hidden">
<div class="field-items">
<div class="field-item even"><strong>RODRÍGUEZ FERNÁNDEZ, BLANCA: </strong>JEFA DE DEPARTAMENTO Y COORDINADORA ÁREA ARTÍSTICA</div>
</div>
</div>
</div>

<p>RODRÍGUEZ FERNÁNDEZ, BLANCA: JEFA DE DEPARTAMENTO Y COORDINADORA ÁREA ARTÍSTICA</p>
