{"id":2666,"date":"2021-01-26T19:33:11","date_gmt":"2021-01-26T19:33:11","guid":{"rendered":"https:\/\/blogsaverroes.juntadeandalucia.es\/ieslaloma\/?page_id=2666"},"modified":"2021-10-09T17:03:24","modified_gmt":"2021-10-09T17:03:24","slug":"componentes","status":"publish","type":"page","link":"https:\/\/blogsaverroes.juntadeandalucia.es\/ieslaloma\/ingles\/componentes\/","title":{"rendered":"Componentes"},"content":{"rendered":"<p><strong>BOCETA JIM\u00c9NEZ, ANTONIO MIGUEL:&nbsp;<\/strong>JEFE DE DEPARTAMENTO DFEIE y COORDINADOR TDE<\/p>\n<p><strong>LINARES ESTELL\u00c9S, M\u00aa CARMEN: <\/strong>JEFA DE DEPARTAMENTO Y COORDINADORA \u00c1REA SOCIO-LING\u00dc\u00cdSTICA<\/p>\n<p><strong>MANTERO CASTRO, ESTRELLA:&nbsp;<\/strong>TUTORA 1\u00baD<\/p>\n<p><strong>O\u00d1A ZAMBRANA, <\/strong><strong>JOSEFA<\/strong><\/p>\n<p><strong>RAM\u00cdREZ SERRANO, MAR\u00cdA ISABEL: <\/strong>TUTORA 3\u00baC<\/p>\n<p>&nbsp;<\/p>\n","protected":false},"excerpt":{"rendered":"<p>BOCETA JIM\u00c9NEZ, ANTONIO MIGUEL:&nbsp;JEFE DE DEPARTAMENTO DFEIE y COORDINADOR TDE LINARES ESTELL\u00c9S, M\u00aa CARMEN: JEFA DE DEPARTAMENTO Y COORDINADORA \u00c1REA SOCIO-LING\u00dc\u00cdSTICA MANTERO CASTRO, ESTRELLA:&nbsp;TUTORA 1\u00baD O\u00d1A ZAMBRANA, JOSEFA RAM\u00cdREZ SERRANO, MAR\u00cdA ISABEL: TUTORA 3\u00baC &nbsp;<\/p>\n","protected":false},"author":11924,"featured_media":0,"parent":155,"menu_order":0,"comment_status":"closed","ping_status":"closed","template":"page-templates\/child-menu.php","meta":{"ngg_post_thumbnail":0,"footnotes":"","_mc_calendar":[]},"aioseo_notices":[],"_links":{"self":[{"href":"https:\/\/blogsaverroes.juntadeandalucia.es\/ieslaloma\/wp-json\/wp\/v2\/pages\/2666"}],"collection":[{"href":"https:\/\/blogsaverroes.juntadeandalucia.es\/ieslaloma\/wp-json\/wp\/v2\/pages"}],"about":[{"href":"https:\/\/blogsaverroes.juntadeandalucia.es\/ieslaloma\/wp-json\/wp\/v2\/types\/page"}],"author":[{"embeddable":true,"href":"https:\/\/blogsaverroes.juntadeandalucia.es\/ieslaloma\/wp-json\/wp\/v2\/users\/11924"}],"replies":[{"embeddable":true,"href":"https:\/\/blogsaverroes.juntadeandalucia.es\/ieslaloma\/wp-json\/wp\/v2\/comments?post=2666"}],"version-history":[{"count":5,"href":"https:\/\/blogsaverroes.juntadeandalucia.es\/ieslaloma\/wp-json\/wp\/v2\/pages\/2666\/revisions"}],"predecessor-version":[{"id":3261,"href":"https:\/\/blogsaverroes.juntadeandalucia.es\/ieslaloma\/wp-json\/wp\/v2\/pages\/2666\/revisions\/3261"}],"up":[{"embeddable":true,"href":"https:\/\/blogsaverroes.juntadeandalucia.es\/ieslaloma\/wp-json\/wp\/v2\/pages\/155"}],"wp:attachment":[{"href":"https:\/\/blogsaverroes.juntadeandalucia.es\/ieslaloma\/wp-json\/wp\/v2\/media?parent=2666"}],"curies":[{"name":"wp","href":"https:\/\/api.w.org\/{rel}","templated":true}]}}

<p><strong>BOCETA JIMÉNEZ, ANTONIO MIGUEL:&nbsp;</strong>JEFE DE DEPARTAMENTO DFEIE y COORDINADOR TDE</p>
<p><strong>LINARES ESTELLÉS, Mª CARMEN: </strong>JEFA DE DEPARTAMENTO Y COORDINADORA ÁREA SOCIO-LINGÜÍSTICA</p>
<p><strong>MANTERO CASTRO, ESTRELLA:&nbsp;</strong>TUTORA 1ºD</p>
<p><strong>OÑA ZAMBRANA, </strong><strong>JOSEFA</strong></p>
<p><strong>RAMÍREZ SERRANO, MARÍA ISABEL: </strong>TUTORA 3ºC</p>
<p>&nbsp;</p>

<p>BOCETA JIMÉNEZ, ANTONIO MIGUEL:&nbsp;JEFE DE DEPARTAMENTO DFEIE y COORDINADOR TDE LINARES ESTELLÉS, Mª CARMEN: JEFA DE DEPARTAMENTO Y COORDINADORA ÁREA SOCIO-LINGÜÍSTICA MANTERO CASTRO, ESTRELLA:&nbsp;TUTORA 1ºD OÑA ZAMBRANA, JOSEFA RAMÍREZ SERRANO, MARÍA ISABEL: TUTORA 3ºC &nbsp;</p>
