{"id":2690,"date":"2021-01-26T19:46:35","date_gmt":"2021-01-26T19:46:35","guid":{"rendered":"https:\/\/blogsaverroes.juntadeandalucia.es\/ieslaloma\/?page_id=2690"},"modified":"2021-10-11T21:30:25","modified_gmt":"2021-10-11T21:30:25","slug":"criterios-de-evaluacion","status":"publish","type":"page","link":"https:\/\/blogsaverroes.juntadeandalucia.es\/ieslaloma\/ingles\/criterios-de-evaluacion\/","title":{"rendered":"Criterios de evaluaci\u00f3n"},"content":{"rendered":"<p><strong><a href=\"https:\/\/blogsaverroes.juntadeandalucia.es\/ieslaloma\/files\/2021\/10\/CRITERIOS-DE-EVALUACI\u00d3N-LENGUA-Y-LITERATURA-21-22.pdf\">CRITERIOS DE EVALUACI\u00d3N LENGUA Y LITERATURA 21-22<\/a><\/strong><\/p>\n<p><strong><a href=\"https:\/\/blogsaverroes.juntadeandalucia.es\/ieslaloma\/files\/2021\/10\/CRITERIOS-DE-EVALUACI\u00d3N-LAT\u00cdN-4\u00ba-ESO-21-22.pdf\">CRITERIOS DE EVALUACI\u00d3N LAT\u00cdN 4\u00ba ESO 21-22<\/a> <\/strong><\/p>\n<p><strong><a href=\"https:\/\/blogsaverroes.juntadeandalucia.es\/ieslaloma\/files\/2021\/10\/CRITERIOS-DE-EVALUACI\u00d3N-ORATORIA-Y-DEBATE-1\u00ba-2\u00ba-ESO-21-22.pdf\">CRITERIOS DE EVALUACI\u00d3N ORATORIA Y DEBATE 1\u00ba-2\u00ba ESO 21-22<\/a><\/strong><\/p>\n","protected":false},"excerpt":{"rendered":"<p>CRITERIOS DE EVALUACI\u00d3N LENGUA Y LITERATURA 21-22 CRITERIOS DE EVALUACI\u00d3N LAT\u00cdN 4\u00ba ESO 21-22 CRITERIOS DE EVALUACI\u00d3N ORATORIA Y DEBATE 1\u00ba-2\u00ba ESO 21-22<\/p>\n","protected":false},"author":11924,"featured_media":0,"parent":155,"menu_order":0,"comment_status":"closed","ping_status":"closed","template":"page-templates\/child-menu.php","meta":{"ngg_post_thumbnail":0,"footnotes":"","_mc_calendar":[]},"aioseo_notices":[],"_links":{"self":[{"href":"https:\/\/blogsaverroes.juntadeandalucia.es\/ieslaloma\/wp-json\/wp\/v2\/pages\/2690"}],"collection":[{"href":"https:\/\/blogsaverroes.juntadeandalucia.es\/ieslaloma\/wp-json\/wp\/v2\/pages"}],"about":[{"href":"https:\/\/blogsaverroes.juntadeandalucia.es\/ieslaloma\/wp-json\/wp\/v2\/types\/page"}],"author":[{"embeddable":true,"href":"https:\/\/blogsaverroes.juntadeandalucia.es\/ieslaloma\/wp-json\/wp\/v2\/users\/11924"}],"replies":[{"embeddable":true,"href":"https:\/\/blogsaverroes.juntadeandalucia.es\/ieslaloma\/wp-json\/wp\/v2\/comments?post=2690"}],"version-history":[{"count":3,"href":"https:\/\/blogsaverroes.juntadeandalucia.es\/ieslaloma\/wp-json\/wp\/v2\/pages\/2690\/revisions"}],"predecessor-version":[{"id":3289,"href":"https:\/\/blogsaverroes.juntadeandalucia.es\/ieslaloma\/wp-json\/wp\/v2\/pages\/2690\/revisions\/3289"}],"up":[{"embeddable":true,"href":"https:\/\/blogsaverroes.juntadeandalucia.es\/ieslaloma\/wp-json\/wp\/v2\/pages\/155"}],"wp:attachment":[{"href":"https:\/\/blogsaverroes.juntadeandalucia.es\/ieslaloma\/wp-json\/wp\/v2\/media?parent=2690"}],"curies":[{"name":"wp","href":"https:\/\/api.w.org\/{rel}","templated":true}]}}