{"id":3415,"date":"2021-11-17T23:48:13","date_gmt":"2021-11-17T23:48:13","guid":{"rendered":"https:\/\/blogsaverroes.juntadeandalucia.es\/ieslaloma\/?page_id=3415"},"modified":"2021-11-19T00:50:48","modified_gmt":"2021-11-18T23:50:48","slug":"tutoriales-pasen","status":"publish","type":"page","link":"https:\/\/blogsaverroes.juntadeandalucia.es\/ieslaloma\/tutoriales-pasen\/","title":{"rendered":"Tutoriales PASEN"},"content":{"rendered":"<p><a href=\"https:\/\/blogsaverroes.juntadeandalucia.es\/ieslaloma\/files\/2021\/11\/Credenciales-IdEA-Pasen-iPasen-Alumnado-y-Familias.pdf\">Credenciales IdEA Pasen iPasen (Alumnado y Familias)<\/a><\/p>\n<p><a href=\"https:\/\/blogsaverroes.juntadeandalucia.es\/ieslaloma\/files\/2021\/11\/Descargar-acceder-y-utilizar-la-aplicaci\u00f3n-Ipasen.pdf\">Descargar, acceder y utilizar la aplicaci\u00f3n Ipasen<\/a><\/p>\n<p><a href=\"https:\/\/blogsaverroes.juntadeandalucia.es\/ieslaloma\/files\/2021\/11\/Introducci\u00f3n-y-aspecto-de-la-app-iPasen.pdf\">Introducci\u00f3n y aspecto de la app iPasen<\/a><\/p>\n<p><a href=\"https:\/\/blogsaverroes.juntadeandalucia.es\/ieslaloma\/files\/2021\/11\/Recuperar-clave-contrase\u00f1a-de-iPasen.pdf\">Recuperar clave-contrase\u00f1a de iPasen<\/a><\/p>\n","protected":false},"excerpt":{"rendered":"<p>Credenciales IdEA Pasen iPasen (Alumnado y Familias) Descargar, acceder y utilizar la aplicaci\u00f3n Ipasen Introducci\u00f3n y aspecto de la app iPasen Recuperar clave-contrase\u00f1a de iPasen<\/p>\n","protected":false},"author":11924,"featured_media":0,"parent":0,"menu_order":0,"comment_status":"closed","ping_status":"closed","template":"","meta":{"ngg_post_thumbnail":0,"footnotes":"","_mc_calendar":[]},"aioseo_notices":[],"_links":{"self":[{"href":"https:\/\/blogsaverroes.juntadeandalucia.es\/ieslaloma\/wp-json\/wp\/v2\/pages\/3415"}],"collection":[{"href":"https:\/\/blogsaverroes.juntadeandalucia.es\/ieslaloma\/wp-json\/wp\/v2\/pages"}],"about":[{"href":"https:\/\/blogsaverroes.juntadeandalucia.es\/ieslaloma\/wp-json\/wp\/v2\/types\/page"}],"author":[{"embeddable":true,"href":"https:\/\/blogsaverroes.juntadeandalucia.es\/ieslaloma\/wp-json\/wp\/v2\/users\/11924"}],"replies":[{"embeddable":true,"href":"https:\/\/blogsaverroes.juntadeandalucia.es\/ieslaloma\/wp-json\/wp\/v2\/comments?post=3415"}],"version-history":[{"count":3,"href":"https:\/\/blogsaverroes.juntadeandalucia.es\/ieslaloma\/wp-json\/wp\/v2\/pages\/3415\/revisions"}],"predecessor-version":[{"id":3455,"href":"https:\/\/blogsaverroes.juntadeandalucia.es\/ieslaloma\/wp-json\/wp\/v2\/pages\/3415\/revisions\/3455"}],"wp:attachment":[{"href":"https:\/\/blogsaverroes.juntadeandalucia.es\/ieslaloma\/wp-json\/wp\/v2\/media?parent=3415"}],"curies":[{"name":"wp","href":"https:\/\/api.w.org\/{rel}","templated":true}]}}