{"id":3259,"date":"2023-03-27T09:21:59","date_gmt":"2023-03-27T09:21:59","guid":{"rendered":"https:\/\/blogsaverroes.juntadeandalucia.es\/ieslamarisma\/?page_id=3259"},"modified":"2023-03-28T09:13:50","modified_gmt":"2023-03-28T09:13:50","slug":"aula-de-emprendimiento","status":"publish","type":"page","link":"https:\/\/blogsaverroes.juntadeandalucia.es\/ieslamarisma\/aula-de-emprendimiento\/","title":{"rendered":"Aula de Emprendimiento"},"content":{"rendered":"<div class=\"page-header\">\n<h2><span style=\"font-size: 16px\">Estamos de vuelta este nuevo curso. El IES LA MARISMA pone nuevamente en marcha su aula de emprendimiento, despu\u00e9s de meses de preparaci\u00f3n y espera, \u00a1\u00a1 por fin!! estamos preparados\u2026..para iniciar nuestra aventura emprendedora.<\/span><\/h2>\n<\/div>\n<p>Ya tenemos montada el aula donde daremos forma a nuestro proyecto \u201cMARISMA EMPRENDE\u201d.<\/p>\n<p>Ser\u00e1 un espacio ideal para crear, innovar, crecer y aprender juntos. Un espacio abierto a la creatividad donde T\u00da eres el protagonista.<\/p>\n<p>Si eres estudiante de Formaci\u00f3n Profesional o reci\u00e9n titulado este es el lugar para desarrollar todas tus habilidades emprendedoras e ir construyendo tu futuro, te esperamos en nuestros talleres.<\/p>\n<p>&nbsp;<\/p>\n<p><strong>Comienza nuestra nueva fase del aula de emprendimiento del curso 2022-23<br \/>\n<\/strong><\/p>\n<p>El IES La Marisma contin\u00faa la marcha trabajando con su aula de emprendimiento despu\u00e9s de un a\u00f1o de ilusi\u00f3n, trabajo, esfuerzo, colaboraci\u00f3n y aprendizaje continuo. Por fin estamos preparados para iniciar nuestra segunda aventura emprendedora.<\/p>\n<ul>\n<li><a href=\"https:\/\/blogsaverroes.juntadeandalucia.es\/ieslamarisma\/files\/2023\/03\/e22-cartel-emprendimieto.pdf\">Cartel del aula de emprendimiento. Curso 2022-23 (pdf)<\/a><\/li>\n<\/ul>\n<p>&nbsp;<\/p>\n<p><strong>Taller del dia 11 de noviembre de 2022<br \/>\n<\/strong><\/p>\n<p>TENGO UNA IDEA DE UN PROYECTO. \u00bfC\u00d3MO PUEDO DESARROLLARLA DE UNA FORMA CLARA Y SENCILLA? MODELO CANVAS<\/p>\n<p>Modelo Canvas. Modelo simple y visual. Piensa que cuanto m\u00e1s conozcas tu modelo de negocio, m\u00e1s sencillo te resultar\u00e1 definir una estrategia ganadora<\/p>\n<ul>\n<li><a href=\"https:\/\/blogsaverroes.juntadeandalucia.es\/ieslamarisma\/files\/2023\/03\/e22-taller3.pdf\">Taller del 11 de noviembre de 2022. Tengo una idea de un proyecto<\/a><\/li>\n<\/ul>\n<p>&nbsp;<\/p>\n<p><strong>Taller del dia 4 de noviembre de 2022<br \/>\n<\/strong><\/p>\n<p>LA RSC COMO OPORTUNIDAD DE EMPRENDIMIENTO EN NUEVOS NEGOCIOS<\/p>\n<p>El papel de las empresas dentro de nuestra sociedad ha cambiado. Ya no son agentes externos, cuyos procesos productivos, de los que no deben dar cuenta a nadie excepto a su cuenta de resultados, nos son ajenos. Y est\u00e1 cambiando porque los consumidores lo estamos exigiendo. Porque su responsabilidad ya no es s\u00f3lo aumentar los beneficios de a\u00f1o en a\u00f1o. Su responsabilidad tambi\u00e9n son sus trabajadores. Su entorno. Sus proveedores y materias primas<\/p>\n<ul>\n<li><a href=\"https:\/\/blogsaverroes.juntadeandalucia.es\/ieslamarisma\/files\/2023\/03\/e22-taller2.pdf\">Taller del 4 de noviembre de 2022. La RSC como oportunidad de emprendimiento en nuevos negocios.<\/a><\/li>\n<\/ul>\n<p>&nbsp;<\/p>\n<p><strong>Taller del dia 21 de octubre de 2022<br \/>\n<\/strong><\/p>\n<p>TALLER DE HABILIDADES SOCIALES \u201cSOFT SKILLS\u201d \u00bfQU\u00c9 HACER Y C\u00d3MO ACTUAR PARA PASAR UN PROCESO DE SELECCI\u00d3N CON \u00c9XITO? CONSEJOS A TRAV\u00c9S DE SITUACIONES REALES<\/p>\n<p>\u00bfSabes qu\u00e9 buscan las empresas a la hora de buscar a un empleado? \u00bfQuieres experimentar un proceso de selecci\u00f3n grupal? \u00bfTe gustar\u00eda pertenecer a un equipo de alto rendimiento? \u00bfQuieres tener \u00e9xito a la hora de hablar en p\u00fablico?<\/p>\n<ul>\n<li><a href=\"https:\/\/blogsaverroes.juntadeandalucia.es\/ieslamarisma\/files\/2023\/03\/e22-taller1.pdf\">Taller del 21 de octubre de 2022 sobre habilidades sociales \u00absoft skills\u00bb<\/a><\/li>\n<\/ul>\n<p>&nbsp;<\/p>\n<p><strong>Presentaci\u00f3n aula de emprendemiento 2021-22<br \/>\n<\/strong><\/p>\n<p>Presentaci\u00f3n final de actividades llevadas a cabo en el aula de emprendimiento durante el curso 2021-22:<\/p>\n<ul>\n<li><a href=\"https:\/\/blogsaverroes.juntadeandalucia.es\/ieslamarisma\/files\/2023\/03\/Sumario_Aula_Emprendimiento2122.pdf\">Presentaci\u00f3n resumen 2021-22 (pdf)<\/a><\/li>\n<\/ul>\n<p>&nbsp;<\/p>\n<p><strong>Comienza nuestra segunda fase del aula de emprendimiento<br \/>\n<\/strong><\/p>\n<p>El IES La Marisma contin\u00faa la marcha trabajando con su aula de emprendimiento despu\u00e9s de un a\u00f1o de ilusi\u00f3n, trabajo, esfuerzo, colaboraci\u00f3n y aprendizaje continuo. Por fin estamos preparados para iniciar nuestra segunda aventura emprendedora.<\/p>\n<p>&nbsp;<\/p>\n<p><strong>Talleres impartidos en la segunda fase<\/strong><\/p>\n<table class=\"table table-hover table-bordered thead-light\">\n<thead>\n<tr>\n<td>\n<p dir=\"ltr\" style=\"text-align: left\"><strong>D\u00eda<\/strong><\/p>\n<\/td>\n<td colspan=\"2\">\n<p dir=\"ltr\" style=\"text-align: left\"><strong>Taller<\/strong><\/p>\n<\/td>\n<td>\n<p dir=\"ltr\" style=\"text-align: left\"><strong>Turno<\/strong><\/p>\n<\/td>\n<\/tr>\n<\/thead>\n<colgroup>\n<col width=\"144px\">\n<col width=\"194px\">\n<col width=\"120px\">\n<col width=\"134px\"><\/colgroup>\n<tbody>\n<tr>\n<td>\n<p dir=\"ltr\" style=\"text-align: left\">19 abril<\/p>\n<\/td>\n<td colspan=\"2\">\n<p dir=\"ltr\" style=\"text-align: left\"><a href=\"https:\/\/blogsaverroes.juntadeandalucia.es\/ieslamarisma\/files\/2023\/03\/F2-Taller1-liderazgo.pdf\">Ser y hacer equipo. Liderazgo 2.0<\/a><\/p>\n<\/td>\n<td>\n<p dir=\"ltr\" style=\"text-align: left\">12:30 &#8211; 14:30<\/p>\n<\/td>\n<\/tr>\n<tr>\n<td>\n<p dir=\"ltr\" style=\"text-align: left\">20 abril<\/p>\n<\/td>\n<td colspan=\"2\">\n<p dir=\"ltr\" style=\"text-align: left\"><a href=\"https:\/\/blogsaverroes.juntadeandalucia.es\/ieslamarisma\/files\/2023\/03\/F2-Taller1-liderazgo.pdf\">Ser y hacer equipo. Liderazgo 2.0<\/a><\/p>\n<\/td>\n<td>\n<p dir=\"ltr\" style=\"text-align: left\">18:15 &#8211; 20:15<\/p>\n<\/td>\n<\/tr>\n<tr>\n<td>\n<p dir=\"ltr\" style=\"text-align: left\">27 abril<\/p>\n<\/td>\n<td colspan=\"2\">\n<p dir=\"ltr\" style=\"text-align: left\"><a href=\"https:\/\/blogsaverroes.juntadeandalucia.es\/ieslamarisma\/files\/2023\/03\/F2-Taller2-autoestima.pdf\">Autoestima y autoconocimiento a trav\u00e9s de la fotograf\u00eda. El valor de la imagen<\/a><\/p>\n<\/td>\n<td>\n<p dir=\"ltr\" style=\"text-align: left\">12:30 &#8211; 14:30<\/p>\n<\/td>\n<\/tr>\n<tr>\n<td>\n<p dir=\"ltr\" style=\"text-align: left\">27 abril<\/p>\n<\/td>\n<td colspan=\"2\">\n<p dir=\"ltr\" style=\"text-align: left\"><a href=\"https:\/\/blogsaverroes.juntadeandalucia.es\/ieslamarisma\/files\/2023\/03\/F2-Taller2-autoestima.pdf\">Autoestima y autoconocimiento a trav\u00e9s de la fotograf\u00eda. El valor de la imagen<\/a><\/p>\n<\/td>\n<td>\n<p dir=\"ltr\" style=\"text-align: left\">18:15 &#8211; 20:15<\/p>\n<\/td>\n<\/tr>\n<tr>\n<td>\n<p dir=\"ltr\" style=\"text-align: left\">4 mayo<\/p>\n<\/td>\n<td colspan=\"2\">\n<p dir=\"ltr\" style=\"text-align: left\"><a href=\"https:\/\/blogsaverroes.juntadeandalucia.es\/ieslamarisma\/files\/2023\/03\/F2-Taller3-marketing-digital.pdf\">Iniciate en la edici\u00f3n de video. Marketing para emprender<\/a><\/p>\n<\/td>\n<td>\n<p dir=\"ltr\" style=\"text-align: left\">08:00 &#8211; 10:00<\/p>\n<\/td>\n<\/tr>\n<tr>\n<td>\n<p dir=\"ltr\" style=\"text-align: left\">4 mayo<\/p>\n<\/td>\n<td colspan=\"2\">\n<p dir=\"ltr\" style=\"text-align: left\"><a href=\"https:\/\/blogsaverroes.juntadeandalucia.es\/ieslamarisma\/files\/2023\/03\/F2-Taller3-marketing-digital.pdf\">Iniciate en la edici\u00f3n de video. Marketing para emprender<\/a><\/p>\n<\/td>\n<td>\n<p dir=\"ltr\" style=\"text-align: left\">18:15 &#8211; 20:15<\/p>\n<\/td>\n<\/tr>\n<\/tbody>\n<\/table>\n<p>&nbsp;<\/p>\n<p><strong>Formulario de inscripci\u00f3n en nuestros talleres<br \/>\n<\/strong><\/p>\n<p>Si te interesa alguno de nuestros talleres, haz clic en el siguiente enlace:<\/p>\n<ul>\n<li><a href=\"https:\/\/forms.gle\/Pp3VRNSLhCqrq9kW6\">Formulario de inscripci\u00f3n del aula de emprendimiento<\/a><\/li>\n<\/ul>\n<p>&nbsp;<\/p>\n<p><strong>Taller del dia 4 de mayo de 2022<br \/>\n<\/strong><\/p>\n<p>Es este taller nos centraremos en crear un v\u00eddeo que nos sirva de presentaci\u00f3n de nuestra idea de negocio. Trabajaremos aspectos b\u00e1sicos de la creaci\u00f3n de un v\u00eddeo, importar v\u00eddeos e im\u00e1genes, usar Chroma Key (Pantalla verde), a\u00f1adir textos, efectos y m\u00fasica.<\/p>\n<ul>\n<li><a href=\"https:\/\/blogsaverroes.juntadeandalucia.es\/ieslamarisma\/files\/2023\/03\/F2-Taller3-marketing-digital.pdf\">Iniciate en la edici\u00f3n de video. Marketing para emprender<\/a><\/li>\n<\/ul>\n<p>&nbsp;<\/p>\n<p><strong>Taller del dia 27 de abril de 2022<br \/>\n<\/strong><\/p>\n<p>A trav\u00e9s de la sesi\u00f3n fotogr\u00e1fica el alumnado podr\u00e1 ver sus rasgos f\u00edsicos, aptitudes y competencias. Verse a s\u00ed mismos, conocerse y ver la imagen que dan a los dem\u00e1s, permitir\u00e1 reforzar el autoconocimiento y la autoestima comprendiendo de esta manera la importancia de estas capacidades personales con el emprendimiento.<\/p>\n<ul>\n<li><a href=\"https:\/\/blogsaverroes.juntadeandalucia.es\/ieslamarisma\/files\/2023\/03\/F2-Taller2-autoestima.pdf\">Autoestima y autoconocimiento a trav\u00e9s de la fotograf\u00eda. El valor de la imagen<\/a><\/li>\n<\/ul>\n<p>&nbsp;<\/p>\n<p><strong>Taller del dia 19 de abril de 2022<br \/>\n<\/strong><\/p>\n<p>A lo largo de este taller y de manera din\u00e1mica y activa, abordaremos las principales caracter\u00edsticas y beneficios del desarrollo en equipo. Los alumnos\/as realizar\u00e1n diferentes actividades en las cuales podr\u00e1n chequear reles, actitudes y nivel de intereacci\u00f3n en equipo.<\/p>\n<ul>\n<li><a href=\"https:\/\/blogsaverroes.juntadeandalucia.es\/ieslamarisma\/files\/2023\/03\/F2-Taller1-liderazgo.pdf\">Ser y hacer equipo. Liderazgo 2.0<\/a><\/li>\n<\/ul>\n<p>&nbsp;<\/p>\n<p><strong>Taller del dia 23 de noviembre de 2021<br \/>\n<\/strong><\/p>\n<p>Vamos a trabajar metodolog\u00edas para desarrollar la comunicaci\u00f3n asertiva. Las ideas exitosas son aquellas que consiguen ser comunicadas de forma \u00e1gil y asertiva, llegando a tus receptores, ya sean socios, inversores o clientes. \u00a1Te esperamos!<\/p>\n<ul>\n<li><a href=\"https:\/\/blogsaverroes.juntadeandalucia.es\/ieslamarisma\/files\/2023\/03\/marisma_emprende_taller04.pdf\">\u00a1\u00a1Vender mi idea!! Comunicaci\u00f3n asertiva = \u00e9xito. Martes, 23 de noviembre<\/a>.<\/li>\n<\/ul>\n<p>&nbsp;<\/p>\n<p><strong>Taller del dia 17 de noviembre de 2021<br \/>\n<\/strong><\/p>\n<p>Ma\u00f1ana celebramos nuestro pr\u00f3ximo taller. Vamos a realizar una divertida din\u00e1mica utilizando como herramienta did\u00e1ctica el modelo de los seis sombreros para pensar. Nuestro objetivo es que el alumnado pueda entrenar el pensamiento cr\u00edtico y expresarse de una manera emp\u00e1tica, con una mentalidad emprendedora que le permita generar ideas. \u00a1Te esperamos!<\/p>\n<ul>\n<li><a href=\"https:\/\/blogsaverroes.juntadeandalucia.es\/ieslamarisma\/files\/2023\/03\/marisma_emprende_taller03.pdf\">\u00a1\u00a1Big Think!! Generemos ideas. Mi\u00e9rcoles, 17 de noviembre<\/a>.<\/li>\n<\/ul>\n<p>&nbsp;<\/p>\n<p><strong>Concurso de logotipo del aula de emprendimiento<br \/>\n<\/strong><\/p>\n<p>Muchas gracias a todo nuestro alumnado por su participaci\u00f3n en el dise\u00f1o del logotipo del aula de emprendimiento, y ahora,&nbsp; \u00a1A VOTARRRR!<\/p>\n<p>Comienzan las votaciones a partir del 11 de noviembre, para ello dir\u00edgete al men\u00fa&nbsp;<a href=\"https:\/\/blogsaverroes.juntadeandalucia.es\/ieslamarisma\/concurso-logo-marismaemprende\/\">\u00ablogotipo\u00bb<\/a>&nbsp;y elige tu favorito.<\/p>\n<p>Bases del concurso de logotipo:<\/p>\n<ul>\n<li><a href=\"https:\/\/blogsaverroes.juntadeandalucia.es\/ieslamarisma\/files\/2023\/03\/Bases_concurso_logotipo-1.pdf\">Bases del concurso (pdf)<\/a><\/li>\n<li><a href=\"https:\/\/blogsaverroes.juntadeandalucia.es\/ieslamarisma\/files\/2023\/03\/marisma_emprende_cartel-1.pdf\">Cartel anunciador del concurso de logotipo (pdf)<\/a><\/li>\n<\/ul>\n<p>&nbsp;<\/p>\n<p><strong>Taller del dia 2 de noviembre de 2021<br \/>\n<\/strong><\/p>\n<p>Ya estamos preparando nuestro pr\u00f3ximo taller. Vamos a trabajar las softs skills a trav\u00e9s de un divertido juego de CLUEDO donde cada participante adoptar\u00e1 el papel de un personaje, de esta forma cada alumno\/a identifica las habilidades que tiene su personaje y las que deber\u00eda tener. El ejercicio finaliza resolviendo un crimen y, lo m\u00e1s importante, analizamos el comportamiento de cada personaje, las habilidades que ha demostrado y c\u00f3mo se ha sentido.<br \/>\nCon esta divertida actividad trabajamos la autoestima, confianza, autocontrol, iniciativa, medici\u00f3n de riesgos y toma de decisiones.<\/p>\n<ul>\n<li><a href=\"https:\/\/ieslamarisma.net\/images\/articulos\/emprende\/marisma_emprende_taller02.pdf\">Competencias emocionales: emprendedor de \u00e9xito. Martes, 2 de noviembre<\/a>.<\/li>\n<\/ul>\n<p>&nbsp;<\/p>\n<p><strong>Talleres impartidos en la primera fase<\/strong><\/p>\n<table class=\"table table-hover table-bordered thead-light\">\n<thead>\n<tr>\n<td>\n<p dir=\"ltr\" style=\"text-align: left\"><strong>D\u00eda<\/strong><\/p>\n<\/td>\n<td colspan=\"2\">\n<p dir=\"ltr\" style=\"text-align: left\"><strong>Taller<\/strong><\/p>\n<\/td>\n<td>\n<p dir=\"ltr\" style=\"text-align: left\"><strong>Turno<\/strong><\/p>\n<\/td>\n<\/tr>\n<\/thead>\n<colgroup>\n<col width=\"144px\">\n<col width=\"194px\">\n<col width=\"120px\">\n<col width=\"134px\"><\/colgroup>\n<tbody>\n<tr>\n<td>\n<p dir=\"ltr\" style=\"text-align: left\">21 octubre<\/p>\n<\/td>\n<td colspan=\"2\">\n<p dir=\"ltr\" style=\"text-align: left\"><a href=\"https:\/\/blogsaverroes.juntadeandalucia.es\/ieslamarisma\/files\/2023\/03\/Marisma_emprende_taller01.pdf\">Emprender en la era digital<\/a><\/p>\n<\/td>\n<td>\n<p dir=\"ltr\" style=\"text-align: left\">12:30 &#8211; 14:30<\/p>\n<\/td>\n<\/tr>\n<tr>\n<td>\n<p dir=\"ltr\" style=\"text-align: left\">21 octubre<\/p>\n<\/td>\n<td colspan=\"2\">\n<p dir=\"ltr\" style=\"text-align: left\"><a href=\"https:\/\/blogsaverroes.juntadeandalucia.es\/ieslamarisma\/files\/2023\/03\/Marisma_emprende_taller01.pdf\">Emprender en la era digital<\/a><\/p>\n<\/td>\n<td>\n<p dir=\"ltr\" style=\"text-align: left\">15:00 &#8211; 17:00<\/p>\n<\/td>\n<\/tr>\n<tr>\n<td>\n<p dir=\"ltr\" style=\"text-align: left\">2 noviembre<\/p>\n<\/td>\n<td colspan=\"2\">\n<p dir=\"ltr\" style=\"text-align: left\"><a href=\"https:\/\/blogsaverroes.juntadeandalucia.es\/ieslamarisma\/files\/2023\/03\/marisma_emprende_taller02.pdf\">Competencias emocionales: emprendedor de \u00e9xito<\/a><\/p>\n<\/td>\n<td>\n<p dir=\"ltr\" style=\"text-align: left\">12:30 &#8211; 14:30<\/p>\n<\/td>\n<\/tr>\n<tr>\n<td>\n<p dir=\"ltr\" style=\"text-align: left\">2 noviembre<\/p>\n<\/td>\n<td colspan=\"2\">\n<p dir=\"ltr\" style=\"text-align: left\"><a href=\"https:\/\/blogsaverroes.juntadeandalucia.es\/ieslamarisma\/files\/2023\/03\/marisma_emprende_taller02.pdf\">Competencias emocionales: emprendedor de \u00e9xito<\/a><\/p>\n<\/td>\n<td>\n<p dir=\"ltr\" style=\"text-align: left\">15:00 &#8211; 17:00<\/p>\n<\/td>\n<\/tr>\n<tr>\n<td>\n<p dir=\"ltr\" style=\"text-align: left\">17 noviembre<\/p>\n<\/td>\n<td colspan=\"2\">\n<p dir=\"ltr\" style=\"text-align: left\"><a href=\"https:\/\/blogsaverroes.juntadeandalucia.es\/ieslamarisma\/files\/2023\/03\/marisma_emprende_taller03.pdf\">\u00a1\u00a1Big Think!! Generemos ideas<\/a><\/p>\n<\/td>\n<td>\n<p dir=\"ltr\" style=\"text-align: left\">12:30 &#8211; 14:30<\/p>\n<\/td>\n<\/tr>\n<tr>\n<td>\n<p dir=\"ltr\" style=\"text-align: left\">17 noviembre<\/p>\n<\/td>\n<td colspan=\"2\">\n<p dir=\"ltr\" style=\"text-align: left\"><a href=\"https:\/\/blogsaverroes.juntadeandalucia.es\/ieslamarisma\/files\/2023\/03\/marisma_emprende_taller03.pdf\">\u00a1\u00a1Big Think!! Generemos ideas<\/a><\/p>\n<\/td>\n<td>\n<p dir=\"ltr\" style=\"text-align: left\">15:00 &#8211; 17:00<\/p>\n<\/td>\n<\/tr>\n<tr>\n<td>\n<p dir=\"ltr\" style=\"text-align: left\">23 noviembre<\/p>\n<\/td>\n<td colspan=\"2\">\n<p dir=\"ltr\" style=\"text-align: left\"><a href=\"https:\/\/blogsaverroes.juntadeandalucia.es\/ieslamarisma\/files\/2023\/03\/marisma_emprende_taller04.pdf\">\u00a1\u00a1Vender mi idea!! Comunicaci\u00f3n asertiva = \u00e9xito<\/a><\/p>\n<\/td>\n<td>\n<p dir=\"ltr\" style=\"text-align: left\">12:30 &#8211; 14:30<\/p>\n<\/td>\n<\/tr>\n<tr>\n<td>\n<p dir=\"ltr\" style=\"text-align: left\">23 noviembre<\/p>\n<\/td>\n<td colspan=\"2\">\n<p dir=\"ltr\" style=\"text-align: left\"><a href=\"https:\/\/blogsaverroes.juntadeandalucia.es\/ieslamarisma\/files\/2023\/03\/marisma_emprende_taller04.pdf\">\u00a1\u00a1Vender mi idea!! Comunicaci\u00f3n asertiva = \u00e9xito<\/a><\/p>\n<\/td>\n<td>\n<p dir=\"ltr\" style=\"text-align: left\">15:00 &#8211; 17:00<\/p>\n<\/td>\n<\/tr>\n<\/tbody>\n<\/table>\n<p>&nbsp;<\/p>\n<p><strong>Carteles informativo de nuestros talleres en formato pdf<\/strong><\/p>\n<ul>\n<li><a href=\"https:\/\/blogsaverroes.juntadeandalucia.es\/ieslamarisma\/files\/2023\/03\/Marisma_emprende_taller01.pdf\">Emprender en la era digital. Jueves, 21 de octubre<\/a>.<\/li>\n<li><a href=\"https:\/\/blogsaverroes.juntadeandalucia.es\/ieslamarisma\/files\/2023\/03\/marisma_emprende_taller02.pdf\">Competencias emocionales: emprendedor de \u00e9xito. Martes, 2 de noviembre<\/a>.<\/li>\n<\/ul>\n<p>&nbsp;<\/p>\n<p dir=\"ltr\"><strong>Fotos:<\/strong><\/p>\n<p><em><a href=\"http:\/\/ieslamarisma.net\/images\/articulos\/emprende\/presentacion\/\/20220405_180416.jpg\" data-lightbox=\"Joompolitan Light Gallery\" data-title=\"Aula de emprendimiento\"><img decoding=\"async\" src=\"http:\/\/ieslamarisma.net\/images\/articulos\/emprende\/presentacion\/\/20220405_180416.jpg\"><\/a><a href=\"http:\/\/ieslamarisma.net\/images\/articulos\/emprende\/presentacion\/\/20220405_180429.jpg\" data-lightbox=\"Joompolitan Light Gallery\" data-title=\"Aula de emprendimiento\"><img decoding=\"async\" src=\"http:\/\/ieslamarisma.net\/images\/articulos\/emprende\/presentacion\/\/20220405_180429.jpg\"><\/a><a href=\"http:\/\/ieslamarisma.net\/images\/articulos\/emprende\/presentacion\/\/20220405_180455.jpg\" data-lightbox=\"Joompolitan Light Gallery\" data-title=\"Aula de emprendimiento\"><img decoding=\"async\" src=\"http:\/\/ieslamarisma.net\/images\/articulos\/emprende\/presentacion\/\/20220405_180455.jpg\"><\/a><a href=\"http:\/\/ieslamarisma.net\/images\/articulos\/emprende\/presentacion\/\/20220405_180520.jpg\" data-lightbox=\"Joompolitan Light Gallery\" data-title=\"Aula de emprendimiento\"><img decoding=\"async\" src=\"http:\/\/ieslamarisma.net\/images\/articulos\/emprende\/presentacion\/\/20220405_180520.jpg\"><\/a><a href=\"http:\/\/ieslamarisma.net\/images\/articulos\/emprende\/presentacion\/\/20220405_180543.jpg\" data-lightbox=\"Joompolitan Light Gallery\" data-title=\"Aula de emprendimiento\"><img decoding=\"async\" src=\"http:\/\/ieslamarisma.net\/images\/articulos\/emprende\/presentacion\/\/20220405_180543.jpg\"><\/a><a href=\"http:\/\/ieslamarisma.net\/images\/articulos\/emprende\/presentacion\/\/20220405_180605.jpg\" data-lightbox=\"Joompolitan Light Gallery\" data-title=\"Aula de emprendimiento\"><img decoding=\"async\" src=\"http:\/\/ieslamarisma.net\/images\/articulos\/emprende\/presentacion\/\/20220405_180605.jpg\"><\/a><a href=\"http:\/\/ieslamarisma.net\/images\/articulos\/emprende\/presentacion\/\/Marisma_emprende_taller_foto01.png\" data-lightbox=\"Joompolitan Light Gallery\" data-title=\"Aula de emprendimiento\"><img decoding=\"async\" src=\"http:\/\/ieslamarisma.net\/images\/articulos\/emprende\/presentacion\/\/Marisma_emprende_taller_foto01.png\"><\/a><a href=\"http:\/\/ieslamarisma.net\/images\/articulos\/emprende\/presentacion\/\/emprende01.jpg\" data-lightbox=\"Joompolitan Light Gallery\" data-title=\"Aula de emprendimiento\"><img decoding=\"async\" src=\"http:\/\/ieslamarisma.net\/images\/articulos\/emprende\/presentacion\/\/emprende01.jpg\"><\/a><a href=\"http:\/\/ieslamarisma.net\/images\/articulos\/emprende\/presentacion\/\/emprende02.jpg\" data-lightbox=\"Joompolitan Light Gallery\" data-title=\"Aula de emprendimiento\"><img decoding=\"async\" src=\"http:\/\/ieslamarisma.net\/images\/articulos\/emprende\/presentacion\/\/emprende02.jpg\"><\/a><a href=\"http:\/\/ieslamarisma.net\/images\/articulos\/emprende\/presentacion\/\/emprende03.jpg\" data-lightbox=\"Joompolitan Light Gallery\" data-title=\"Aula de emprendimiento\"><img decoding=\"async\" src=\"http:\/\/ieslamarisma.net\/images\/articulos\/emprende\/presentacion\/\/emprende03.jpg\"><\/a><a href=\"http:\/\/ieslamarisma.net\/images\/articulos\/emprende\/presentacion\/\/emprende04.jpg\" data-lightbox=\"Joompolitan Light Gallery\" data-title=\"Aula de emprendimiento\"><img decoding=\"async\" src=\"http:\/\/ieslamarisma.net\/images\/articulos\/emprende\/presentacion\/\/emprende04.jpg\"><\/a><a href=\"http:\/\/ieslamarisma.net\/images\/articulos\/emprende\/presentacion\/\/emprende05.jpg\" data-lightbox=\"Joompolitan Light Gallery\" data-title=\"Aula de emprendimiento\"><img decoding=\"async\" src=\"http:\/\/ieslamarisma.net\/images\/articulos\/emprende\/presentacion\/\/emprende05.jpg\"><\/a><a href=\"http:\/\/ieslamarisma.net\/images\/articulos\/emprende\/presentacion\/\/talleres_marisma_emprende.jpg\" data-lightbox=\"Joompolitan Light Gallery\" data-title=\"Aula de emprendimiento\"><img decoding=\"async\" src=\"http:\/\/ieslamarisma.net\/images\/articulos\/emprende\/presentacion\/\/talleres_marisma_emprende.jpg\"><\/a><\/em><\/p>\n<p>Un total de 89 centros educativos andaluces contar\u00e1n en este curso 2021\/22 con Aulas de Emprendimiento de Formaci\u00f3n Profesional, un recurso destinado a mejorar la empleabilidad del alumnado con la incorporaci\u00f3n de la digitalizaci\u00f3n, la innovaci\u00f3n y el emprendimiento.<br \/>\nY entre ellos se encuentra el IES LA MARISMA, uno de los 6 centros de la provincia de Huelva seleccionados, por su trayectoria y compromiso con la iniciativa emprendedora. La creaci\u00f3n de aulas de emprendimiento en formaci\u00f3n profesional es una de las actuaciones de car\u00e1cter estrat\u00e9gico para la modernizaci\u00f3n del sistema de Formaci\u00f3n Profesional actual, son espacios de trabajo en los que se ponen en pr\u00e1ctica las acciones encaminadas al desarrollo de la competencia emprendedora y la empleabilidad, tanto del alumnado que se encuentra cursando FP como de los reci\u00e9n titulados en los \u00faltimos cursos.<\/p>\n","protected":false},"excerpt":{"rendered":"<p>Estamos de vuelta este nuevo curso. El IES LA MARISMA pone nuevamente en marcha su aula de emprendimiento, despu\u00e9s de meses de preparaci\u00f3n y espera, \u00a1\u00a1 por fin!! estamos preparados\u2026..para iniciar nuestra aventura emprendedora.&#46;&#46;&#46;<\/p>\n","protected":false},"author":10553,"featured_media":0,"parent":0,"menu_order":0,"comment_status":"closed","ping_status":"closed","template":"","meta":{"ngg_post_thumbnail":0,"footnotes":"","_mc_calendar":[]},"aioseo_notices":[],"_links":{"self":[{"href":"https:\/\/blogsaverroes.juntadeandalucia.es\/ieslamarisma\/wp-json\/wp\/v2\/pages\/3259"}],"collection":[{"href":"https:\/\/blogsaverroes.juntadeandalucia.es\/ieslamarisma\/wp-json\/wp\/v2\/pages"}],"about":[{"href":"https:\/\/blogsaverroes.juntadeandalucia.es\/ieslamarisma\/wp-json\/wp\/v2\/types\/page"}],"author":[{"embeddable":true,"href":"https:\/\/blogsaverroes.juntadeandalucia.es\/ieslamarisma\/wp-json\/wp\/v2\/users\/10553"}],"replies":[{"embeddable":true,"href":"https:\/\/blogsaverroes.juntadeandalucia.es\/ieslamarisma\/wp-json\/wp\/v2\/comments?post=3259"}],"version-history":[{"count":28,"href":"https:\/\/blogsaverroes.juntadeandalucia.es\/ieslamarisma\/wp-json\/wp\/v2\/pages\/3259\/revisions"}],"predecessor-version":[{"id":3332,"href":"https:\/\/blogsaverroes.juntadeandalucia.es\/ieslamarisma\/wp-json\/wp\/v2\/pages\/3259\/revisions\/3332"}],"wp:attachment":[{"href":"https:\/\/blogsaverroes.juntadeandalucia.es\/ieslamarisma\/wp-json\/wp\/v2\/media?parent=3259"}],"curies":[{"name":"wp","href":"https:\/\/api.w.org\/{rel}","templated":true}]}}