{"id":3422,"date":"2023-03-28T12:17:03","date_gmt":"2023-03-28T12:17:03","guid":{"rendered":"https:\/\/blogsaverroes.juntadeandalucia.es\/ieslamarisma\/?page_id=3422"},"modified":"2023-03-28T12:18:30","modified_gmt":"2023-03-28T12:18:30","slug":"documents-ka229","status":"publish","type":"page","link":"https:\/\/blogsaverroes.juntadeandalucia.es\/ieslamarisma\/documents-ka229\/","title":{"rendered":"Documents KA229"},"content":{"rendered":"<div class=\"page-header\">\n<h2>Documentos y cuestionarios Erasmus+ KA229<\/h2>\n<\/div>\n<p>Descripci\u00f3n del proyecto (versi\u00f3n en franc\u00e9s):<\/p>\n<ul>\n<li><a href=\"https:\/\/ieslamarisma.net\/images\/documentos\/ka229\/KA229-480D5A38-FRv12.pdf\">KA229-480d5a38<\/a><\/li>\n<\/ul>\n<p>Formulario de solicitud de movilidad para profesorado Erasmus+ KA229:<\/p>\n<ul>\n<li><a href=\"https:\/\/docs.google.com\/document\/d\/14fp1dBk3COhSNv8izWheaAFEfFUuA9zWLxIV3HtXmiQ\/edit?usp=sharing\">Formulario de solicitud (documento de texto Google)<\/a><\/li>\n<\/ul>\n<p>Informaci\u00f3n y autorizaci\u00f3n para los padres y madres<\/p>\n<ul>\n<li><a href=\"https:\/\/ieslamarisma.net\/images\/documentos\/ka229\/KA229-480D5A38-FRv12.pdf\">Comunicaci\u00f3n padres<\/a><\/li>\n<\/ul>\n<p>&nbsp;<\/p>\n","protected":false},"excerpt":{"rendered":"<p>Documentos y cuestionarios Erasmus+ KA229 Descripci\u00f3n del proyecto (versi\u00f3n en franc\u00e9s): KA229-480d5a38 Formulario de solicitud de movilidad para profesorado Erasmus+ KA229: Formulario de solicitud (documento de texto Google) Informaci\u00f3n y autorizaci\u00f3n para los padres&#46;&#46;&#46;<\/p>\n","protected":false},"author":10553,"featured_media":0,"parent":0,"menu_order":0,"comment_status":"closed","ping_status":"closed","template":"","meta":{"ngg_post_thumbnail":0,"footnotes":"","_mc_calendar":[]},"aioseo_notices":[],"_links":{"self":[{"href":"https:\/\/blogsaverroes.juntadeandalucia.es\/ieslamarisma\/wp-json\/wp\/v2\/pages\/3422"}],"collection":[{"href":"https:\/\/blogsaverroes.juntadeandalucia.es\/ieslamarisma\/wp-json\/wp\/v2\/pages"}],"about":[{"href":"https:\/\/blogsaverroes.juntadeandalucia.es\/ieslamarisma\/wp-json\/wp\/v2\/types\/page"}],"author":[{"embeddable":true,"href":"https:\/\/blogsaverroes.juntadeandalucia.es\/ieslamarisma\/wp-json\/wp\/v2\/users\/10553"}],"replies":[{"embeddable":true,"href":"https:\/\/blogsaverroes.juntadeandalucia.es\/ieslamarisma\/wp-json\/wp\/v2\/comments?post=3422"}],"version-history":[{"count":1,"href":"https:\/\/blogsaverroes.juntadeandalucia.es\/ieslamarisma\/wp-json\/wp\/v2\/pages\/3422\/revisions"}],"predecessor-version":[{"id":3423,"href":"https:\/\/blogsaverroes.juntadeandalucia.es\/ieslamarisma\/wp-json\/wp\/v2\/pages\/3422\/revisions\/3423"}],"wp:attachment":[{"href":"https:\/\/blogsaverroes.juntadeandalucia.es\/ieslamarisma\/wp-json\/wp\/v2\/media?parent=3422"}],"curies":[{"name":"wp","href":"https:\/\/api.w.org\/{rel}","templated":true}]}}

<div class="page-header">
<h2>Documentos y cuestionarios Erasmus+ KA229</h2>
</div>
<p>Descripción del proyecto (versión en francés):</p>
<ul>
<li><a href="https://ieslamarisma.net/images/documentos/ka229/KA229-480D5A38-FRv12.pdf">KA229-480d5a38</a></li>
</ul>
<p>Formulario de solicitud de movilidad para profesorado Erasmus+ KA229:</p>
<ul>
<li><a href="https://docs.google.com/document/d/14fp1dBk3COhSNv8izWheaAFEfFUuA9zWLxIV3HtXmiQ/edit?usp=sharing">Formulario de solicitud (documento de texto Google)</a></li>
</ul>
<p>Información y autorización para los padres y madres</p>
<ul>
<li><a href="https://ieslamarisma.net/images/documentos/ka229/KA229-480D5A38-FRv12.pdf">Comunicación padres</a></li>
</ul>
<p>&nbsp;</p>

<p>Documentos y cuestionarios Erasmus+ KA229 Descripción del proyecto (versión en francés): KA229-480d5a38 Formulario de solicitud de movilidad para profesorado Erasmus+ KA229: Formulario de solicitud (documento de texto Google) Información y autorización para los padres&#46;&#46;&#46;</p>
