{"id":42,"date":"2015-03-13T08:40:47","date_gmt":"2015-03-13T08:40:47","guid":{"rendered":"http:\/\/blogsaverroes.juntadeandalucia.es\/pre\/ceip\/?page_id=42"},"modified":"2024-08-11T12:04:43","modified_gmt":"2024-08-11T10:04:43","slug":"equipo-directivo","status":"publish","type":"page","link":"https:\/\/blogsaverroes.juntadeandalucia.es\/ieslamarisma\/equipo-directivo\/","title":{"rendered":"Equipo directivo"},"content":{"rendered":"<p><strong>Direcci\u00f3n: <\/strong>D. Miguel T\u00e9llez Salcedo<\/p>\n<p><strong>ViceDirecci\u00f3n:<\/strong> D. Joaqu\u00edn Donoso Ram\u00f3n<\/p>\n<p><strong>Jefatura de estudios: <\/strong>D\u00aa Rosario Santos Garrido<\/p>\n<p><strong>Jefatura de estudios adjunta ESO:<\/strong> D. David Cintado Fern\u00e1ndez<\/p>\n<p><strong>Jefatura de estudios adjunta Ciclo:<\/strong> D\u00aa Adriana Mar\u00eda Fern\u00e1ndez Valles<\/p>\n<p><strong>Secretar\u00eda: <\/strong>D. Santiago Dom\u00ednguez Zapico<\/p>\n<p>&nbsp;<\/p>\n","protected":false},"excerpt":{"rendered":"<p>Direcci\u00f3n: D. Miguel T\u00e9llez Salcedo ViceDirecci\u00f3n: D. Joaqu\u00edn Donoso Ram\u00f3n Jefatura de estudios: D\u00aa Rosario Santos Garrido Jefatura de estudios adjunta ESO: D. David Cintado Fern\u00e1ndez Jefatura de estudios adjunta Ciclo: D\u00aa Adriana Mar\u00eda&#46;&#46;&#46;<\/p>\n","protected":false},"author":1,"featured_media":0,"parent":0,"menu_order":0,"comment_status":"open","ping_status":"open","template":"page-templates\/child-menu.php","meta":{"ngg_post_thumbnail":0,"footnotes":"","_mc_calendar":[]},"aioseo_notices":[],"_links":{"self":[{"href":"https:\/\/blogsaverroes.juntadeandalucia.es\/ieslamarisma\/wp-json\/wp\/v2\/pages\/42"}],"collection":[{"href":"https:\/\/blogsaverroes.juntadeandalucia.es\/ieslamarisma\/wp-json\/wp\/v2\/pages"}],"about":[{"href":"https:\/\/blogsaverroes.juntadeandalucia.es\/ieslamarisma\/wp-json\/wp\/v2\/types\/page"}],"author":[{"embeddable":true,"href":"https:\/\/blogsaverroes.juntadeandalucia.es\/ieslamarisma\/wp-json\/wp\/v2\/users\/1"}],"replies":[{"embeddable":true,"href":"https:\/\/blogsaverroes.juntadeandalucia.es\/ieslamarisma\/wp-json\/wp\/v2\/comments?post=42"}],"version-history":[{"count":8,"href":"https:\/\/blogsaverroes.juntadeandalucia.es\/ieslamarisma\/wp-json\/wp\/v2\/pages\/42\/revisions"}],"predecessor-version":[{"id":3759,"href":"https:\/\/blogsaverroes.juntadeandalucia.es\/ieslamarisma\/wp-json\/wp\/v2\/pages\/42\/revisions\/3759"}],"wp:attachment":[{"href":"https:\/\/blogsaverroes.juntadeandalucia.es\/ieslamarisma\/wp-json\/wp\/v2\/media?parent=42"}],"curies":[{"name":"wp","href":"https:\/\/api.w.org\/{rel}","templated":true}]}}

<p><strong>Dirección: </strong>D. Miguel Téllez Salcedo</p>
<p><strong>ViceDirección:</strong> D. Joaquín Donoso Ramón</p>
<p><strong>Jefatura de estudios: </strong>Dª Rosario Santos Garrido</p>
<p><strong>Jefatura de estudios adjunta ESO:</strong> D. David Cintado Fernández</p>
<p><strong>Jefatura de estudios adjunta Ciclo:</strong> Dª Adriana María Fernández Valles</p>
<p><strong>Secretaría: </strong>D. Santiago Domínguez Zapico</p>
<p>&nbsp;</p>

<p>Dirección: D. Miguel Téllez Salcedo ViceDirección: D. Joaquín Donoso Ramón Jefatura de estudios: Dª Rosario Santos Garrido Jefatura de estudios adjunta ESO: D. David Cintado Fernández Jefatura de estudios adjunta Ciclo: Dª Adriana María&#46;&#46;&#46;</p>
