{"id":77,"date":"2015-03-16T06:54:56","date_gmt":"2015-03-16T06:54:56","guid":{"rendered":"http:\/\/blogsaverroes.juntadeandalucia.es\/pre\/ceip\/?page_id=77"},"modified":"2023-03-27T07:55:09","modified_gmt":"2023-03-27T07:55:09","slug":"secretaria","status":"publish","type":"page","link":"https:\/\/blogsaverroes.juntadeandalucia.es\/ieslamarisma\/secretaria\/","title":{"rendered":"Secretar\u00eda"},"content":{"rendered":"<p>&nbsp;<\/p>\n<table style=\"border-collapse: collapse;width: 100%\">\n<tbody>\n<tr>\n<td style=\"width: 50%\"><a href=\"https:\/\/blogsaverroes.juntadeandalucia.es\/ieslamarisma\/files\/2020\/10\/typewriter-vintage-secretary-remington.jpg\"><img fetchpriority=\"high\" decoding=\"async\" class=\"alignnone size-medium wp-image-2645\" src=\"https:\/\/blogsaverroes.juntadeandalucia.es\/ieslamarisma\/files\/2020\/10\/typewriter-vintage-secretary-remington-300x200.jpg\" alt=\"\" width=\"300\" height=\"200\" srcset=\"https:\/\/blogsaverroes.juntadeandalucia.es\/ieslamarisma\/files\/2020\/10\/typewriter-vintage-secretary-remington-300x200.jpg 300w, https:\/\/blogsaverroes.juntadeandalucia.es\/ieslamarisma\/files\/2020\/10\/typewriter-vintage-secretary-remington-768x512.jpg 768w, https:\/\/blogsaverroes.juntadeandalucia.es\/ieslamarisma\/files\/2020\/10\/typewriter-vintage-secretary-remington-24x16.jpg 24w, https:\/\/blogsaverroes.juntadeandalucia.es\/ieslamarisma\/files\/2020\/10\/typewriter-vintage-secretary-remington-36x24.jpg 36w, https:\/\/blogsaverroes.juntadeandalucia.es\/ieslamarisma\/files\/2020\/10\/typewriter-vintage-secretary-remington-48x32.jpg 48w, https:\/\/blogsaverroes.juntadeandalucia.es\/ieslamarisma\/files\/2020\/10\/typewriter-vintage-secretary-remington.jpg 910w\" sizes=\"(max-width: 300px) 100vw, 300px\" \/><\/a><\/td>\n<td style=\"width: 50%\">\n<p style=\"text-align: left\"><a href=\"https:\/\/blogsaverroes.juntadeandalucia.es\/ieslamarisma\/tramites-de-secretaria\/\">Tr\u00e1mites de Secretar\u00eda<\/a><\/p>\n<p style=\"text-align: left\"><a href=\"https:\/\/blogsaverroes.juntadeandalucia.es\/ieslamarisma\/files\/2020\/10\/tutorial_admision.pdf\">Tutorial de Admisi\u00f3n<\/a><\/p>\n<p style=\"text-align: left\">Solicitud de Copias de Examen<\/p>\n<ul>\n<li style=\"text-align: left\"><a href=\"https:\/\/blogsaverroes.juntadeandalucia.es\/ieslamarisma\/files\/2020\/10\/PROTOCOLO_DE_SOLICITUD_DE_COPIAS_DE_EXAMENES.pdf\">Protocolo Solicitud Copias de Examen<\/a><\/li>\n<li style=\"text-align: left\"><a href=\"https:\/\/blogsaverroes.juntadeandalucia.es\/ieslamarisma\/files\/2020\/10\/Formulario_de_solicitud_de_copias_de_examenes.pdf\">Formulario Solicitud Copias de Examen<\/a><\/li>\n<\/ul>\n<\/td>\n<\/tr>\n<\/tbody>\n<\/table>\n<div class=\"page-header\">\n<h2>Calendario de admisi\u00f3n y matr\u00edcula<\/h2>\n<\/div>\n<div>\n<div class=\"table table-hover table-bordered thead-light\">\n<p><strong>CALENDARIO &#8211; PLAZOS DE ADMISI\u00d3N Y MATR\u00cdCULA<\/strong><\/p>\n<p><strong>CURSO ESCOLAR 2022\/2023<\/strong><\/p>\n<p>Este documento es un resumen informativo de los plazos y fechas m\u00e1s relevantes. Si desea informaci\u00f3n m\u00e1s detallada consulte:<\/p>\n<p><a href=\"https:\/\/www.juntadeandalucia.es\/educacion\/portals\/web\/escolarizacion\">https:\/\/www.juntadeandalucia.es\/educacion\/portals\/web\/escolarizacion<\/a><\/p>\n<p>Se recomienda la tramitaci\u00f3n telem\u00e1tica a trav\u00e9s de la secretar\u00eda virtual de la Junta de Andaluc\u00eda:<\/p>\n<p><a href=\"https:\/\/www.juntadeandalucia.es\/educacion\/secretariavirtual\">https:\/\/www.juntadeandalucia.es\/educacion\/secretariavirtual<\/a><\/p>\n<\/div>\n<div dir=\"ltr\">\n<table class=\"table table-hover table-bordered thead-light\" style=\"width: 100%\">\n<colgroup>\n<col width=\"30%\">\n<col width=\"70%\"><\/colgroup>\n<tbody>\n<tr>\n<td style=\"width: 98.9174%\" colspan=\"2\">\n<p dir=\"ltr\" align=\"left\"><strong>ESO y Bachillerato<\/strong><\/p>\n<\/td>\n<\/tr>\n<tr>\n<td style=\"width: 29.6346%\">\n<p dir=\"ltr\" style=\"text-align: left\">Del 1 al 31 de marzo<\/p>\n<\/td>\n<td style=\"width: 69.2828%\">\n<p dir=\"ltr\" style=\"text-align: left\">Presentaci\u00f3n de solicitudes de admisi\u00f3n.<\/p>\n<\/td>\n<\/tr>\n<tr>\n<td style=\"width: 29.6346%\">\n<p dir=\"ltr\" style=\"text-align: left\">5 al 18 de abril<\/p>\n<\/td>\n<td style=\"width: 69.2828%\">\n<p dir=\"ltr\" style=\"text-align: left\">Relaci\u00f3n baremada del alumnado solicitante.<\/p>\n<\/td>\n<\/tr>\n<tr>\n<td style=\"width: 29.6346%\">\n<p dir=\"ltr\" style=\"text-align: left\">19 de abril<\/p>\n<\/td>\n<td style=\"width: 69.2828%\">\n<p dir=\"ltr\" style=\"text-align: left\">Tr\u00e1mite de audiencia.<\/p>\n<\/td>\n<\/tr>\n<tr>\n<td style=\"width: 29.6346%\">\n<p dir=\"ltr\" style=\"text-align: left\">16 de mayo<\/p>\n<\/td>\n<td style=\"width: 69.2828%\">\n<p dir=\"ltr\" style=\"text-align: left\">Sorteo p\u00fablico para dirimir empates.<\/p>\n<\/td>\n<\/tr>\n<tr>\n<td style=\"width: 29.6346%\">\n<p dir=\"ltr\" style=\"text-align: left\">17 de mayo<\/p>\n<\/td>\n<td style=\"width: 69.2828%\">\n<p dir=\"ltr\" style=\"text-align: left\">Publicaci\u00f3n de la Resoluciones del procedimiento de admisi\u00f3n.<\/p>\n<\/td>\n<\/tr>\n<tr>\n<td style=\"width: 29.6346%\">\n<p dir=\"ltr\" style=\"text-align: left\">24 de mayo<\/p>\n<\/td>\n<td style=\"width: 69.2828%\">\n<p dir=\"ltr\" style=\"text-align: left\">Publicaci\u00f3n de la adjudicaci\u00f3n de plaza escolar al alumnado no admitido en el centro elegido como prioritario (reubicaci\u00f3n).<\/p>\n<\/td>\n<\/tr>\n<tr>\n<td style=\"width: 29.6346%\">\n<p dir=\"ltr\" style=\"text-align: left\"><strong>Del 1 al 11 de julio<\/strong><\/p>\n<\/td>\n<td style=\"width: 69.2828%\">\n<p dir=\"ltr\" style=\"text-align: left\"><strong>Plazo de matriculaci\u00f3n del alumnado en educaci\u00f3n secundaria obligatoria y bachillerato.<\/strong><\/p>\n<\/td>\n<\/tr>\n<\/tbody>\n<\/table>\n<\/div>\n<p style=\"text-align: left\">&nbsp;<\/p>\n<div dir=\"ltr\" style=\"text-align: left\">\n<table class=\"table table-hover table-bordered thead-light\" style=\"width: 72.7934%\">\n<colgroup>\n<col width=\"30%\">\n<col width=\"70%\"><\/colgroup>\n<tbody>\n<tr>\n<td style=\"width: 98.5158%\" colspan=\"2\">\n<p dir=\"ltr\" align=\"left\"><strong>Curso de Formaci\u00f3n Espec\u00edfico para el acceso a&nbsp;<\/strong><\/p>\n<p dir=\"ltr\" align=\"left\"><strong>ciclos formativos de grado medio<\/strong><\/p>\n<\/td>\n<\/tr>\n<tr>\n<td style=\"width: 29.4991%\">\n<p dir=\"ltr\" align=\"left\"><strong>15 al 27 de junio&nbsp;<\/strong><\/p>\n<\/td>\n<td style=\"width: 69.0167%\">\n<p dir=\"ltr\" align=\"left\"><strong>Presentaci\u00f3n de solicitudes.<\/strong><\/p>\n<\/td>\n<\/tr>\n<tr>\n<td style=\"width: 29.4991%\">\n<p dir=\"ltr\" align=\"left\">1 de julio<\/p>\n<\/td>\n<td style=\"width: 69.0167%\">\n<p dir=\"ltr\" align=\"left\">Relaci\u00f3n provisional de solicitantes.<\/p>\n<\/td>\n<\/tr>\n<tr>\n<td style=\"width: 29.4991%\">\n<p dir=\"ltr\" align=\"left\">4 al 6 de julio<\/p>\n<\/td>\n<td style=\"width: 69.0167%\">\n<p dir=\"ltr\" align=\"left\">Alegaciones a la relaci\u00f3n provisional de solicitantes.<\/p>\n<\/td>\n<\/tr>\n<tr>\n<td style=\"width: 29.4991%\">\n<p dir=\"ltr\" align=\"left\">7 de julio<\/p>\n<\/td>\n<td style=\"width: 69.0167%\">\n<p dir=\"ltr\" align=\"left\">Relaci\u00f3n definitiva de solicitantes.<\/p>\n<\/td>\n<\/tr>\n<tr>\n<td style=\"width: 29.4991%\">\n<p dir=\"ltr\" align=\"left\">8 de julio<\/p>\n<\/td>\n<td style=\"width: 69.0167%\">\n<p dir=\"ltr\" align=\"left\">Adjudicaci\u00f3n \u00fanica.<\/p>\n<\/td>\n<\/tr>\n<tr>\n<td style=\"width: 29.4991%\">\n<p dir=\"ltr\" align=\"left\"><strong>9 al 15 de julio<\/strong><\/p>\n<\/td>\n<td style=\"width: 69.0167%\">\n<p dir=\"ltr\" align=\"left\"><strong>Matriculaci\u00f3n o reserva.<\/strong><\/p>\n<\/td>\n<\/tr>\n<\/tbody>\n<\/table>\n<\/div>\n<p style=\"text-align: left\">&nbsp;<\/p>\n<div dir=\"ltr\" style=\"text-align: left\">\n<table class=\"table table-hover table-bordered thead-light\">\n<colgroup>\n<col width=\"30%\">\n<col width=\"70%\"><\/colgroup>\n<tbody>\n<tr>\n<td colspan=\"2\">\n<p dir=\"ltr\" align=\"left\"><strong>Ciclos formativos de Formaci\u00f3n Profesional B\u00e1sica<\/strong><\/p>\n<\/td>\n<\/tr>\n<tr>\n<td>\n<p dir=\"ltr\" align=\"left\">15 al 30 de junio<\/p>\n<\/td>\n<td>\n<p dir=\"ltr\" align=\"left\">Presentaci\u00f3n de solicitudes de primer curso.<\/p>\n<\/td>\n<\/tr>\n<tr>\n<td>\n<p dir=\"ltr\" align=\"left\">5 de julio<\/p>\n<\/td>\n<td>\n<p dir=\"ltr\" align=\"left\">Relaci\u00f3n provisional de personas solicitantes de primer curso.<\/p>\n<\/td>\n<\/tr>\n<tr>\n<td>\n<p dir=\"ltr\" align=\"left\">6 al 8 de julio<\/p>\n<\/td>\n<td>\n<p dir=\"ltr\" align=\"left\">Alegaciones a la relaci\u00f3n provisional de personas solicitantes de primer curso.<\/p>\n<\/td>\n<\/tr>\n<tr>\n<td>\n<p dir=\"ltr\" align=\"left\">11 de julio<\/p>\n<\/td>\n<td>\n<p dir=\"ltr\" align=\"left\">Relaci\u00f3n definitiva de personas solicitantes de primer curso.<\/p>\n<\/td>\n<\/tr>\n<tr>\n<td>\n<p dir=\"ltr\" align=\"left\">11 de julio<\/p>\n<\/td>\n<td>\n<p dir=\"ltr\" align=\"left\">Primera adjudicaci\u00f3n.<\/p>\n<\/td>\n<\/tr>\n<tr>\n<td>\n<p dir=\"ltr\" align=\"left\">12 de julio al 14 de julio<\/p>\n<\/td>\n<td>\n<p dir=\"ltr\" align=\"left\">Matriculaci\u00f3n o reserva de matr\u00edcula de personas admitidas en la primera adjudicaci\u00f3n.<\/p>\n<\/td>\n<\/tr>\n<tr>\n<td>\n<p dir=\"ltr\" align=\"left\">18 de julio<\/p>\n<\/td>\n<td>\n<p dir=\"ltr\" align=\"left\">Segunda adjudicaci\u00f3n.<\/p>\n<\/td>\n<\/tr>\n<tr>\n<td>\n<p dir=\"ltr\" align=\"left\">Del 19 al 22 de julio<\/p>\n<\/td>\n<td>\n<p dir=\"ltr\" align=\"left\">Matriculaci\u00f3n de personas admitidas en la segunda adjudicaci\u00f3n.<\/p>\n<\/td>\n<\/tr>\n<\/tbody>\n<\/table>\n<\/div>\n<p style=\"text-align: left\">&nbsp;<\/p>\n<div dir=\"ltr\">\n<table class=\"table table-hover table-bordered thead-light\">\n<colgroup>\n<col width=\"30%\">\n<col width=\"70%\"><\/colgroup>\n<tbody>\n<tr>\n<td colspan=\"2\">\n<p dir=\"ltr\" align=\"left\"><strong>Ciclos formativos de grado medio y superior<\/strong><\/p>\n<p dir=\"ltr\" align=\"left\"><strong>1\u00ba curso en oferta completa y parcial complementaria<\/strong><\/p>\n<p dir=\"ltr\" align=\"left\"><strong>procedimiento ordinario<\/strong><\/p>\n<\/td>\n<\/tr>\n<tr>\n<td>\n<p dir=\"ltr\" align=\"left\">15 al 30 de junio<\/p>\n<\/td>\n<td>\n<p dir=\"ltr\" align=\"left\"><strong>Presentaci\u00f3n de solicitudes de primer curso (primer periodo).<\/strong><\/p>\n<\/td>\n<\/tr>\n<tr>\n<td>\n<p dir=\"ltr\" align=\"left\"><strong>25 al 30 de junio<\/strong><\/p>\n<\/td>\n<td>\n<p dir=\"ltr\" align=\"left\"><strong>Matriculaci\u00f3n (promoci\u00f3n segundo, repetici\u00f3n, alumnado contemplado en el art\u00edculo 50.1.a).<\/strong><\/p>\n<\/td>\n<\/tr>\n<tr>\n<td>\n<p dir=\"ltr\" align=\"left\">5 de julio<\/p>\n<\/td>\n<td>\n<p dir=\"ltr\" align=\"left\">Relaci\u00f3n provisional de personas solicitantes de primer curso.<\/p>\n<\/td>\n<\/tr>\n<tr>\n<td>\n<p dir=\"ltr\" align=\"left\">6 al 7 de julio<\/p>\n<\/td>\n<td>\n<p dir=\"ltr\" align=\"left\">Alegaciones a la relaci\u00f3n provisional de personas solicitantes de primer curso.<\/p>\n<\/td>\n<\/tr>\n<tr>\n<td>\n<p dir=\"ltr\" align=\"left\">11 de julio<\/p>\n<\/td>\n<td>\n<p dir=\"ltr\" align=\"left\">Relaci\u00f3n definitiva de personas solicitantes de primer curso.<\/p>\n<\/td>\n<\/tr>\n<tr>\n<td>\n<p dir=\"ltr\" align=\"left\">12 de julio<\/p>\n<\/td>\n<td>\n<p dir=\"ltr\" align=\"left\">Primera adjudicaci\u00f3n de primer curso.<\/p>\n<\/td>\n<\/tr>\n<tr>\n<td>\n<p dir=\"ltr\" align=\"left\"><strong>13 al 18 de julio<\/strong><\/p>\n<\/td>\n<td>\n<p dir=\"ltr\" align=\"left\"><strong>Matriculaci\u00f3n o reserva de matr\u00edcula de personas admitidas en la primera adjudicaci\u00f3n.<\/strong><\/p>\n<\/td>\n<\/tr>\n<tr>\n<td>\n<p dir=\"ltr\" align=\"left\">21 de julio<\/p>\n<\/td>\n<td>\n<p dir=\"ltr\" align=\"left\">Segunda adjudicaci\u00f3n de primer curso.<\/p>\n<\/td>\n<\/tr>\n<tr>\n<td>\n<p dir=\"ltr\" align=\"left\"><strong>22 al 26 de julio<\/strong><\/p>\n<\/td>\n<td>\n<p dir=\"ltr\" align=\"left\"><strong>Matriculaci\u00f3n o reserva de matr\u00edcula de personas admitidas en la segunda adjudicaci\u00f3n.<\/strong><\/p>\n<\/td>\n<\/tr>\n<tr>\n<td>\n<p dir=\"ltr\" align=\"left\"><strong>1 al 5 de septiembre<\/strong><\/p>\n<\/td>\n<td>\n<p dir=\"ltr\" align=\"left\"><strong>Presentaci\u00f3n de solicitudes de primer curso (convocatoria extraordinaria).<\/strong><\/p>\n<\/td>\n<\/tr>\n<tr>\n<td>\n<p dir=\"ltr\" align=\"left\">6 de septiembre<\/p>\n<\/td>\n<td>\n<p dir=\"ltr\" align=\"left\">Relaci\u00f3n provisional de personas solicitantes de primer curso.<\/p>\n<\/td>\n<\/tr>\n<tr>\n<td>\n<p dir=\"ltr\" align=\"left\">7 al 8 de septiembre<\/p>\n<\/td>\n<td>\n<p dir=\"ltr\" align=\"left\">Alegaciones a la relaci\u00f3n provisional de personas solicitantes de primer curso.<\/p>\n<\/td>\n<\/tr>\n<tr>\n<td>\n<p dir=\"ltr\" align=\"left\">9 de septiembre<\/p>\n<\/td>\n<td>\n<p dir=\"ltr\" align=\"left\">Relaci\u00f3n definitiva de personas solicitantes de primer curso.<\/p>\n<\/td>\n<\/tr>\n<tr>\n<td>\n<p dir=\"ltr\" align=\"left\">12 de septiembre<\/p>\n<\/td>\n<td>\n<p dir=\"ltr\" align=\"left\">Adjudicaci\u00f3n de plazas.<\/p>\n<\/td>\n<\/tr>\n<tr>\n<td style=\"text-align: left\">\n<p dir=\"ltr\" align=\"left\"><strong>13 al 14 de septiembre<\/strong><\/p>\n<\/td>\n<td>\n<p dir=\"ltr\" style=\"text-align: left\"><strong>Matriculaci\u00f3n de personas admitidas.<\/strong><\/p>\n<\/td>\n<\/tr>\n<\/tbody>\n<\/table>\n<p>Haz clic en el siguiente enlace ampliar informaci\u00f3n sobre plazos admisi\u00f3n y matriculaci\u00f3n en FP:<\/p>\n<p><strong><a href=\"https:\/\/blogsaverroes.juntadeandalucia.es\/ieslamarisma\/files\/2023\/03\/EscolarizacionFP.pdf\">Calendario de admisi\u00f3n y matr\u00edcula FP (pdf)<\/a><br \/>\n<\/strong><\/p>\n<p>&nbsp;<\/p>\n<p><strong>Enlaces de inter\u00e9s<\/strong><\/p>\n<p><a href=\"https:\/\/www.juntadeandalucia.es\/temas\/estudiar\/fp\/matriculacion.html\">Admisi\u00f3n y matr\u00edcula FP<\/a><\/p>\n<\/div>\n<\/div>\n","protected":false},"excerpt":{"rendered":"<p>&nbsp; Tr\u00e1mites de Secretar\u00eda Tutorial de Admisi\u00f3n Solicitud de Copias de Examen Protocolo Solicitud Copias de Examen Formulario Solicitud Copias de Examen Calendario de admisi\u00f3n y matr\u00edcula CALENDARIO &#8211; PLAZOS DE ADMISI\u00d3N Y MATR\u00cdCULA&#46;&#46;&#46;<\/p>\n","protected":false},"author":1,"featured_media":0,"parent":0,"menu_order":0,"comment_status":"open","ping_status":"open","template":"page-templates\/child-menu.php","meta":{"ngg_post_thumbnail":0,"footnotes":"","_mc_calendar":[]},"aioseo_notices":[],"_links":{"self":[{"href":"https:\/\/blogsaverroes.juntadeandalucia.es\/ieslamarisma\/wp-json\/wp\/v2\/pages\/77"}],"collection":[{"href":"https:\/\/blogsaverroes.juntadeandalucia.es\/ieslamarisma\/wp-json\/wp\/v2\/pages"}],"about":[{"href":"https:\/\/blogsaverroes.juntadeandalucia.es\/ieslamarisma\/wp-json\/wp\/v2\/types\/page"}],"author":[{"embeddable":true,"href":"https:\/\/blogsaverroes.juntadeandalucia.es\/ieslamarisma\/wp-json\/wp\/v2\/users\/1"}],"replies":[{"embeddable":true,"href":"https:\/\/blogsaverroes.juntadeandalucia.es\/ieslamarisma\/wp-json\/wp\/v2\/comments?post=77"}],"version-history":[{"count":24,"href":"https:\/\/blogsaverroes.juntadeandalucia.es\/ieslamarisma\/wp-json\/wp\/v2\/pages\/77\/revisions"}],"predecessor-version":[{"id":3254,"href":"https:\/\/blogsaverroes.juntadeandalucia.es\/ieslamarisma\/wp-json\/wp\/v2\/pages\/77\/revisions\/3254"}],"wp:attachment":[{"href":"https:\/\/blogsaverroes.juntadeandalucia.es\/ieslamarisma\/wp-json\/wp\/v2\/media?parent=77"}],"curies":[{"name":"wp","href":"https:\/\/api.w.org\/{rel}","templated":true}]}}