{"id":77,"date":"2015-03-16T06:54:56","date_gmt":"2015-03-16T06:54:56","guid":{"rendered":"http:\/\/blogsaverroes.juntadeandalucia.es\/pre\/ceip\/?page_id=77"},"modified":"2024-10-09T13:09:32","modified_gmt":"2024-10-09T11:09:32","slug":"secretaria","status":"publish","type":"page","link":"https:\/\/blogsaverroes.juntadeandalucia.es\/ieslapaz\/secretaria\/","title":{"rendered":"Claustro de profesorado"},"content":{"rendered":"<p><strong>Educaci\u00f3n F\u00edsica:<\/strong><br \/>\nD. Jorge Antonio Due\u00f1as Salcedo<\/p>\n<p><strong>Orientaci\u00f3n Educativa:<\/strong><br \/>\nD\u00aa Mar\u00eda Calles Ruiz<br \/>\nD. Jos\u00e9 Antonio Comino Ballesteros<br \/>\nD\u00aa Leonor Carmela Gonz\u00e1lez de la Fuente<\/p>\n<p><strong>Religi\u00f3n Cat\u00f3lica:<\/strong><br \/>\nD\u00aa Mar\u00eda Gracia Rodr\u00edguez Gallego<\/p>\n<p><strong>Religi\u00f3n Evang\u00e9lica:<\/strong><br \/>\nD\u00aa Ana Bel\u00e9n Sola Fern\u00e1ndez<\/p>\n<p><strong>Tecnolog\u00eda e inform\u00e1tica:<\/strong><br \/>\nD\u00aa Isabel Guerra-Librero Bonilla<br \/>\nD. Manuel Nicol\u00e1s Montoro Herrera<br \/>\nD\u00aa Rosa Mar\u00eda Hidalgo Berm\u00fadez<\/p>\n<p><strong>Educaci\u00f3n Pl\u00e1stica y visual \/ M\u00fasica:<\/strong><br \/>\nD\u00aa Mar\u00eda del Carmen Paquet L\u00f3pez<\/p>\n<p><strong>Geograf\u00eda e Historia:<\/strong><br \/>\nD\u00aa Mar\u00eda Luisa Herranz de la Revilla<br \/>\nD\u00aa Eva Mar\u00eda Mu\u00f1oz Waissen<\/p>\n<p><strong>Lengua Castellana y Literatura:<\/strong><br \/>\nD\u00aa Elena Carayol Garc\u00eda<br \/>\nD\u00aa Reyes Pel\u00e1ez Mu\u00f1oz<br \/>\nD. Sharif Totah Fern\u00e1ndez<\/p>\n<p><strong>Ciencias de la Naturaleza:<\/strong><br \/>\nD\u00aa Marina G\u00e1lvez Dom\u00ednguez<\/p>\n<p><strong>Ingl\u00e9s:<\/strong><br \/>\nD. Carlos Ignacio Serrano Marcos<br \/>\nD. Rom\u00e1n Castillo Mart\u00ednez<br \/>\nD. Carlos P\u00e9rez Ortiz<\/p>\n<p><strong>Matem\u00e1ticas:<\/strong><br \/>\nD. Jos\u00e9 Antonio Anguita Izquierdo<br \/>\nD\u00aa Ana Moreno Rodr\u00edguez<br \/>\nD\u00aa M\u00aa Carmen de la Torre Ruiz<\/p>\n<p><strong>Electricidad y Electr\u00f3nica:<\/strong><br \/>\nD. Antonio M. Rodr\u00edguez Rivas<br \/>\nD. Miguel \u00c1ngel Tenorio Rodr\u00edguez<\/p>\n<p><strong>Peluquer\u00eda y Est\u00e9tica:<\/strong><br \/>\nD\u00aa&nbsp;Carlota Cardona Gonz\u00e1lez<\/p>\n<p><strong>Peluquer\u00eda y Cosm\u00e9tica Capilar:<\/strong><br \/>\nD\u00aa Yolanda Mu\u00f1oz Moya<br \/>\nD\u00aa Mar\u00eda Elena Puertas \u00c1lvarez<br \/>\nD\u00aa Mar\u00eda Teresa Mill\u00e1n L\u00f3pez<br \/>\nD\u00aa Inmaculada Ord\u00f3\u00f1ez Ropero<\/p>\n<p>&nbsp;<\/p>\n","protected":false},"excerpt":{"rendered":"<p>Educaci\u00f3n F\u00edsica: D. Jorge Antonio Due\u00f1as Salcedo Orientaci\u00f3n Educativa: D\u00aa Mar\u00eda Calles Ruiz D. Jos\u00e9 Antonio Comino Ballesteros D\u00aa Leonor Carmela Gonz\u00e1lez de la Fuente Religi\u00f3n Cat\u00f3lica: D\u00aa Mar\u00eda Gracia Rodr\u00edguez Gallego Religi\u00f3n Evang\u00e9lica:&#46;&#46;&#46;<\/p>\n","protected":false},"author":1,"featured_media":0,"parent":0,"menu_order":0,"comment_status":"closed","ping_status":"open","template":"","meta":{"ngg_post_thumbnail":0,"footnotes":"","_mc_calendar":[]},"aioseo_notices":[],"_links":{"self":[{"href":"https:\/\/blogsaverroes.juntadeandalucia.es\/ieslapaz\/wp-json\/wp\/v2\/pages\/77"}],"collection":[{"href":"https:\/\/blogsaverroes.juntadeandalucia.es\/ieslapaz\/wp-json\/wp\/v2\/pages"}],"about":[{"href":"https:\/\/blogsaverroes.juntadeandalucia.es\/ieslapaz\/wp-json\/wp\/v2\/types\/page"}],"author":[{"embeddable":true,"href":"https:\/\/blogsaverroes.juntadeandalucia.es\/ieslapaz\/wp-json\/wp\/v2\/users\/1"}],"replies":[{"embeddable":true,"href":"https:\/\/blogsaverroes.juntadeandalucia.es\/ieslapaz\/wp-json\/wp\/v2\/comments?post=77"}],"version-history":[{"count":35,"href":"https:\/\/blogsaverroes.juntadeandalucia.es\/ieslapaz\/wp-json\/wp\/v2\/pages\/77\/revisions"}],"predecessor-version":[{"id":3761,"href":"https:\/\/blogsaverroes.juntadeandalucia.es\/ieslapaz\/wp-json\/wp\/v2\/pages\/77\/revisions\/3761"}],"wp:attachment":[{"href":"https:\/\/blogsaverroes.juntadeandalucia.es\/ieslapaz\/wp-json\/wp\/v2\/media?parent=77"}],"curies":[{"name":"wp","href":"https:\/\/api.w.org\/{rel}","templated":true}]}}

<p><strong>Educación Física:</strong><br />
D. Jorge Antonio Dueñas Salcedo</p>
<p><strong>Orientación Educativa:</strong><br />
Dª María Calles Ruiz<br />
D. José Antonio Comino Ballesteros<br />
Dª Leonor Carmela González de la Fuente</p>
<p><strong>Religión Católica:</strong><br />
Dª María Gracia Rodríguez Gallego</p>
<p><strong>Religión Evangélica:</strong><br />
Dª Ana Belén Sola Fernández</p>
<p><strong>Tecnología e informática:</strong><br />
Dª Isabel Guerra-Librero Bonilla<br />
D. Manuel Nicolás Montoro Herrera<br />
Dª Rosa María Hidalgo Bermúdez</p>
<p><strong>Educación Plástica y visual / Música:</strong><br />
Dª María del Carmen Paquet López</p>
<p><strong>Geografía e Historia:</strong><br />
Dª María Luisa Herranz de la Revilla<br />
Dª Eva María Muñoz Waissen</p>
<p><strong>Lengua Castellana y Literatura:</strong><br />
Dª Elena Carayol García<br />
Dª Reyes Peláez Muñoz<br />
D. Sharif Totah Fernández</p>
<p><strong>Ciencias de la Naturaleza:</strong><br />
Dª Marina Gálvez Domínguez</p>
<p><strong>Inglés:</strong><br />
D. Carlos Ignacio Serrano Marcos<br />
D. Román Castillo Martínez<br />
D. Carlos Pérez Ortiz</p>
<p><strong>Matemáticas:</strong><br />
D. José Antonio Anguita Izquierdo<br />
Dª Ana Moreno Rodríguez<br />
Dª Mª Carmen de la Torre Ruiz</p>
<p><strong>Electricidad y Electrónica:</strong><br />
D. Antonio M. Rodríguez Rivas<br />
D. Miguel Ángel Tenorio Rodríguez</p>
<p><strong>Peluquería y Estética:</strong><br />
Dª&nbsp;Carlota Cardona González</p>
<p><strong>Peluquería y Cosmética Capilar:</strong><br />
Dª Yolanda Muñoz Moya<br />
Dª María Elena Puertas Álvarez<br />
Dª María Teresa Millán López<br />
Dª Inmaculada Ordóñez Ropero</p>
<p>&nbsp;</p>

<p>Educación Física: D. Jorge Antonio Dueñas Salcedo Orientación Educativa: Dª María Calles Ruiz D. José Antonio Comino Ballesteros Dª Leonor Carmela González de la Fuente Religión Católica: Dª María Gracia Rodríguez Gallego Religión Evangélica:&#46;&#46;&#46;</p>
