{"id":2445,"date":"2021-07-05T12:37:36","date_gmt":"2021-07-05T12:37:36","guid":{"rendered":"https:\/\/blogsaverroes.juntadeandalucia.es\/ieslarabida\/?page_id=2445"},"modified":"2021-07-05T12:37:36","modified_gmt":"2021-07-05T12:37:36","slug":"pruebainicio","status":"publish","type":"page","link":"https:\/\/blogsaverroes.juntadeandalucia.es\/ieslarabida\/pruebainicio\/","title":{"rendered":"pruebainicio"},"content":{"rendered":"<p>&nbsp;<\/p>\n<div class=\"super_container\">\n<p><!-- Header --><\/p>\n<header class=\"header d-flex flex-row\">\n<div class=\"header_content d-flex flex-row align-items-center\"><!-- Logo --><\/p>\n<div class=\"logo_container\">\n<div class=\"logo\"><img decoding=\"async\" src=\"images\/logoRABIDA_50x.png\" alt=\"\"><br \/>\nIES La R\u00e1bida<\/div>\n<\/div>\n<p><!-- Main Navigation --><\/p>\n<nav class=\"main_nav_container\">\n<div class=\"main_nav\">\n<ul class=\"main_nav_list\">\n<li class=\"main_nav_item\"><a href=\"index.html\">inicio<\/a><\/li>\n<li class=\"main_nav_item\"><a href=\"nuestrocentro.html\">nuestro centro<\/a><\/li>\n<li class=\"main_nav_item\"><a href=\"curso.html\">curso 2020\/21<\/a><\/li>\n<li class=\"main_nav_item\"><a href=\"news.html\">novedades<\/a><\/li>\n<li class=\"main_nav_item\"><a href=\"contacto.html\">contacto<\/a><\/li>\n<\/ul>\n<\/div>\n<\/nav>\n<\/div>\n<div class=\"header_side d-flex flex-row justify-content-center align-items-center\">\n<p><img decoding=\"async\" src=\"images\/phone-call.svg\" alt=\"\"><br \/>\n671 59 80 27<\/p>\n<\/div>\n<p><!-- Hamburger --><\/p>\n<div class=\"hamburger_container\">&nbsp;<\/div>\n<\/header>\n<p><!-- Menu --><\/p>\n<div class=\"menu_container menu_mm\">\n<p><!-- Menu Close Button --><\/p>\n<div class=\"menu_close_container\">\n<div class=\"menu_close\">&nbsp;<\/div>\n<\/div>\n<p><!-- Menu Items --><\/p>\n<div class=\"menu_inner menu_mm\">\n<div class=\"menu menu_mm\">\n<ul class=\"menu_list menu_mm\">\n<li class=\"menu_item menu_mm\"><a href=\"index.html\">Inicio<\/a><\/li>\n<li class=\"menu_item menu_mm\"><a href=\"nuestrocentro.html\">Nuestro Centro<\/a><\/li>\n<li class=\"menu_item menu_mm\"><a href=\"curso.html\">Curso 2020\/21<\/a><\/li>\n<li class=\"menu_item menu_mm\"><a href=\"news.html\">Novedades<\/a><\/li>\n<li class=\"menu_item menu_mm\"><a href=\"contacto.html\">Contacto<\/a><\/li>\n<\/ul>\n<p><!-- Menu Social --><\/p>\n<div class=\"menu_social_container menu_mm\">\n<ul class=\"menu_social menu_mm\">\n<li class=\"menu_social_item menu_mm\">&nbsp;<\/li>\n<li class=\"menu_social_item menu_mm\">&nbsp;<\/li>\n<\/ul>\n<\/div>\n<div class=\"menu_copyright menu_mm\">Colorlib All rights reserved<\/div>\n<\/div>\n<\/div>\n<\/div>\n<p><!-- Home --><\/p>\n<div class=\"home\">\n<p><!-- Hero Slider --><\/p>\n<div class=\"hero_slider_container\">\n<div class=\"hero_slider owl-carousel\">\n<p><!-- Hero Slide --><\/p>\n<div class=\"hero_slide\">\n<div class=\"hero_slide_background\" style=\"background-image: url('images\/rabida16.jpg')\">&nbsp;<\/div>\n<div class=\"hero_slide_container d-flex flex-column align-items-center justify-content-center\">\n<div class=\"hero_slide_content text-center\">\n<h1 data-animation-in=\"fadeInUp\" data-animation-out=\"animate-out fadeOut\">\u00a1Estudia en IES LA R\u00c1BIDA!<\/h1>\n<\/div>\n<\/div>\n<\/div>\n<p><!-- Hero Slide --><\/p>\n<div class=\"hero_slide\">\n<div class=\"hero_slide_background\" style=\"background-image: url('images\/rabida24.jpg')\">&nbsp;<\/div>\n<div class=\"hero_slide_container d-flex flex-column align-items-center justify-content-center\">\n<div class=\"hero_slide_content text-center\">\n<h1 data-animation-in=\"fadeInUp\" data-animation-out=\"animate-out fadeOut\">\u00a1Estudia en IES LA R\u00c1BIDA!<\/h1>\n<\/div>\n<\/div>\n<\/div>\n<p><!-- Hero Slide --><\/p>\n<div class=\"hero_slide\">\n<div class=\"hero_slide_background\" style=\"background-image: url('images\/rabida21.jpg')\">&nbsp;<\/div>\n<div class=\"hero_slide_container d-flex flex-column align-items-center justify-content-center\">\n<div class=\"hero_slide_content text-center\">\n<h1 data-animation-in=\"fadeInUp\" data-animation-out=\"animate-out fadeOut\">\u00a1Estudia en IES LA R\u00c1BIDA!<\/h1>\n<\/div>\n<\/div>\n<\/div>\n<\/div>\n<div class=\"hero_slider_left hero_slider_nav trans_200\"><span class=\"trans_200\">&lt;&lt;&lt;<\/span><\/div>\n<div class=\"hero_slider_right hero_slider_nav trans_200\"><span class=\"trans_200\">&gt;&gt;&gt;<\/span><\/div>\n<\/div>\n<\/div>\n<div class=\"hero_boxes\">\n<div class=\"hero_boxes_inner\">\n<div class=\"container\">\n<div class=\"row\">\n<div class=\"col-lg-4 hero_box_col\">\n<div class=\"hero_box d-flex flex-row align-items-center justify-content-start\"><img decoding=\"async\" class=\"svg\" src=\"images\/earth-globe.svg\" alt=\"\"><\/p>\n<div class=\"hero_box_content\">\n<h2 class=\"hero_box_title\">Ense\u00f1anza semipresencial<\/h2>\n<p><a class=\"hero_box_link\" href=\"semipresencial.html\">ver m\u00e1s<\/a><\/p>\n<\/div>\n<\/div>\n<\/div>\n<div class=\"col-lg-4 hero_box_col\">\n<div class=\"hero_box d-flex flex-row align-items-center justify-content-start\"><img decoding=\"async\" class=\"svg\" src=\"images\/books.svg\" alt=\"\"><\/p>\n<div class=\"hero_box_content\">\n<h2 class=\"hero_box_title\">Nuestra biblioteca<\/h2>\n<p><a class=\"hero_box_link\" href=\"biblioteca.html\">ver m\u00e1s<\/a><\/p>\n<\/div>\n<\/div>\n<\/div>\n<div class=\"col-lg-4 hero_box_col\">\n<div class=\"hero_box d-flex flex-row align-items-center justify-content-start\"><img decoding=\"async\" class=\"svg\" src=\"images\/professor.svg\" alt=\"\"><\/p>\n<div class=\"hero_box_content\">\n<h2 class=\"hero_box_title\">Blogs del profesorado<\/h2>\n<p><a class=\"hero_box_link\" href=\"blogs.html\">ver m\u00e1s<\/a><\/p>\n<\/div>\n<\/div>\n<\/div>\n<\/div>\n<\/div>\n<\/div>\n<\/div>\n<p><!-- Popular --><\/p>\n<div class=\"popular page_section\">\n<div class=\"container\">\n<div class=\"row\">\n<div class=\"col\">\n<div class=\"section_title text-center\">\n<h1>Nuestros proyectos<\/h1>\n<\/div>\n<\/div>\n<\/div>\n<div class=\"elements\">\n<div class=\"buttons\">\n<div class=\"container\">\n<div class=\"row\">\n<div class=\"col\">\n<div class=\"buttons_container\">\n<div class=\"button button_1 register_button mx-auto trans_200 text-center\"><a href=\"nuestrosproyectos.html\">Ver otros proyectos<\/a><\/div>\n<\/div>\n<\/div>\n<\/div>\n<\/div>\n<\/div>\n<\/div>\n<div class=\"row course_boxes\">\n<p><!-- Popular Course Item --><\/p>\n<div class=\"col-lg-4 course_box\">\n<div class=\"card\"><img decoding=\"async\" class=\"card-img-top\" src=\"images\/fondosocialeuropeo.png\" height=\"250px\"><\/p>\n<div class=\"card-body text-center\">\n<div class=\"card-title\"><a href=\"erasmus.html\">Erasmus+<\/a><\/div>\n<div class=\"card-text\">Comprometidos con Europa<\/div>\n<\/div>\n<\/div>\n<\/div>\n<p><!-- Popular Course Item --><\/p>\n<div class=\"col-lg-4 course_box\">\n<div class=\"card\"><img decoding=\"async\" class=\"card-img-top\" src=\"images\/course_2.jpg\" height=\"250px\"><\/p>\n<div class=\"card-body text-center\">\n<div class=\"card-title\"><a href=\"tic.html\">Centro TIC<\/a><\/div>\n<div class=\"card-text\">Usamos las nuevas tecnolog\u00edas<\/div>\n<\/div>\n<\/div>\n<\/div>\n<p><!-- Popular Course Item --><\/p>\n<div class=\"col-lg-4 course_box\">\n<div class=\"card\"><img decoding=\"async\" class=\"card-img-top\" src=\"images\/course_3.jpg\" height=\"250px\"><\/p>\n<div class=\"card-body text-center\">\n<div class=\"card-title\"><a href=\"escuelaespaciodepaz.html\">Escuela Espacio de Paz<\/a><\/div>\n<div class=\"card-text\">La convivencia es uno de nuestros pilares<\/div>\n<\/div>\n<\/div>\n<\/div>\n<\/div>\n<\/div>\n<\/div>\n<p><!-- Register --><\/p>\n<div class=\"register\">\n<div class=\"container-fluid\">\n<div class=\"row row-eq-height\">\n<div class=\"col-lg-6 nopadding\">\n<p><!-- Register --><\/p>\n<div class=\"register_section d-flex flex-column align-items-center justify-content-center\">\n<div class=\"register_content text-center\">\n<h1 class=\"register_title\">Desde aqu\u00ed, todo el alumnado puede acceder a la plataforma MOODLE del Centro<\/h1>\n<p class=\"register_text\">En ella podr\u00e1s encontrar archivos, esquemas, enlaces,&#8230; que el profesorado te propone para mejorar tu formaci\u00f3n.<\/p>\n<div class=\"button button_1 register_button mx-auto trans_200\"><a href=\"https:\/\/educacionadistancia.juntadeandalucia.es\/centros\/login\/index.php\">\u00a1Accede ahora!<\/a><\/div>\n<\/div>\n<\/div>\n<\/div>\n<div class=\"col-lg-6 nopadding\">\n<p><!-- Search --><\/p>\n<div class=\"search_section d-flex flex-column align-items-center justify-content-center\"><img decoding=\"async\" class=\"card-img-top\" src=\"images\/logo_moodle_centros.svg\"><\/div>\n<\/div>\n<\/div>\n<\/div>\n<\/div>\n<p><!-- Services --><\/p>\n<div class=\"services page_section\">\n<div class=\"container\">\n<div class=\"row\">\n<div class=\"col\">\n<div class=\"section_title text-center\">\n<h1>En nuestro centro encontrar\u00e1s&#8230;<\/h1>\n<\/div>\n<\/div>\n<\/div>\n<div class=\"row services_row\">\n<div class=\"col-lg-4 service_item text-left d-flex flex-column align-items-start justify-content-start\">\n<div class=\"icon_container d-flex flex-column justify-content-end\"><img decoding=\"async\" src=\"images\/earth-globe.svg\" alt=\"\"><\/div>\n<h3><a href=\"erasmus.html\">Viajes, intercambios,&#8230;<\/a><\/h3>\n<p>Nuestro centro realiza intercambios para reforzar el aprendizaje de los idiomas ingl\u00e9s y fr\u00e1nces.<\/p>\n<\/div>\n<div class=\"col-lg-4 service_item text-left d-flex flex-column align-items-start justify-content-start\">\n<div class=\"icon_container d-flex flex-column justify-content-end\"><img decoding=\"async\" src=\"images\/exam.svg\" alt=\"\"><\/div>\n<h3><a href=\"ensenanzas.html\">La mejor preparaci\u00f3n<\/a><\/h3>\n<p>Podr\u00e1s afrontar las pruebas de acceso a la universidad con la mejor preparaci\u00f3n posible.<\/p>\n<\/div>\n<div class=\"col-lg-4 service_item text-left d-flex flex-column align-items-start justify-content-start\">\n<div class=\"icon_container d-flex flex-column justify-content-end\"><img decoding=\"async\" src=\"images\/books.svg\" alt=\"\"><\/div>\n<h3><a href=\"biblioteca.html\">Una biblioteca de ensue\u00f1o<\/a><\/h3>\n<p>En nuestra biblioteca podras consultar libros antiguos as\u00ed como tomar en pr\u00e9stamo novelas, comics,&#8230;<\/p>\n<\/div>\n<div class=\"col-lg-4 service_item text-left d-flex flex-column align-items-start justify-content-start\">\n<div class=\"icon_container d-flex flex-column justify-content-end\"><img decoding=\"async\" src=\"images\/professor.svg\" alt=\"\"><\/div>\n<h3><a href=\"profesorado.html\">El mejor profesorado<\/a><\/h3>\n<p>Nuestro profesorado est\u00e1 en continua formaci\u00f3n para tratar de obtener el mejor rendimiento del alumnado.<\/p>\n<\/div>\n<div class=\"col-lg-4 service_item text-left d-flex flex-column align-items-start justify-content-start\">\n<div class=\"icon_container d-flex flex-column justify-content-end\"><img decoding=\"async\" src=\"images\/blackboard.svg\" alt=\"\"><\/div>\n<h3><a href=\"http:\/\/vicedireccionrabida.blogspot.com\/\">Actividades extraescolares<\/a><\/h3>\n<p>El grupo de teatro del centro realiza diversas actuaciones a lo largo del curso. \u00a1\u00danete!<\/p>\n<\/div>\n<div class=\"col-lg-4 service_item text-left d-flex flex-column align-items-start justify-content-start\">\n<div class=\"icon_container d-flex flex-column justify-content-end\"><img decoding=\"async\" src=\"images\/mortarboard.svg\" alt=\"\"><\/div>\n<h3><a href=\"erasmus.html\">B1-B2 ingl\u00e9s-franc\u00e9s<\/a><\/h3>\n<p>Te ofrecemos una preparaci\u00f3n espec\u00edfica para obtener el t\u00edtulo B1-B2 en ingl\u00e9s y franc\u00e9s.<\/p>\n<\/div>\n<\/div>\n<\/div>\n<\/div>\n<p><!-- Testimonials --><\/p>\n<div class=\"testimonials page_section\">&lt;!&#8211;<\/p>\n<div class=\"testimonials_background\" style=\"background-image:url(images\/graduacion.jpg)\"><\/div>\n<p>&#8211;&gt;<\/p>\n<div class=\"testimonials_background_container prlx_parent\">\n<div class=\"testimonials_background prlx\" style=\"background-image: url('images\/graduacion.jpg')\">&nbsp;<\/div>\n<\/div>\n<div class=\"container\">\n<div class=\"row\">\n<div class=\"col\">\n<div class=\"section_title text-center\">\n<h1>Esto es lo que opinan nuestros estudiantes<\/h1>\n<\/div>\n<\/div>\n<\/div>\n<div class=\"row\">\n<div class=\"col-lg-10 offset-lg-1\">\n<div class=\"testimonials_slider_container\">\n<p><!-- Testimonials Slider --><\/p>\n<div class=\"owl-carousel owl-theme testimonials_slider\">\n<p><!-- Testimonials Item --><\/p>\n<div class=\"owl-item\">\n<div class=\"testimonials_item text-center\">\n<div class=\"quote\">\u201c<\/div>\n<p class=\"testimonials_text\">Gracias a la ayuda de los profesores, no s\u00f3lo obtuve una buena nota en la prueba de acceso a la universidad, sino que el primer a\u00f1o en la carrera no fue tan complicado por la base que llevaba del instituto.<\/p>\n<div class=\"testimonial_user\">\n<div class=\"testimonial_image mx-auto\"><img decoding=\"async\" src=\"images\/graduation-chico.jpg\" alt=\"\"><\/div>\n<div class=\"testimonial_name\">Antonio L\u00f3pez<\/div>\n<div class=\"testimonial_title\">Ex-Alumno<\/div>\n<\/div>\n<\/div>\n<\/div>\n<p><!-- Testimonials Item --><\/p>\n<div class=\"owl-item\">\n<div class=\"testimonials_item text-center\">\n<div class=\"quote\">\u201c<\/div>\n<p class=\"testimonials_text\">No s\u00f3lo saqu\u00e9 el t\u00edtulo B2 de franc\u00e9s e ingl\u00e9s, lo mejor es que gracias a ello puede conseguir una beca para pasar un mes en el extranjero.<\/p>\n<div class=\"testimonial_user\">\n<div class=\"testimonial_image mx-auto\"><img decoding=\"async\" src=\"images\/graduation-chica.jpg\" alt=\"\"><\/div>\n<div class=\"testimonial_name\">M\u00aa Jos\u00e9 Rodr\u00edguez<\/div>\n<div class=\"testimonial_title\">Alumna de 4\u00ba ESO<\/div>\n<\/div>\n<\/div>\n<\/div>\n<p><!-- Testimonials Item --><\/p>\n<div class=\"owl-item\">\n<div class=\"testimonials_item text-center\">\n<div class=\"quote\">\u201c<\/div>\n<p class=\"testimonials_text\">Gracias a los nuevos compa\u00f1eros y a los profesores, el cambio del colegio al instituto no fue dif\u00edcil. Pronto hice muchos amigos y las asignaturas no eran tan dif\u00edciles.<\/p>\n<div class=\"testimonial_user\">\n<div class=\"testimonial_image mx-auto\"><img decoding=\"async\" src=\"images\/graduation-nina.jpg\" alt=\"\"><\/div>\n<div class=\"testimonial_name\">Luc\u00eda P\u00e9rez<\/div>\n<div class=\"testimonial_title\">Alumna de 1\u00ba ESO<\/div>\n<\/div>\n<\/div>\n<\/div>\n<\/div>\n<\/div>\n<\/div>\n<\/div>\n<\/div>\n<\/div>\n<p><!-- Events --><\/p>\n<p>&lt;!&#8211;<\/p>\n<div class=\"events page_section\">\n<div class=\"container\">\n<div class=\"row\">\n<div class=\"col\">\n<div class=\"section_title text-center\">\n<h1>Pr\u00f3ximos eventos<\/h1>\n<\/div>\n<\/div>\n<\/div>\n<div class=\"event_items\">\n<p>&#8211;&gt; <!-- Event Item --><br \/>\n&lt;!&#8211;<\/p>\n<div class=\"row event_item\">\n<div class=\"col\">\n<div class=\"row d-flex flex-row align-items-end\">\n<div class=\"col-lg-2 order-lg-1 order-2\">\n<div class=\"event_date d-flex flex-column align-items-center justify-content-center\">\n<div class=\"event_day\">28<\/div>\n<div class=\"event_month\">Febrero<\/div>\n<\/div>\n<\/div>\n<div class=\"col-lg-6 order-lg-2 order-3\">\n<div class=\"event_content\">\n<div class=\"event_name\"><a class=\"trans_200\" href=\"#\">D\u00eda de Andaluc\u00eda<\/a><\/div>\n<div class=\"event_location\">Vest\u00edbulo del instituto<\/div>\n<p>Exposici\u00f3n de carteles elaborados por el alumnado.<\/p>\n<\/div>\n<\/div>\n<div class=\"col-lg-4 order-lg-3 order-1\">\n<div class=\"event_image\">\n\t\t\t\t\t\t\t\t\t<img decoding=\"async\" src=\"images\/event_1.jpg\" alt=\"https:\/\/unsplash.com\/@theunsteady5\"><\/div>\n<\/div>\n<\/div>\n<\/div>\n<\/div>\n<p>&#8211;&gt; <!-- Event Item --><br \/>\n&lt;!&#8211;<\/p>\n<div class=\"row event_item\">\n<div class=\"col\">\n<div class=\"row d-flex flex-row align-items-end\">\n<div class=\"col-lg-2 order-lg-1 order-2\">\n<div class=\"event_date d-flex flex-column align-items-center justify-content-center\">\n<div class=\"event_day\">08<\/div>\n<div class=\"event_month\">Marzo<\/div>\n<\/div>\n<\/div>\n<div class=\"col-lg-6 order-lg-2 order-3\">\n<div class=\"event_content\">\n<div class=\"event_name\"><a class=\"trans_200\" href=\"#\">D\u00eda de la Mujer Trabajadora<\/a><\/div>\n<div class=\"event_location\">Todo el instituto<\/div>\n<p>En el vest\u00edvulo del instituto se leer\u00e1 un manifiesto. El grupo de teatro realizar\u00e1 una \u00abperformance\u00bb en diferentes aulas.<\/p>\n<\/div>\n<\/div>\n<div class=\"col-lg-4 order-lg-3 order-1\">\n<div class=\"event_image\">\n\t\t\t\t\t\t\t\t\t<img decoding=\"async\" src=\"images\/event_2.jpg\" alt=\"https:\/\/unsplash.com\/@claybanks1989\"><\/div>\n<\/div>\n<\/div>\n<\/div>\n<\/div>\n<p>&#8211;&gt; <!-- Event Item --><br \/>\n&lt;!&#8211;<\/p>\n<div class=\"row event_item\">\n<div class=\"col\">\n<div class=\"row d-flex flex-row align-items-end\">\n<div class=\"col-lg-2 order-lg-1 order-2\">\n<div class=\"event_date d-flex flex-column align-items-center justify-content-center\">\n<div class=\"event_day\">30<\/div>\n<div class=\"event_month\">Mayo<\/div>\n<\/div>\n<\/div>\n<div class=\"col-lg-6 order-lg-2 order-3\">\n<div class=\"event_content\">\n<div class=\"event_name\"><a class=\"trans_200\" href=\"#\">Ceremonia de graduaci\u00f3n 2\u00ba Bachillerato<\/a><\/div>\n<div class=\"event_location\">Casa Col\u00f3n<\/div>\n<p>Celebraremos el acto de graduaci\u00f3n del alumnado de 2\u00ba de bachillerato. Todos juntos acompa\u00f1aremos a los alumnos en uno de los d\u00edas m\u00e1s importantes para ellos, para sus familias y para sus profesores.<\/p>\n<\/div>\n<\/div>\n<div class=\"col-lg-4 order-lg-3 order-1\">\n<div class=\"event_image\">\n\t\t\t\t\t\t\t\t\t<img decoding=\"async\" src=\"images\/event_3.jpg\" alt=\"https:\/\/unsplash.com\/@juanmramosjr\"><\/div>\n<\/div>\n<\/div>\n<\/div>\n<\/div>\n<\/div>\n<\/div>\n<\/div>\n<p>&#8211;&gt; <!-- Footer --><\/p>\n<footer class=\"footer\">\n<div class=\"container\">\n<p><!-- Footer Content --><\/p>\n<div class=\"footer_content\">\n<div class=\"row\">\n<p><!-- Footer Column - About --><\/p>\n<div class=\"col-lg-3 footer_col\">\n<p><!-- Logo --><\/p>\n<div class=\"logo_container\">\n<div class=\"logo\"><img decoding=\"async\" src=\"images\/logoRABIDA_50x.png\" alt=\"\"><br \/>\nIES La R\u00e1bida<\/div>\n<\/div>\n<p class=\"footer_about_text\">M\u00e1s de 150 a\u00f1os formando a los j\u00f3venes de Huelva y su provincia nos avalan.<\/p>\n<\/div>\n<p><!-- Footer Column - Menu --><\/p>\n<div class=\"col-lg-3 footer_col\">\n<div class=\"footer_column_title\">Menu<\/div>\n<div class=\"footer_column_content\">\n<ul>\n<li class=\"footer_list_item\"><a href=\"index.html\">Inicio<\/a><\/li>\n<li class=\"footer_list_item\"><a href=\"nuestrocentro.html\">Nuestro Centro<\/a><\/li>\n<li class=\"footer_list_item\"><a href=\"curso.html\">Curso 2020\/21<\/a><\/li>\n<li class=\"footer_list_item\"><a href=\"news.html\">Novedades<\/a><\/li>\n<li class=\"footer_list_item\"><a href=\"contacto.html\">Contacto<\/a><\/li>\n<\/ul>\n<\/div>\n<\/div>\n<p><!-- Footer Column - Usefull Links --><\/p>\n<div class=\"col-lg-3 footer_col\">\n<div class=\"footer_column_title\">Enlaces de utilidad<\/div>\n<div class=\"footer_column_content\">\n<ul>\n<li class=\"footer_list_item\"><a href=\"https:\/\/www.juntadeandalucia.es\/educacion\/portalseneca\/web\/seneca\/inicio\">S\u00c9NECA<\/a><\/li>\n<li class=\"footer_list_item\"><a href=\"https:\/\/www.juntadeandalucia.es\/educacion\/portalseneca\/web\/pasen\/inicio\">PASEN<\/a><\/li>\n<li class=\"footer_list_item\"><a href=\"http:\/\/www.juntadeandalucia.es\/educacion\/portals\/web\/ced\">Consejer\u00eda de Educaci\u00f3n<\/a><\/li>\n<li class=\"footer_list_item\"><a href=\"http:\/\/www.uhu.es\/gestion.academica\/acceso\/acceso.htm\">Universidad de Huelva<\/a><\/li>\n<\/ul>\n<\/div>\n<\/div>\n<p><!-- Footer Column - Contact --><\/p>\n<div class=\"col-lg-3 footer_col\">\n<div class=\"footer_column_title\">Contacto<\/div>\n<div class=\"footer_column_content\">\n<ul>\n<li class=\"footer_contact_item\">\n<div class=\"footer_contact_icon\"><img decoding=\"async\" src=\"images\/placeholder.svg\" alt=\"https:\/\/www.flaticon.com\/authors\/lucy-g\"><\/div>\n<p>Avda. Manuel Siurot, 9<\/p>\n<div>21004 &#8211; Huelva<\/div>\n<\/li>\n<li class=\"footer_contact_item\">\n<div class=\"footer_contact_icon\"><img decoding=\"async\" src=\"images\/smartphone.svg\" alt=\"https:\/\/www.flaticon.com\/authors\/lucy-g\"><\/div>\n<p>671 59 80 27<\/li>\n<li class=\"footer_contact_item\">\n<div class=\"footer_contact_icon\"><img decoding=\"async\" src=\"images\/envelope.svg\" alt=\"https:\/\/www.flaticon.com\/authors\/lucy-g\"><\/div>\n<p>iesrabida@gmail.com<\/li>\n<\/ul>\n<\/div>\n<\/div>\n<\/div>\n<\/div>\n<p><!-- Footer Copyright --><\/p>\n<div class=\"footer_bar d-flex flex-column flex-sm-row align-items-center\">\n<div class=\"footer_copyright\"><!-- Link back to Colorlib can't be removed. Template is licensed under CC BY 3.0. --><br \/>\nCopyright \u00a9document.write(new Date().getFullYear()); All rights reserved | This template is made with <i class=\"fa fa-heart\" aria-hidden=\"true\"><\/i> by <a href=\"https:\/\/colorlib.com\" target=\"_blank\" rel=\"noopener noreferrer\">Colorlib<\/a><br \/>\n<!-- Link back to Colorlib can't be removed. Template is licensed under CC BY 3.0. --><\/div>\n<div class=\"footer_social ml-sm-auto\">\n<ul class=\"menu_social menu_mm\">\n<li class=\"menu_social_item menu_mm\">&nbsp;<\/li>\n<li class=\"menu_social_item menu_mm\">&nbsp;<\/li>\n<\/ul>\n<\/div>\n<\/div>\n<\/div>\n<\/footer>\n<\/div>\n<p><a href=\"http:\/\/js\/jquery-3.2.1.min.js\">http:\/\/js\/jquery-3.2.1.min.js<\/a><br \/>\n<a href=\"http:\/\/styles\/bootstrap4\/popper.js\">http:\/\/styles\/bootstrap4\/popper.js<\/a><br \/>\n<a href=\"http:\/\/styles\/bootstrap4\/bootstrap.min.js\">http:\/\/styles\/bootstrap4\/bootstrap.min.js<\/a><br \/>\n<a href=\"http:\/\/plugins\/greensock\/TweenMax.min.js\">http:\/\/plugins\/greensock\/TweenMax.min.js<\/a><br \/>\n<a href=\"http:\/\/plugins\/greensock\/TimelineMax.min.js\">http:\/\/plugins\/greensock\/TimelineMax.min.js<\/a><br \/>\n<a href=\"http:\/\/plugins\/scrollmagic\/ScrollMagic.min.js\">http:\/\/plugins\/scrollmagic\/ScrollMagic.min.js<\/a><br \/>\n<a href=\"http:\/\/plugins\/greensock\/animation.gsap.min.js\">http:\/\/plugins\/greensock\/animation.gsap.min.js<\/a><br \/>\n<a href=\"http:\/\/plugins\/greensock\/ScrollToPlugin.min.js\">http:\/\/plugins\/greensock\/ScrollToPlugin.min.js<\/a><br \/>\n<a href=\"http:\/\/plugins\/OwlCarousel2-2.2.1\/owl.carousel.js\">http:\/\/plugins\/OwlCarousel2-2.2.1\/owl.carousel.js<\/a><br \/>\n<a href=\"http:\/\/plugins\/scrollTo\/jquery.scrollTo.min.js\">http:\/\/plugins\/scrollTo\/jquery.scrollTo.min.js<\/a><br \/>\n<a href=\"http:\/\/plugins\/easing\/easing.js\">http:\/\/plugins\/easing\/easing.js<\/a><br \/>\n<a href=\"http:\/\/js\/custom.js\">http:\/\/js\/custom.js<\/a><\/p>\n<p>&nbsp;<\/p>\n","protected":false},"excerpt":{"rendered":"<p>&nbsp; IES La R\u00e1bida inicio nuestro centro curso 2020\/21 novedades contacto 671 59 80 27 &nbsp; &nbsp; Inicio Nuestro Centro Curso 2020\/21 Novedades Contacto &nbsp; &nbsp; Colorlib All rights reserved &nbsp; \u00a1Estudia en IES&#46;&#46;&#46;<\/p>\n","protected":false},"author":10299,"featured_media":0,"parent":0,"menu_order":0,"comment_status":"closed","ping_status":"closed","template":"","meta":{"ngg_post_thumbnail":0,"footnotes":"","_mc_calendar":[]},"aioseo_notices":[],"_links":{"self":[{"href":"https:\/\/blogsaverroes.juntadeandalucia.es\/ieslarabida\/wp-json\/wp\/v2\/pages\/2445"}],"collection":[{"href":"https:\/\/blogsaverroes.juntadeandalucia.es\/ieslarabida\/wp-json\/wp\/v2\/pages"}],"about":[{"href":"https:\/\/blogsaverroes.juntadeandalucia.es\/ieslarabida\/wp-json\/wp\/v2\/types\/page"}],"author":[{"embeddable":true,"href":"https:\/\/blogsaverroes.juntadeandalucia.es\/ieslarabida\/wp-json\/wp\/v2\/users\/10299"}],"replies":[{"embeddable":true,"href":"https:\/\/blogsaverroes.juntadeandalucia.es\/ieslarabida\/wp-json\/wp\/v2\/comments?post=2445"}],"version-history":[{"count":1,"href":"https:\/\/blogsaverroes.juntadeandalucia.es\/ieslarabida\/wp-json\/wp\/v2\/pages\/2445\/revisions"}],"predecessor-version":[{"id":2446,"href":"https:\/\/blogsaverroes.juntadeandalucia.es\/ieslarabida\/wp-json\/wp\/v2\/pages\/2445\/revisions\/2446"}],"wp:attachment":[{"href":"https:\/\/blogsaverroes.juntadeandalucia.es\/ieslarabida\/wp-json\/wp\/v2\/media?parent=2445"}],"curies":[{"name":"wp","href":"https:\/\/api.w.org\/{rel}","templated":true}]}}