{"id":3919,"date":"2020-11-30T20:03:31","date_gmt":"2020-11-30T20:03:31","guid":{"rendered":"http:\/\/blogsaverroes.juntadeandalucia.es\/ieslaribera\/?page_id=3919"},"modified":"2021-04-01T11:01:15","modified_gmt":"2021-04-01T11:01:15","slug":"zona-tde-profesores","status":"publish","type":"page","link":"https:\/\/blogsaverroes.juntadeandalucia.es\/ieslaribera\/zona-tde-profesores\/","title":{"rendered":"Zona TDE Profesores"},"content":{"rendered":"<table style=\"border-collapse: collapse;width: 90.1316%;height: 98px\">\n<tbody>\n<tr>\n<td style=\"width: 100%\">\n<h5 class=\"et_pb_toggle_title\" style=\"text-align: left\"><span style=\"color: #800080\">Moodle Centros<\/span><\/h5>\n<div class=\"et_pb_toggle_content clearfix\">\n<p style=\"text-align: left\"><a href=\"https:\/\/www.youtube.com\/playlist?list=PLJkk1L3HGsMkBqY_g9xD6to-YFka86alc\">Playlist de youtube sobre formaci\u00f3n en Moodle Centros<\/a><\/p>\n<p style=\"text-align: left\"><a href=\"http:\/\/agrega.juntadeandalucia.es\/repositorio\/09122020\/98\/es-an_2020120911_9092449\/rol_profesorado\/index.html\">Gu\u00eda b\u00e1sica. Moodle Centros. Rol Profesorado<\/a><\/p>\n<\/div>\n<\/td>\n<\/tr>\n<tr>\n<td style=\"width: 100%\">\n<h5 class=\"et_pb_toggle_title\" style=\"text-align: left\"><span style=\"color: #800080\">ExeLearning<\/span><\/h5>\n<div class=\"et_pb_toggle_content clearfix\">\n<p style=\"text-align: justify\"><a href=\"http:\/\/descargas.educalab.es\/cedec\/exe_learning\/Manuales\/manual_exe25\/\">Manual de exeLearning<\/a><\/p>\n<p style=\"text-align: justify\"><a href=\"https:\/\/www.youtube.com\/watch?v=iqk-RiBVrkY\">Secuencias did\u00e1cticas con exeLearning<\/a><\/p>\n<\/div>\n<\/td>\n<\/tr>\n<tr>\n<td style=\"width: 100%\">\n<h5 class=\"et_pb_toggle_title\" style=\"text-align: justify\"><span style=\"color: #800080\">Aplicaciones S\u00e9neca<\/span><\/h5>\n<div class=\"et_pb_toggle_content clearfix\">\n<p style=\"text-align: justify\"><a href=\"https:\/\/view.genial.ly\/5d7fa1bb565c910f6e39c6f5\">Programar en S\u00e9neca<\/a><\/p>\n<p style=\"text-align: justify\"><a href=\"https:\/\/view.genial.ly\/5d7e83dc99e4720f340a6c94\">Todo sobre iS\u00e9neca<\/a><\/p>\n<p style=\"text-align: justify\"><a href=\"https:\/\/view.genial.ly\/5db77838185cbb2bcc2b0742\">Cuaderno de clase en S\u00e9neca<\/a><\/p>\n<p style=\"text-align: justify\"><a href=\"https:\/\/view.genial.ly\/5e2ea8fa35ef460490c50afd\">Utilizaci\u00f3n de iPasen<\/a><\/p>\n<h5 class=\"h6 font-weight-bold mb-0\" style=\"text-align: left\" data-region-content=\"forum-post-core-subject\" data-reply-subject=\"Re: Videotutoriales sobre EducaAndos 20.04\"><span style=\"color: #800080\">Videotutoriales sobre EducaAndos 20.04<\/span><\/h5>\n<p><iframe title=\"01- EducaAndos 20.04 (guadalinex) - PRIMEROS PASOS - Nuevos ordenadores Educaci\u00f3n Andaluc\u00eda\" width=\"500\" height=\"281\" src=\"https:\/\/www.youtube.com\/embed\/l7gyFPuD32o?feature=oembed&#038;wmode=opaque\" frameborder=\"0\" allow=\"accelerometer; autoplay; clipboard-write; encrypted-media; gyroscope; picture-in-picture\" allowfullscreen><\/iframe><\/p>\n<\/div>\n<\/td>\n<\/tr>\n<\/tbody>\n<\/table>\n","protected":false},"excerpt":{"rendered":"<p>Moodle Centros Playlist de youtube sobre formaci\u00f3n en Moodle Centros Gu\u00eda b\u00e1sica. Moodle Centros. Rol Profesorado ExeLearning Manual de exeLearning Secuencias did\u00e1cticas con exeLearning Aplicaciones S\u00e9neca Programar en S\u00e9neca Todo sobre iS\u00e9neca Cuaderno de&#46;&#46;&#46;<\/p>\n","protected":false},"author":1988,"featured_media":0,"parent":0,"menu_order":0,"comment_status":"closed","ping_status":"closed","template":"","meta":{"ngg_post_thumbnail":0,"footnotes":"","_mc_calendar":[]},"aioseo_notices":[],"_links":{"self":[{"href":"https:\/\/blogsaverroes.juntadeandalucia.es\/ieslaribera\/wp-json\/wp\/v2\/pages\/3919"}],"collection":[{"href":"https:\/\/blogsaverroes.juntadeandalucia.es\/ieslaribera\/wp-json\/wp\/v2\/pages"}],"about":[{"href":"https:\/\/blogsaverroes.juntadeandalucia.es\/ieslaribera\/wp-json\/wp\/v2\/types\/page"}],"author":[{"embeddable":true,"href":"https:\/\/blogsaverroes.juntadeandalucia.es\/ieslaribera\/wp-json\/wp\/v2\/users\/1988"}],"replies":[{"embeddable":true,"href":"https:\/\/blogsaverroes.juntadeandalucia.es\/ieslaribera\/wp-json\/wp\/v2\/comments?post=3919"}],"version-history":[{"count":9,"href":"https:\/\/blogsaverroes.juntadeandalucia.es\/ieslaribera\/wp-json\/wp\/v2\/pages\/3919\/revisions"}],"predecessor-version":[{"id":4122,"href":"https:\/\/blogsaverroes.juntadeandalucia.es\/ieslaribera\/wp-json\/wp\/v2\/pages\/3919\/revisions\/4122"}],"wp:attachment":[{"href":"https:\/\/blogsaverroes.juntadeandalucia.es\/ieslaribera\/wp-json\/wp\/v2\/media?parent=3919"}],"curies":[{"name":"wp","href":"https:\/\/api.w.org\/{rel}","templated":true}]}}