{"id":6224,"date":"2023-11-24T09:31:46","date_gmt":"2023-11-24T09:31:46","guid":{"rendered":"https:\/\/blogsaverroes.juntadeandalucia.es\/ieslaroda\/?page_id=6224"},"modified":"2025-10-30T07:45:35","modified_gmt":"2025-10-30T07:45:35","slug":"programaciones","status":"publish","type":"page","link":"https:\/\/blogsaverroes.juntadeandalucia.es\/ieslaroda\/programaciones\/programaciones\/","title":{"rendered":"Programaciones"},"content":{"rendered":"<p><a href=\"https:\/\/blogsaverroes.juntadeandalucia.es\/ieslaroda\/files\/2025\/10\/PROGRAMACION-DPTO-INGLES-25-26.pdf\">+INGL\u00c9S<\/a><\/p>\n<p>+<a href=\"https:\/\/blogsaverroes.juntadeandalucia.es\/ieslaroda\/files\/2025\/10\/FISICA-Y-QUIMICA.pdf\">F\u00cdSICA Y QU\u00cdMICA<\/a><\/p>\n<p><a href=\"https:\/\/blogsaverroes.juntadeandalucia.es\/ieslaroda\/files\/2025\/10\/TECNOLOGIA-Y-DIGITALIZACION-2.pdf\">+TECNOLOG\u00cdA Y DIGITALIZACI\u00d3N <\/a><\/p>\n<p>+<a href=\"https:\/\/blogsaverroes.juntadeandalucia.es\/ieslaroda\/files\/2025\/10\/AMBITO-LINGUISTICO-Y-SOCIAL.pdf\">\u00c1MBITO LING\u00dc\u00cdSTICO Y SOCIAL<\/a><\/p>\n<p>+<a href=\"https:\/\/blogsaverroes.juntadeandalucia.es\/ieslaroda\/files\/2025\/10\/AMBITO-CIENTIFICO-TECNOLOGICO.pdf\">\u00c1MBITO CIENT\u00cdFICO TECNOL\u00d3GICO<\/a><\/p>\n<p>+<a href=\"https:\/\/blogsaverroes.juntadeandalucia.es\/ieslaroda\/files\/2025\/10\/INICIACION-A-LA-ACTIVIDAE-EMPRENDEDORA-Y-EMPRESARIAL.pdf\">INICIACI\u00d3N A LA ACTIVIDAE EMPRENDEDORA Y EMPRESARIAL<\/a><\/p>\n<p>+L<a href=\"https:\/\/blogsaverroes.juntadeandalucia.es\/ieslaroda\/files\/2025\/10\/APRENDIZAJE-SOCIAL-Y-EMOCIONAL.pdf\">APRENDIZAJE SOCIAL Y EMOCIONAL<\/a><\/p>\n<p>+<a href=\"https:\/\/blogsaverroes.juntadeandalucia.es\/ieslaroda\/files\/2025\/10\/BIOLOGIA-Y-GEOLOGIA.pdf\">BIOLOG\u00cdA Y GEOLOG\u00cdA<\/a><\/p>\n<p><a href=\"https:\/\/blogsaverroes.juntadeandalucia.es\/ieslaroda\/files\/2025\/10\/Programacion-CyR-1-1.pdf\">+COMPUTACI\u00d3N Y ROB\u00d3TICA<\/a><\/p>\n<p>+<a href=\"https:\/\/blogsaverroes.juntadeandalucia.es\/ieslaroda\/files\/2025\/10\/FRANCES.pdf\">FRANC\u00c9S<\/a><\/p>\n<p>+<a href=\"https:\/\/blogsaverroes.juntadeandalucia.es\/ieslaroda\/files\/2025\/10\/MUSICA.pdf\">M\u00daSICA<\/a><\/p>\n<p><a href=\"https:\/\/blogsaverroes.juntadeandalucia.es\/ieslaroda\/files\/2025\/10\/EDUCACION-FISICA.pdf\">+EDUCACI\u00d3N F\u00cdSICA<\/a><\/p>\n<p>+ <a href=\"https:\/\/blogsaverroes.juntadeandalucia.es\/ieslaroda\/files\/2025\/10\/EDUCACION-PLASTICA-VISUAL-Y-AUDIOVISUAL.pdf\">EDUCACI\u00d3N PL\u00c1STICA VISUAL Y AUDIOVISUAL<\/a><\/p>\n<p>+<a href=\"https:\/\/blogsaverroes.juntadeandalucia.es\/ieslaroda\/files\/2025\/10\/MATEMATICAS.pdf\">MATEM\u00c1TICAS<\/a><\/p>\n<p><a href=\"https:\/\/blogsaverroes.juntadeandalucia.es\/ieslaroda\/files\/2025\/10\/1o-y-2o-OyD-25-26.pdf\">+ORATORIA Y DEBATE <\/a><\/p>\n<p>+ <a href=\"https:\/\/blogsaverroes.juntadeandalucia.es\/ieslaroda\/files\/2025\/10\/EXPRESION-ARTISTICA.pdf\">EXPRESI\u00d3N ART\u00cdSTICA<\/a><\/p>\n<p>+<a href=\"https:\/\/blogsaverroes.juntadeandalucia.es\/ieslaroda\/files\/2025\/10\/GEOGRAFIA-E-HISTORIA.pdf\">GEOGRAF\u00cdA E HISTORIA<\/a><\/p>\n<p>+<a href=\"https:\/\/blogsaverroes.juntadeandalucia.es\/ieslaroda\/files\/2025\/10\/EDUCACION-EN-VALORES-CIVICOS-Y-ETICOS.pdf\">EDUCACI\u00d3N EN VALORES C\u00cdVICOS Y \u00c9TICOS<\/a><\/p>\n<p>+<a href=\"https:\/\/blogsaverroes.juntadeandalucia.es\/ieslaroda\/files\/2025\/10\/MATEMATICAS-A.pdf\">MATEM\u00c1TICAS A<\/a><\/p>\n<p>+ <a href=\"https:\/\/blogsaverroes.juntadeandalucia.es\/ieslaroda\/files\/2025\/10\/MATEMATICAS-B.pdf\">MATEM\u00c1TICAS B<\/a><\/p>\n<p>+<a href=\"https:\/\/blogsaverroes.juntadeandalucia.es\/ieslaroda\/files\/2025\/10\/Programacion-Digitalizacion-4o.pdf\">DIGITALIZACI\u00d3N&nbsp; 4\u00ba<\/a><\/p>\n<p>+<a href=\"https:\/\/blogsaverroes.juntadeandalucia.es\/ieslaroda\/files\/2025\/10\/Programacion-Tecnologia-4o.pdf\">TECNOLOG\u00cdA 4\u00ba<\/a><\/p>\n<p>+ <a href=\"https:\/\/blogsaverroes.juntadeandalucia.es\/ieslaroda\/files\/2025\/10\/ECONOMIA-Y-EMPRENDIMIENTO.pdf\">ECONOM\u00cdA Y EMPRENDIMIENTO 4\u00ba<\/a><\/p>\n<p><a href=\"https:\/\/blogsaverroes.juntadeandalucia.es\/ieslaroda\/files\/2025\/10\/DIBUJO-TECNICO.pdf\">+DIBUJO T\u00c9CNICO 4\u00ba<\/a>&nbsp;<\/p>\n<p><a href=\"https:\/\/blogsaverroes.juntadeandalucia.es\/ieslaroda\/files\/2024\/11\/PROGRAMACION-CULTURA-CIENTIFICA.pdf\">CULTURA CIENT\u00cdFICA 4\u00ba<\/a><\/p>\n<p><a href=\"https:\/\/blogsaverroes.juntadeandalucia.es\/ieslaroda\/files\/2023\/11\/FORMACI\u00d3N-Y-ORIENTACI\u00d3N-PERSONAL-Y-PROFESIONAL.pdf\">FORMACI\u00d3N Y ORIENTACI\u00d3N PERSONAL Y PROFESIONAL<\/a><\/p>\n<p><a href=\"https:\/\/blogsaverroes.juntadeandalucia.es\/ieslaroda\/files\/2025\/10\/Programaciones-LCL-25-26.pdf\">+LENGUA CASTELLANA Y LITERATURA <\/a><\/p>\n<p>+<a href=\"https:\/\/blogsaverroes.juntadeandalucia.es\/ieslaroda\/files\/2025\/10\/Programacion-LATIN-25-26.pdf\">LAT\u00cdN <\/a><\/p>\n<p><a href=\"https:\/\/blogsaverroes.juntadeandalucia.es\/ieslaroda\/files\/2025\/10\/Programacion-Cultura-Clasica-25-26.pdf\">+AMPLIACI\u00d3N CULTURA CL\u00c1SICA<\/a><\/p>\n<p>+<a href=\"https:\/\/blogsaverroes.juntadeandalucia.es\/ieslaroda\/files\/2025\/10\/RELIGION-CATOLICA.pdf\">RELIGI\u00d3N CAT\u00d3LICA<\/a><\/p>\n","protected":false},"excerpt":{"rendered":"<p>+INGL\u00c9S +F\u00cdSICA Y QU\u00cdMICA +TECNOLOG\u00cdA Y DIGITALIZACI\u00d3N +\u00c1MBITO LING\u00dc\u00cdSTICO Y SOCIAL +\u00c1MBITO CIENT\u00cdFICO TECNOL\u00d3GICO +INICIACI\u00d3N A LA ACTIVIDAE EMPRENDEDORA Y EMPRESARIAL +LAPRENDIZAJE SOCIAL Y EMOCIONAL +BIOLOG\u00cdA Y GEOLOG\u00cdA +COMPUTACI\u00d3N Y ROB\u00d3TICA +FRANC\u00c9S +M\u00daSICA +EDUCACI\u00d3N&#46;&#46;&#46;<\/p>\n","protected":false},"author":2459,"featured_media":0,"parent":3503,"menu_order":0,"comment_status":"closed","ping_status":"closed","template":"","meta":{"ngg_post_thumbnail":0,"footnotes":"","_mc_calendar":[]},"aioseo_notices":[],"_links":{"self":[{"href":"https:\/\/blogsaverroes.juntadeandalucia.es\/ieslaroda\/wp-json\/wp\/v2\/pages\/6224"}],"collection":[{"href":"https:\/\/blogsaverroes.juntadeandalucia.es\/ieslaroda\/wp-json\/wp\/v2\/pages"}],"about":[{"href":"https:\/\/blogsaverroes.juntadeandalucia.es\/ieslaroda\/wp-json\/wp\/v2\/types\/page"}],"author":[{"embeddable":true,"href":"https:\/\/blogsaverroes.juntadeandalucia.es\/ieslaroda\/wp-json\/wp\/v2\/users\/2459"}],"replies":[{"embeddable":true,"href":"https:\/\/blogsaverroes.juntadeandalucia.es\/ieslaroda\/wp-json\/wp\/v2\/comments?post=6224"}],"version-history":[{"count":33,"href":"https:\/\/blogsaverroes.juntadeandalucia.es\/ieslaroda\/wp-json\/wp\/v2\/pages\/6224\/revisions"}],"predecessor-version":[{"id":7118,"href":"https:\/\/blogsaverroes.juntadeandalucia.es\/ieslaroda\/wp-json\/wp\/v2\/pages\/6224\/revisions\/7118"}],"up":[{"embeddable":true,"href":"https:\/\/blogsaverroes.juntadeandalucia.es\/ieslaroda\/wp-json\/wp\/v2\/pages\/3503"}],"wp:attachment":[{"href":"https:\/\/blogsaverroes.juntadeandalucia.es\/ieslaroda\/wp-json\/wp\/v2\/media?parent=6224"}],"curies":[{"name":"wp","href":"https:\/\/api.w.org\/{rel}","templated":true}]}}