{"id":571,"date":"2023-10-15T19:50:53","date_gmt":"2023-10-15T18:50:53","guid":{"rendered":"https:\/\/blogsaverroes.juntadeandalucia.es\/ieslasencinas\/?page_id=571"},"modified":"2023-11-01T11:26:12","modified_gmt":"2023-11-01T09:26:12","slug":"jornada-escolar","status":"publish","type":"page","link":"https:\/\/blogsaverroes.juntadeandalucia.es\/ieslasencinas\/jornada-escolar\/","title":{"rendered":"Jornada escolar\/ extraescolar"},"content":{"rendered":"<h1 style=\"font-weight: 600\"><span style=\"font-family: 'comic sans ms', sans-serif;font-size: 14pt\">JORNADA ESCOLAR<\/span><\/h1>\n<p><span style=\"font-family: 'comic sans ms', sans-serif;font-size: 14pt\">De lunes a viernes de 8:00 a 14:30 horas.<\/span><\/p>\n<p><span style=\"font-family: 'comic sans ms', sans-serif;font-size: 14pt\"><b><strong>HORARIO DE ADMINISTRACI\u00d3N<\/strong><\/b><\/span><\/p>\n<p><span style=\"font-family: 'comic sans ms', sans-serif;font-size: 14pt\">De<b><strong>&nbsp;<\/strong><\/b> 09:00 a 14:00 horas, todos los d\u00edas<\/span><\/p>\n<p><span style=\"font-size: 14pt\"><span style=\"font-family: 'comic sans ms', sans-serif\">.<\/span><b style=\"font-family: 'comic sans ms', sans-serif\"><strong>BIBLIOTECA<\/strong><\/b><\/span><\/p>\n<p><span style=\"font-family: 'comic sans ms', sans-serif;font-size: 14pt\">De 11:00 a 11:30 horas todos los d\u00edas.<\/span><\/p>\n<p><span style=\"font-family: 'comic sans ms', sans-serif;font-size: 14pt\"><b><strong>HORARIO DE LOS SERVICIOS DEL INSTITUTO<\/strong><\/b><\/span><\/p>\n<p><span style=\"font-family: 'comic sans ms', sans-serif;font-size: 14pt\">El instituto permanecer\u00e1 abierto a disposici\u00f3n de la comunidad educativa, fuera del horario lectivo con los siguientes servicios:<\/span><\/p>\n<p><span style=\"font-family: 'comic sans ms', sans-serif;font-size: 14pt\"><b><strong>PROGRAMA DE REFUERZO, ORIENTACI\u00d3N Y APOYO (PROA)<\/strong><\/b><\/span><\/p>\n<p><span style=\"font-family: 'comic sans ms', sans-serif;font-size: 14pt\">Lunes, mi\u00e9rcoles y jueves<\/span><\/p>\n<p><span style=\"font-family: 'comic sans ms', sans-serif;font-size: 14pt\"><b><strong>M\u00c1S DEPORTE<\/strong><\/b><\/span><\/p>\n<p><span style=\"font-family: 'comic sans ms', sans-serif;font-size: 14pt\">Lunes y Mi\u00e9rcoles, de 16:00 a 17:00 y de 17 :00 a 18:00 horas. Orientaci\u00f3 deportiva.<\/span><\/p>\n<p><span style=\"font-family: 'comic sans ms', sans-serif;font-size: 14pt\">Horario Volleibol por determinar.<\/span><\/p>\n<p><span style=\"font-size: 14pt\"><strong><span style=\"font-family: 'comic sans ms', sans-serif\">CORO<\/span><\/strong><\/span><\/p>\n<p><span style=\"font-family: 'comic sans ms', sans-serif;font-size: 14pt\">Jueves de 17:00&nbsp; a 18:30 horas<\/span><\/p>\n<p><span style=\"font-family: 'comic sans ms', sans-serif;font-size: 14pt\"><b><strong>ATENCI\u00d3N A PADRES<\/strong><\/b><\/span><\/p>\n<p><span style=\"font-family: 'comic sans ms', sans-serif;font-size: 14pt\">Se establecer\u00e1 una hora de atenci\u00f3n a padres los Martes por la tarde, seg\u00fan el art\u00edculo&nbsp;&nbsp;&nbsp;de la Orden del 10 de Agosto de 2010. Se recomienda a los padres pedir cita previa para recabar informaci\u00f3n sobre el alumno\/a.<\/span><\/p>\n","protected":false},"excerpt":{"rendered":"<p>JORNADA ESCOLAR De lunes a viernes de 8:00 a 14:30 horas. HORARIO DE ADMINISTRACI\u00d3N De&nbsp; 09:00 a 14:00 horas, todos los d\u00edas .BIBLIOTECA De 11:00 a 11:30 horas todos los d\u00edas. HORARIO DE LOS&#46;&#46;&#46;<\/p>\n","protected":false},"author":13627,"featured_media":0,"parent":0,"menu_order":0,"comment_status":"closed","ping_status":"closed","template":"","meta":{"ngg_post_thumbnail":0,"footnotes":""},"aioseo_notices":[],"_links":{"self":[{"href":"https:\/\/blogsaverroes.juntadeandalucia.es\/ieslasencinas\/wp-json\/wp\/v2\/pages\/571"}],"collection":[{"href":"https:\/\/blogsaverroes.juntadeandalucia.es\/ieslasencinas\/wp-json\/wp\/v2\/pages"}],"about":[{"href":"https:\/\/blogsaverroes.juntadeandalucia.es\/ieslasencinas\/wp-json\/wp\/v2\/types\/page"}],"author":[{"embeddable":true,"href":"https:\/\/blogsaverroes.juntadeandalucia.es\/ieslasencinas\/wp-json\/wp\/v2\/users\/13627"}],"replies":[{"embeddable":true,"href":"https:\/\/blogsaverroes.juntadeandalucia.es\/ieslasencinas\/wp-json\/wp\/v2\/comments?post=571"}],"version-history":[{"count":8,"href":"https:\/\/blogsaverroes.juntadeandalucia.es\/ieslasencinas\/wp-json\/wp\/v2\/pages\/571\/revisions"}],"predecessor-version":[{"id":854,"href":"https:\/\/blogsaverroes.juntadeandalucia.es\/ieslasencinas\/wp-json\/wp\/v2\/pages\/571\/revisions\/854"}],"wp:attachment":[{"href":"https:\/\/blogsaverroes.juntadeandalucia.es\/ieslasencinas\/wp-json\/wp\/v2\/media?parent=571"}],"curies":[{"name":"wp","href":"https:\/\/api.w.org\/{rel}","templated":true}]}}

<h1 style="font-weight: 600"><span style="font-family: 'comic sans ms', sans-serif;font-size: 14pt">JORNADA ESCOLAR</span></h1>
<p><span style="font-family: 'comic sans ms', sans-serif;font-size: 14pt">De lunes a viernes de 8:00 a 14:30 horas.</span></p>
<p><span style="font-family: 'comic sans ms', sans-serif;font-size: 14pt"><b><strong>HORARIO DE ADMINISTRACIÓN</strong></b></span></p>
<p><span style="font-family: 'comic sans ms', sans-serif;font-size: 14pt">De<b><strong>&nbsp;</strong></b> 09:00 a 14:00 horas, todos los días</span></p>
<p><span style="font-size: 14pt"><span style="font-family: 'comic sans ms', sans-serif">.</span><b style="font-family: 'comic sans ms', sans-serif"><strong>BIBLIOTECA</strong></b></span></p>
<p><span style="font-family: 'comic sans ms', sans-serif;font-size: 14pt">De 11:00 a 11:30 horas todos los días.</span></p>
<p><span style="font-family: 'comic sans ms', sans-serif;font-size: 14pt"><b><strong>HORARIO DE LOS SERVICIOS DEL INSTITUTO</strong></b></span></p>
<p><span style="font-family: 'comic sans ms', sans-serif;font-size: 14pt">El instituto permanecerá abierto a disposición de la comunidad educativa, fuera del horario lectivo con los siguientes servicios:</span></p>
<p><span style="font-family: 'comic sans ms', sans-serif;font-size: 14pt"><b><strong>PROGRAMA DE REFUERZO, ORIENTACIÓN Y APOYO (PROA)</strong></b></span></p>
<p><span style="font-family: 'comic sans ms', sans-serif;font-size: 14pt">Lunes, miércoles y jueves</span></p>
<p><span style="font-family: 'comic sans ms', sans-serif;font-size: 14pt"><b><strong>MÁS DEPORTE</strong></b></span></p>
<p><span style="font-family: 'comic sans ms', sans-serif;font-size: 14pt">Lunes y Miércoles, de 16:00 a 17:00 y de 17 :00 a 18:00 horas. Orientació deportiva.</span></p>
<p><span style="font-family: 'comic sans ms', sans-serif;font-size: 14pt">Horario Volleibol por determinar.</span></p>
<p><span style="font-size: 14pt"><strong><span style="font-family: 'comic sans ms', sans-serif">CORO</span></strong></span></p>
<p><span style="font-family: 'comic sans ms', sans-serif;font-size: 14pt">Jueves de 17:00&nbsp; a 18:30 horas</span></p>
<p><span style="font-family: 'comic sans ms', sans-serif;font-size: 14pt"><b><strong>ATENCIÓN A PADRES</strong></b></span></p>
<p><span style="font-family: 'comic sans ms', sans-serif;font-size: 14pt">Se establecerá una hora de atención a padres los Martes por la tarde, según el artículo&nbsp;&nbsp;&nbsp;de la Orden del 10 de Agosto de 2010. Se recomienda a los padres pedir cita previa para recabar información sobre el alumno/a.</span></p>

<p>JORNADA ESCOLAR De lunes a viernes de 8:00 a 14:30 horas. HORARIO DE ADMINISTRACIÓN De&nbsp; 09:00 a 14:00 horas, todos los días .BIBLIOTECA De 11:00 a 11:30 horas todos los días. HORARIO DE LOS&#46;&#46;&#46;</p>
