{"id":751,"date":"2023-10-21T21:42:56","date_gmt":"2023-10-21T19:42:56","guid":{"rendered":"https:\/\/blogsaverroes.juntadeandalucia.es\/ieslasencinas\/?page_id=751"},"modified":"2026-01-12T18:52:50","modified_gmt":"2026-01-12T16:52:50","slug":"documentos-secretaria","status":"publish","type":"page","link":"https:\/\/blogsaverroes.juntadeandalucia.es\/ieslasencinas\/documentos-secretaria\/","title":{"rendered":"Documentos Secretar\u00eda"},"content":{"rendered":"<p><span style=\"font-family: 'comic sans ms', sans-serif;font-size: 14pt\">En los siguientes enlaces podr\u00e1 encontrar informaci\u00f3n acerca de:<\/span><\/p>\n<p><span style=\"color: #0000ff\"><a style=\"color: #0000ff\" href=\"https:\/\/drive.google.com\/file\/d\/14jbqqQhwWksrOozxtcozDpwockPsYsze\/view?usp=sharing\"><span style=\"font-family: comic sans ms, sans-serif\"><span style=\"font-size: 18.6667px\">Alquiler taquillas 24\/25<\/span><\/span><\/a><\/span><\/p>\n<p><a href=\"https:\/\/drive.google.com\/file\/d\/1CvkAitPv-KBROo1ZP8MNdguQebVFGNm6\/view?usp=sharing\"><span style=\"color: #0000ff\"><span style=\"font-size: 14pt\"><span style=\"font-family: 'comic sans ms', sans-serif\">Solicitud T\u00edtulo&nbsp;<\/span><span style=\"font-family: 'comic sans ms', sans-serif\"> Bachillerato 25\/26. Instrucciones.<\/span><\/span><\/span><\/a><\/p>\n<p><a href=\"https:\/\/drive.google.com\/file\/d\/1Vi4-tcGSQRv02864go5YP9fQt7JTMSAF\/view?usp=sharing\"><span style=\"font-family: 'comic sans ms', sans-serif;font-size: 14pt\">Modelo de solicitud de T\u00edtulo de Bachillerato<\/span><\/a><\/p>\n<p><span style=\"font-family: 'comic sans ms', sans-serif;font-size: 14pt;color: #0000ff\"><a style=\"color: #0000ff\" href=\"https:\/\/drive.google.com\/file\/d\/1xl03X3Gv263sNWS0gZnv5RFK7-5SC3RW\/view?usp=drive_link\">Documento de devoluci\u00f3n de importe AACCEE<\/a><\/span><\/p>\n<p><span style=\"color: #0000ff\"><a style=\"color: #0000ff\" href=\"https:\/\/drive.google.com\/file\/d\/1PmUi06CaMoHn5eWCf2w8XI5ZnoFCuJJU\/view?usp=sharing\"><span style=\"font-family: 'comic sans ms', sans-serif;font-size: 14pt\">Informaci\u00f3n solicitud Beca Adriano<\/span><\/a><\/span><\/p>\n<p><span style=\"font-size: 14pt;color: #0000ff\"><a style=\"color: #0000ff\" href=\"https:\/\/drive.google.com\/file\/d\/1pQo6Wrc6aMHpaUp66qIe4DRXiu9pkgWq\/view?usp=sharing\"><span style=\"font-family: 'comic sans ms', sans-serif\">Matriculaci\u00f3n PAU 2025<\/span><\/a><\/span><\/p>\n<p><span style=\"color: #0000ff\"><a style=\"color: #0000ff\" href=\"https:\/\/drive.google.com\/file\/d\/1lqzkY1hKzgN5PMd-thbWmy4bYPA2xm9C\/view?usp=sharing\"><span style=\"font-family: 'comic sans ms', sans-serif;font-size: 14pt\">Solicitud de prueba extraordinaria para la titulaci\u00f3n de la ESO<\/span><\/a><\/span><\/p>\n<p><span style=\"color: #0000ff\"><a style=\"color: #0000ff\" href=\"https:\/\/drive.google.com\/file\/d\/1p7U8lhNFFWUvGg9utzJSgrbx89Uz3KcG\/view?usp=sharing\"><span style=\"font-family: 'comic sans ms', sans-serif;font-size: 14pt\">Pruebas extraordinarias para la titulaci\u00f3n de la ESO. Instrucciones<\/span><\/a><\/span><\/p>\n<p><span style=\"color: #0000ff\"><a style=\"color: #0000ff\" href=\"https:\/\/drive.google.com\/file\/d\/1tXdeDTnS4c-qKPeiGJ3FpepdJ7ZNLZBD\/view?usp=sharing\"><span style=\"font-family: 'comic sans ms', sans-serif;font-size: 14pt\">Oferta educativa y matriculaci\u00f3n curso 2025-2026<\/span><\/a><\/span><\/p>\n","protected":false},"excerpt":{"rendered":"<p>En los siguientes enlaces podr\u00e1 encontrar informaci\u00f3n acerca de: Alquiler taquillas 24\/25 Solicitud T\u00edtulo&nbsp; Bachillerato 25\/26. Instrucciones. Modelo de solicitud de T\u00edtulo de Bachillerato Documento de devoluci\u00f3n de importe AACCEE Informaci\u00f3n solicitud Beca Adriano&#46;&#46;&#46;<\/p>\n","protected":false},"author":13627,"featured_media":0,"parent":0,"menu_order":0,"comment_status":"closed","ping_status":"closed","template":"","meta":{"ngg_post_thumbnail":0,"footnotes":""},"aioseo_notices":[],"_links":{"self":[{"href":"https:\/\/blogsaverroes.juntadeandalucia.es\/ieslasencinas\/wp-json\/wp\/v2\/pages\/751"}],"collection":[{"href":"https:\/\/blogsaverroes.juntadeandalucia.es\/ieslasencinas\/wp-json\/wp\/v2\/pages"}],"about":[{"href":"https:\/\/blogsaverroes.juntadeandalucia.es\/ieslasencinas\/wp-json\/wp\/v2\/types\/page"}],"author":[{"embeddable":true,"href":"https:\/\/blogsaverroes.juntadeandalucia.es\/ieslasencinas\/wp-json\/wp\/v2\/users\/13627"}],"replies":[{"embeddable":true,"href":"https:\/\/blogsaverroes.juntadeandalucia.es\/ieslasencinas\/wp-json\/wp\/v2\/comments?post=751"}],"version-history":[{"count":27,"href":"https:\/\/blogsaverroes.juntadeandalucia.es\/ieslasencinas\/wp-json\/wp\/v2\/pages\/751\/revisions"}],"predecessor-version":[{"id":1942,"href":"https:\/\/blogsaverroes.juntadeandalucia.es\/ieslasencinas\/wp-json\/wp\/v2\/pages\/751\/revisions\/1942"}],"wp:attachment":[{"href":"https:\/\/blogsaverroes.juntadeandalucia.es\/ieslasencinas\/wp-json\/wp\/v2\/media?parent=751"}],"curies":[{"name":"wp","href":"https:\/\/api.w.org\/{rel}","templated":true}]}}