{"id":850,"date":"2023-10-27T20:30:56","date_gmt":"2023-10-27T18:30:56","guid":{"rendered":"https:\/\/blogsaverroes.juntadeandalucia.es\/ieslasencinas\/?page_id=850"},"modified":"2024-09-26T18:26:34","modified_gmt":"2024-09-26T16:26:34","slug":"nuestra-historia-2","status":"publish","type":"page","link":"https:\/\/blogsaverroes.juntadeandalucia.es\/ieslasencinas\/nuestra-historia-2\/","title":{"rendered":"Nuestra Historia"},"content":{"rendered":"<p><span style=\"font-family: 'comic sans ms', sans-serif\">CARACTER\u00cdSTICAS DEL CENTRO Y SU ENTORNO<br \/>\nEl Instituto de Educaci\u00f3n Secundaria LAS ENCINAS se encuentra en la localidad de Valencina de la Concepci\u00f3n, provincia de Sevilla.<br \/>\nLas ense\u00f1anzas que se imparten en el centro son las siguientes: Educaci\u00f3n Secundaria Obligatoria y Bachillerato de Ciencias, Ciencias Sociales y Humanidades y Artes Pl\u00e1sticas.<br \/>\nEl centro cuenta con 48 profesores, un responsable de la administraci\u00f3n, dos conserjes y limpiadoras.<br \/>\nEl Centro se enclava en una barriada residencial perif\u00e9rica de Valencina y recibe alumnado de la localidad y del pueblo cercano de Castilleja de Guzm\u00e1n.<br \/>\nEl Instituto tiene adscritos al CEIP Algarrobillo par la ESO y al IES Nuevo de Castilleja de Guzm\u00e1n para el Bachillerato.<br \/>\nDado que parte del alumnado procede de otras zonas de la localidad y que el alumnado de dos de los centros adscritos procede de centros de localidades vecinas, es necesario el uso del transporte escolar.<br \/>\nEl horario del centro es de 8 a 14:30 en horario de ma\u00f1ana.<br \/>\nEl edificio de la Calle Garc\u00eda Lorca permanece abierto por las tardes para actividades relacionadas con el Plan de Acompa\u00f1amiento, el M\u00e1s Deporte, ensayos del Coro, reuniones varias y diversos usos.<br \/>\nEl edificio principal cuenta con recursos TIC, biblioteca, pistas deportivas, gimnasio, aulas espec\u00edficas de EPVA, Tecnolog\u00eda, Inform\u00e1tica, M\u00fasica, Laboratorio, tambi\u00e9n cuenta con un huerto y es el edificio usado por el Coro del centro para sus ensayos.<br \/>\nLos planes y proyectos que se llevan a cabo en el centro son los siguientes:<br \/>\n\u25cf Centro TIC<br \/>\n\u25cf Coro: Crecer Cantando Crecer So\u00f1ando<br \/>\n\u25cf Plan de Acompa\u00f1amiento<br \/>\n\u25cf Plan de Igualdad<br \/>\n\u25cf Plan de Lectura<br \/>\n\u25cf Forma Joven<br \/>\n\u25cf Pr\u00e1cticas de grado de Psicopedagog\u00eda y Master de Secundaria<br \/>\n\u25cf Bibliotecas Escolares<br \/>\n\u25cf M\u00e1s Deporte<br \/>\n\u25cf Plan de Salud laboral y PRL<br \/>\n\u25cf Proyecto Biling\u00fce<br \/>\n\u25cf Proyectos Erasmus<br \/>\n\u25cf Con Red<br \/>\n\u25cf Programa de Mediaci\u00f3n entre iguales<br \/>\nEl alumnado y sus familias proceden de todos los estamentos sociales, aunque predomina la clase media con un ISC (\u00cdndice Socioecon\u00f3mico y Cultural) medio-alto. Estas circunstancias hacen que la estructura de una gran parte de ellas se ajuste a uno de los siguientes patrones:<br \/>\n\u25cf Familias nativas del pueblo.<br \/>\n\u25cf Familias de pueblos cercanos a Valencina.<br \/>\n\u25cf Familias procedentes de Sevilla.<br \/>\n\u25cf Familias de otras provincias y comunidades aut\u00f3nomas.<br \/>\nUn hecho destacable, dentro de la comunidad educativa, es la fuerte implicaci\u00f3n y colaboraci\u00f3n de la Junta Directiva de la A.M.P.A. en la vida del centro. Asimismo, cada a\u00f1o se comprueba que la participaci\u00f3n de padres y madres en el seguimiento de sus hijos en el Centro aumenta: asistencia a reuniones de tutor\u00eda y orientaci\u00f3n, visitas a la p\u00e1gina web, uso de la plataforma PASEN, etc.<\/span><\/p>\n","protected":false},"excerpt":{"rendered":"<p>CARACTER\u00cdSTICAS DEL CENTRO Y SU ENTORNO El Instituto de Educaci\u00f3n Secundaria LAS ENCINAS se encuentra en la localidad de Valencina de la Concepci\u00f3n, provincia de Sevilla. Las ense\u00f1anzas que se imparten en el centro&#46;&#46;&#46;<\/p>\n","protected":false},"author":13627,"featured_media":0,"parent":0,"menu_order":0,"comment_status":"closed","ping_status":"closed","template":"","meta":{"ngg_post_thumbnail":0,"footnotes":""},"aioseo_notices":[],"_links":{"self":[{"href":"https:\/\/blogsaverroes.juntadeandalucia.es\/ieslasencinas\/wp-json\/wp\/v2\/pages\/850"}],"collection":[{"href":"https:\/\/blogsaverroes.juntadeandalucia.es\/ieslasencinas\/wp-json\/wp\/v2\/pages"}],"about":[{"href":"https:\/\/blogsaverroes.juntadeandalucia.es\/ieslasencinas\/wp-json\/wp\/v2\/types\/page"}],"author":[{"embeddable":true,"href":"https:\/\/blogsaverroes.juntadeandalucia.es\/ieslasencinas\/wp-json\/wp\/v2\/users\/13627"}],"replies":[{"embeddable":true,"href":"https:\/\/blogsaverroes.juntadeandalucia.es\/ieslasencinas\/wp-json\/wp\/v2\/comments?post=850"}],"version-history":[{"count":5,"href":"https:\/\/blogsaverroes.juntadeandalucia.es\/ieslasencinas\/wp-json\/wp\/v2\/pages\/850\/revisions"}],"predecessor-version":[{"id":1323,"href":"https:\/\/blogsaverroes.juntadeandalucia.es\/ieslasencinas\/wp-json\/wp\/v2\/pages\/850\/revisions\/1323"}],"wp:attachment":[{"href":"https:\/\/blogsaverroes.juntadeandalucia.es\/ieslasencinas\/wp-json\/wp\/v2\/media?parent=850"}],"curies":[{"name":"wp","href":"https:\/\/api.w.org\/{rel}","templated":true}]}}

<p><span style="font-family: 'comic sans ms', sans-serif">CARACTERÍSTICAS DEL CENTRO Y SU ENTORNO<br />
El Instituto de Educación Secundaria LAS ENCINAS se encuentra en la localidad de Valencina de la Concepción, provincia de Sevilla.<br />
Las enseñanzas que se imparten en el centro son las siguientes: Educación Secundaria Obligatoria y Bachillerato de Ciencias, Ciencias Sociales y Humanidades y Artes Plásticas.<br />
El centro cuenta con 48 profesores, un responsable de la administración, dos conserjes y limpiadoras.<br />
El Centro se enclava en una barriada residencial periférica de Valencina y recibe alumnado de la localidad y del pueblo cercano de Castilleja de Guzmán.<br />
El Instituto tiene adscritos al CEIP Algarrobillo par la ESO y al IES Nuevo de Castilleja de Guzmán para el Bachillerato.<br />
Dado que parte del alumnado procede de otras zonas de la localidad y que el alumnado de dos de los centros adscritos procede de centros de localidades vecinas, es necesario el uso del transporte escolar.<br />
El horario del centro es de 8 a 14:30 en horario de mañana.<br />
El edificio de la Calle García Lorca permanece abierto por las tardes para actividades relacionadas con el Plan de Acompañamiento, el Más Deporte, ensayos del Coro, reuniones varias y diversos usos.<br />
El edificio principal cuenta con recursos TIC, biblioteca, pistas deportivas, gimnasio, aulas específicas de EPVA, Tecnología, Informática, Música, Laboratorio, también cuenta con un huerto y es el edificio usado por el Coro del centro para sus ensayos.<br />
Los planes y proyectos que se llevan a cabo en el centro son los siguientes:<br />
● Centro TIC<br />
● Coro: Crecer Cantando Crecer Soñando<br />
● Plan de Acompañamiento<br />
● Plan de Igualdad<br />
● Plan de Lectura<br />
● Forma Joven<br />
● Prácticas de grado de Psicopedagogía y Master de Secundaria<br />
● Bibliotecas Escolares<br />
● Más Deporte<br />
● Plan de Salud laboral y PRL<br />
● Proyecto Bilingüe<br />
● Proyectos Erasmus<br />
● Con Red<br />
● Programa de Mediación entre iguales<br />
El alumnado y sus familias proceden de todos los estamentos sociales, aunque predomina la clase media con un ISC (Índice Socioeconómico y Cultural) medio-alto. Estas circunstancias hacen que la estructura de una gran parte de ellas se ajuste a uno de los siguientes patrones:<br />
● Familias nativas del pueblo.<br />
● Familias de pueblos cercanos a Valencina.<br />
● Familias procedentes de Sevilla.<br />
● Familias de otras provincias y comunidades autónomas.<br />
Un hecho destacable, dentro de la comunidad educativa, es la fuerte implicación y colaboración de la Junta Directiva de la A.M.P.A. en la vida del centro. Asimismo, cada año se comprueba que la participación de padres y madres en el seguimiento de sus hijos en el Centro aumenta: asistencia a reuniones de tutoría y orientación, visitas a la página web, uso de la plataforma PASEN, etc.</span></p>

<p>CARACTERÍSTICAS DEL CENTRO Y SU ENTORNO El Instituto de Educación Secundaria LAS ENCINAS se encuentra en la localidad de Valencina de la Concepción, provincia de Sevilla. Las enseñanzas que se imparten en el centro&#46;&#46;&#46;</p>
