{"id":2995,"date":"2020-12-11T17:40:13","date_gmt":"2020-12-11T17:40:13","guid":{"rendered":"https:\/\/blogsaverroes.juntadeandalucia.es\/ieslasfuentezuelas\/?page_id=2995"},"modified":"2020-12-11T17:42:34","modified_gmt":"2020-12-11T17:42:34","slug":"evau","status":"publish","type":"page","link":"https:\/\/blogsaverroes.juntadeandalucia.es\/ieslasfuentezuelas\/evau\/","title":{"rendered":"EVAU"},"content":{"rendered":"<p>En esta p\u00e1gina puedes consultar las novedades sobre la prueba de acceso a la universidad del a\u00f1o en curso:<\/p>\n<p><a href=\"https:\/\/blogsaverroes.juntadeandalucia.es\/ieslasfuentezuelas\/files\/2020\/12\/FECHAS-DE-CELEBRACI\u00d3N-DE-LA-EVAU.pdf\">FECHAS DE CELEBRACI\u00d3N DE LA EVAU<\/a><\/p>\n<p><a href=\"https:\/\/blogsaverroes.juntadeandalucia.es\/ieslasfuentezuelas\/files\/2020\/12\/ACCESO-A-LA-UNIVERSIAD-DESDE-BACHILLERATO.pdf\">ACCESO A LA UNIVERSIAD DESDE BACHILLERATO<\/a><\/p>\n<p><a href=\"https:\/\/blogsaverroes.juntadeandalucia.es\/ieslasfuentezuelas\/files\/2020\/12\/RELACI\u00d3N-DE-PAR\u00c1METROS-Y-GRADOS.pdf\">RELACI\u00d3N DE PAR\u00c1METROS Y GRADOS<\/a><\/p>\n","protected":false},"excerpt":{"rendered":"<p>En esta p\u00e1gina puedes consultar las novedades sobre la prueba de acceso a la universidad del a\u00f1o en curso: FECHAS DE CELEBRACI\u00d3N DE LA EVAU ACCESO A LA UNIVERSIAD DESDE BACHILLERATO RELACI\u00d3N DE PAR\u00c1METROS Y GRADOS<\/p>\n","protected":false},"author":11479,"featured_media":0,"parent":0,"menu_order":0,"comment_status":"closed","ping_status":"closed","template":"","meta":{"ngg_post_thumbnail":0,"footnotes":"","_mc_calendar":[]},"aioseo_notices":[],"_links":{"self":[{"href":"https:\/\/blogsaverroes.juntadeandalucia.es\/ieslasfuentezuelas\/wp-json\/wp\/v2\/pages\/2995"}],"collection":[{"href":"https:\/\/blogsaverroes.juntadeandalucia.es\/ieslasfuentezuelas\/wp-json\/wp\/v2\/pages"}],"about":[{"href":"https:\/\/blogsaverroes.juntadeandalucia.es\/ieslasfuentezuelas\/wp-json\/wp\/v2\/types\/page"}],"author":[{"embeddable":true,"href":"https:\/\/blogsaverroes.juntadeandalucia.es\/ieslasfuentezuelas\/wp-json\/wp\/v2\/users\/11479"}],"replies":[{"embeddable":true,"href":"https:\/\/blogsaverroes.juntadeandalucia.es\/ieslasfuentezuelas\/wp-json\/wp\/v2\/comments?post=2995"}],"version-history":[{"count":2,"href":"https:\/\/blogsaverroes.juntadeandalucia.es\/ieslasfuentezuelas\/wp-json\/wp\/v2\/pages\/2995\/revisions"}],"predecessor-version":[{"id":3003,"href":"https:\/\/blogsaverroes.juntadeandalucia.es\/ieslasfuentezuelas\/wp-json\/wp\/v2\/pages\/2995\/revisions\/3003"}],"wp:attachment":[{"href":"https:\/\/blogsaverroes.juntadeandalucia.es\/ieslasfuentezuelas\/wp-json\/wp\/v2\/media?parent=2995"}],"curies":[{"name":"wp","href":"https:\/\/api.w.org\/{rel}","templated":true}]}}

<p>En esta página puedes consultar las novedades sobre la prueba de acceso a la universidad del año en curso:</p>
<p><a href="https://blogsaverroes.juntadeandalucia.es/ieslasfuentezuelas/files/2020/12/FECHAS-DE-CELEBRACIÓN-DE-LA-EVAU.pdf">FECHAS DE CELEBRACIÓN DE LA EVAU</a></p>
<p><a href="https://blogsaverroes.juntadeandalucia.es/ieslasfuentezuelas/files/2020/12/ACCESO-A-LA-UNIVERSIAD-DESDE-BACHILLERATO.pdf">ACCESO A LA UNIVERSIAD DESDE BACHILLERATO</a></p>
<p><a href="https://blogsaverroes.juntadeandalucia.es/ieslasfuentezuelas/files/2020/12/RELACIÓN-DE-PARÁMETROS-Y-GRADOS.pdf">RELACIÓN DE PARÁMETROS Y GRADOS</a></p>

<p>En esta página puedes consultar las novedades sobre la prueba de acceso a la universidad del año en curso: FECHAS DE CELEBRACIÓN DE LA EVAU ACCESO A LA UNIVERSIAD DESDE BACHILLERATO RELACIÓN DE PARÁMETROS Y GRADOS</p>
