{"id":35,"date":"2015-03-13T08:21:43","date_gmt":"2015-03-13T08:21:43","guid":{"rendered":"http:\/\/blogsaverroes.juntadeandalucia.es\/pre\/ceip\/?page_id=35"},"modified":"2020-12-10T18:25:00","modified_gmt":"2020-12-10T18:25:00","slug":"el-centro-2","status":"publish","type":"page","link":"https:\/\/blogsaverroes.juntadeandalucia.es\/ieslasfuentezuelas\/el-centro-2\/","title":{"rendered":"Datos del centro"},"content":{"rendered":"<p><strong>Direcci\u00f3n postal<\/strong>: Avenida de Arjona n\u00ba 5 23006 Ja\u00e9n<\/p>\n<p><strong>Tel\u00e9fono de contacto<\/strong>: 953366905<\/p>\n<p><strong>Fax<\/strong>: 953 22 01 11<\/p>\n<p><strong>Correo electr\u00f3nico<\/strong>: 23002449.edu@juntadeandalucia.es<\/p>\n<p>Horario de apertura de lunes a viernes de 8:00 a 21:00<\/p>\n<p>Horario de atenci\u00f3n administrativa: de lunes a viernes de 9:00 a 13:00<\/p>\n<p>&nbsp;<\/p>\n<p>[googlemaps https:\/\/maps.google.com\/maps?q=Ies%20LAs%20fuentezuelas&amp;t=&amp;z=13&amp;ie=UTF8&amp;iwloc=&amp;output=embed&amp;w=600&amp;h=500]<\/p>\n<p>&nbsp;<\/p>\n<p>&nbsp;<\/p>\n<p>&nbsp;<\/p>\n","protected":false},"excerpt":{"rendered":"<p>Direcci\u00f3n postal: Avenida de Arjona n\u00ba 5 23006 Ja\u00e9n Tel\u00e9fono de contacto: 953366905 Fax: 953 22 01 11 Correo electr\u00f3nico: 23002449.edu@juntadeandalucia.es Horario de apertura de lunes a viernes de 8:00 a 21:00 Horario de atenci\u00f3n administrativa: de lunes a viernes de 9:00 a 13:00 &nbsp; [googlemaps https:\/\/maps.google.com\/maps?q=Ies%20LAs%20fuentezuelas&amp;t=&amp;z=13&amp;ie=UTF8&amp;iwloc=&amp;output=embed&amp;w=600&amp;h=500] &nbsp; &nbsp; &nbsp;<\/p>\n","protected":false},"author":1,"featured_media":0,"parent":0,"menu_order":0,"comment_status":"open","ping_status":"open","template":"","meta":{"ngg_post_thumbnail":0,"footnotes":"","_mc_calendar":[]},"aioseo_notices":[],"_links":{"self":[{"href":"https:\/\/blogsaverroes.juntadeandalucia.es\/ieslasfuentezuelas\/wp-json\/wp\/v2\/pages\/35"}],"collection":[{"href":"https:\/\/blogsaverroes.juntadeandalucia.es\/ieslasfuentezuelas\/wp-json\/wp\/v2\/pages"}],"about":[{"href":"https:\/\/blogsaverroes.juntadeandalucia.es\/ieslasfuentezuelas\/wp-json\/wp\/v2\/types\/page"}],"author":[{"embeddable":true,"href":"https:\/\/blogsaverroes.juntadeandalucia.es\/ieslasfuentezuelas\/wp-json\/wp\/v2\/users\/1"}],"replies":[{"embeddable":true,"href":"https:\/\/blogsaverroes.juntadeandalucia.es\/ieslasfuentezuelas\/wp-json\/wp\/v2\/comments?post=35"}],"version-history":[{"count":25,"href":"https:\/\/blogsaverroes.juntadeandalucia.es\/ieslasfuentezuelas\/wp-json\/wp\/v2\/pages\/35\/revisions"}],"predecessor-version":[{"id":2482,"href":"https:\/\/blogsaverroes.juntadeandalucia.es\/ieslasfuentezuelas\/wp-json\/wp\/v2\/pages\/35\/revisions\/2482"}],"wp:attachment":[{"href":"https:\/\/blogsaverroes.juntadeandalucia.es\/ieslasfuentezuelas\/wp-json\/wp\/v2\/media?parent=35"}],"curies":[{"name":"wp","href":"https:\/\/api.w.org\/{rel}","templated":true}]}}