{"id":5195,"date":"2019-11-29T08:52:40","date_gmt":"2019-11-29T07:52:40","guid":{"rendered":"http:\/\/www.ieslasmarinas.es\/?page_id=6"},"modified":"2019-11-29T08:52:40","modified_gmt":"2019-11-29T07:52:40","slug":"descripcion-y-localizacion","status":"publish","type":"page","link":"https:\/\/blogsaverroes.juntadeandalucia.es\/ieslasmarinas0\/descripcion-y-localizacion\/","title":{"rendered":"Descripci\u00f3n y localizaci\u00f3n"},"content":{"rendered":"\n<h3 class=\"wp-block-heading\">\u00bfDonde se sit\u00faa nuestro centro?<\/h3>\n\n\n\n<p>El centro escolar IES LAS MARINAS est\u00e1 ubicado en el barrio de Las Marinas perteneciente al municipio de Roquetas de Mar. Situado al suroeste de la ciudad, limitado por las urbanizaciones residenciales de Roquetas de Mar al Sur y Sureste y por El Solanillo al Oeste.<br>El IES se encuentra a las afueras del barrio, en el l\u00edmite con el paraje Natural de  <a href=\"https:\/\/es.wikipedia.org\/wiki\/Punta_Entinas-Sabinar\">Punta Entinas-Sabinar<\/a> .<br>Recientemente se han construido unas instalaciones deportivas municipales cuyo per\u00edmetro norte es coincidente con el del centro.<\/p>\n\n\n\n<p>El crecimiento del municipio en general, y del barrio en particular, tiene dos causas fundamentales, por un lado, el desarrollo de la agricultura intensiva bajo pl\u00e1stico y por el otro la explotaci\u00f3n tur\u00edstica de la zona costera. Todos estos factores provocaron en el pasado la llegada<br>de poblaci\u00f3n procedente de diversos puntos geogr\u00e1ficos (se han llegado a registrar hasta 30 nacionalidades distintas) y con grandes diferencias socioecon\u00f3micas y culturales. Con el inicio de la crisis econ\u00f3mica se ralentiz\u00f3 la llegada de poblaci\u00f3n inmigrante al barrio lo que modific\u00f3<br>sustancialmente la estructura demogr\u00e1fica de la zona. Actualmente la mayor parte del alumnado que conforma el centro es de nacionalidad espa\u00f1ola, aunque sus padres no lo sean, existiendo una minor\u00eda que se incorpor\u00f3 tard\u00edamente al sistema educativo espa\u00f1ol. El alumnado que necesita ser atendido en ATAL es muy reducido.<br> <br>Las expectativas de la comunidad en la que se halla el centro docente son varias y diversas. Por un lado, se espera crear un futuro acad\u00e9mico para sus hijos e hijas que les facilite la inserci\u00f3n  laboral en el futuro, bien sea por cuenta ajena o por cuenta propia. Por otro, que la educaci\u00f3n y la<br>formaci\u00f3n sirva para crear un futuro sostenible para la comunidad, sobre todo en los \u00e1mbitos agr\u00edcola y de servicios. <\/p>\n\n\n\n<h3 class=\"wp-block-heading\">\u00bfC\u00f3mo se llega?<\/h3>\n\n\n<p><iframe loading=\"lazy\" src=\"https:\/\/www.google.com\/maps\/embed?pb=!1m18!1m12!1m3!1d3197.7779002721063!2d-2.6417826847121297!3d36.727894979963644!2m3!1f0!2f0!3f0!3m2!1i1024!2i768!4f13.1!3m3!1m2!1s0xd7065159a7758ad%3A0x54673bf49f427a6c!2sI.E.S.%20Las%20Marinas!5e0!3m2!1ses!2ses!4v1576068056166!5m2!1ses!2ses\" width=\"600\" height=\"450\" frameborder=\"0\"><\/iframe><\/p>\n","protected":false},"excerpt":{"rendered":"<p>\u00bfDonde se sit\u00faa nuestro centro? El centro escolar IES LAS MARINAS est\u00e1 ubicado en el barrio de Las Marinas perteneciente al municipio de Roquetas de Mar. Situado al suroeste de la ciudad, limitado por&#46;&#46;&#46;<\/p>\n","protected":false},"author":2913,"featured_media":0,"parent":0,"menu_order":0,"comment_status":"closed","ping_status":"closed","template":"","meta":{"footnotes":""},"aioseo_notices":[],"_links":{"self":[{"href":"https:\/\/blogsaverroes.juntadeandalucia.es\/ieslasmarinas0\/wp-json\/wp\/v2\/pages\/5195"}],"collection":[{"href":"https:\/\/blogsaverroes.juntadeandalucia.es\/ieslasmarinas0\/wp-json\/wp\/v2\/pages"}],"about":[{"href":"https:\/\/blogsaverroes.juntadeandalucia.es\/ieslasmarinas0\/wp-json\/wp\/v2\/types\/page"}],"author":[{"embeddable":true,"href":"https:\/\/blogsaverroes.juntadeandalucia.es\/ieslasmarinas0\/wp-json\/wp\/v2\/users\/2913"}],"replies":[{"embeddable":true,"href":"https:\/\/blogsaverroes.juntadeandalucia.es\/ieslasmarinas0\/wp-json\/wp\/v2\/comments?post=5195"}],"version-history":[{"count":0,"href":"https:\/\/blogsaverroes.juntadeandalucia.es\/ieslasmarinas0\/wp-json\/wp\/v2\/pages\/5195\/revisions"}],"wp:attachment":[{"href":"https:\/\/blogsaverroes.juntadeandalucia.es\/ieslasmarinas0\/wp-json\/wp\/v2\/media?parent=5195"}],"curies":[{"name":"wp","href":"https:\/\/api.w.org\/{rel}","templated":true}]}}