{"id":200,"date":"2015-03-17T10:04:24","date_gmt":"2015-03-17T10:04:24","guid":{"rendered":"http:\/\/blogsaverroes.juntadeandalucia.es\/pre\/ceip\/?page_id=200"},"modified":"2023-10-11T13:36:35","modified_gmt":"2023-10-11T11:36:35","slug":"quienes-formamos-el-ampa","status":"publish","type":"page","link":"https:\/\/blogsaverroes.juntadeandalucia.es\/ieslaspalomas\/quienes-formamos-el-ampa\/","title":{"rendered":"\u00bfQuienes formamos el AMPA?"},"content":{"rendered":"<p><strong>JUNTA DIRECTIVA<\/strong> para el <strong>curso 2023\/2024<\/strong><\/p>\n<p>Presidenta &#8211; Vanessa Ru\u00edz Carrasco<\/p>\n<p>Secretar\u00eda\/Tesorera &#8211; Mar\u00eda Teresa Manzano Guti\u00e9rrez<\/p>\n<p>&nbsp;<\/p>\n<p>Correo electr\u00f3nico de contacto:<\/p>\n<p><strong>ampa_palomadelsur@hotmail.com<\/strong><\/p>\n<p>&nbsp;<\/p>\n<p>Horario de atenci\u00f3n a las familias:<\/p>\n<p>Mi\u00e9rcoles de 11:15 horas a 11:45 horas en la sede del Instituto<\/p>\n","protected":false},"excerpt":{"rendered":"<p>JUNTA DIRECTIVA para el curso 2023\/2024 Presidenta &#8211; Vanessa Ru\u00edz Carrasco Secretar\u00eda\/Tesorera &#8211; Mar\u00eda Teresa Manzano Guti\u00e9rrez &nbsp; Correo electr\u00f3nico de contacto: ampa_palomadelsur@hotmail.com &nbsp; Horario de atenci\u00f3n a las familias: Mi\u00e9rcoles de 11:15 horas&#46;&#46;&#46;<\/p>\n","protected":false},"author":1,"featured_media":0,"parent":0,"menu_order":0,"comment_status":"closed","ping_status":"open","template":"","meta":{"ngg_post_thumbnail":0,"footnotes":"","_mc_calendar":[]},"aioseo_notices":[],"_links":{"self":[{"href":"https:\/\/blogsaverroes.juntadeandalucia.es\/ieslaspalomas\/wp-json\/wp\/v2\/pages\/200"}],"collection":[{"href":"https:\/\/blogsaverroes.juntadeandalucia.es\/ieslaspalomas\/wp-json\/wp\/v2\/pages"}],"about":[{"href":"https:\/\/blogsaverroes.juntadeandalucia.es\/ieslaspalomas\/wp-json\/wp\/v2\/types\/page"}],"author":[{"embeddable":true,"href":"https:\/\/blogsaverroes.juntadeandalucia.es\/ieslaspalomas\/wp-json\/wp\/v2\/users\/1"}],"replies":[{"embeddable":true,"href":"https:\/\/blogsaverroes.juntadeandalucia.es\/ieslaspalomas\/wp-json\/wp\/v2\/comments?post=200"}],"version-history":[{"count":5,"href":"https:\/\/blogsaverroes.juntadeandalucia.es\/ieslaspalomas\/wp-json\/wp\/v2\/pages\/200\/revisions"}],"predecessor-version":[{"id":3149,"href":"https:\/\/blogsaverroes.juntadeandalucia.es\/ieslaspalomas\/wp-json\/wp\/v2\/pages\/200\/revisions\/3149"}],"wp:attachment":[{"href":"https:\/\/blogsaverroes.juntadeandalucia.es\/ieslaspalomas\/wp-json\/wp\/v2\/media?parent=200"}],"curies":[{"name":"wp","href":"https:\/\/api.w.org\/{rel}","templated":true}]}}

<p><strong>JUNTA DIRECTIVA</strong> para el <strong>curso 2023/2024</strong></p>
<p>Presidenta &#8211; Vanessa Ruíz Carrasco</p>
<p>Secretaría/Tesorera &#8211; María Teresa Manzano Gutiérrez</p>
<p>&nbsp;</p>
<p>Correo electrónico de contacto:</p>
<p><strong>ampa_palomadelsur@hotmail.com</strong></p>
<p>&nbsp;</p>
<p>Horario de atención a las familias:</p>
<p>Miércoles de 11:15 horas a 11:45 horas en la sede del Instituto</p>

<p>JUNTA DIRECTIVA para el curso 2023/2024 Presidenta &#8211; Vanessa Ruíz Carrasco Secretaría/Tesorera &#8211; María Teresa Manzano Gutiérrez &nbsp; Correo electrónico de contacto: ampa_palomadelsur@hotmail.com &nbsp; Horario de atención a las familias: Miércoles de 11:15 horas&#46;&#46;&#46;</p>
