{"id":2744,"date":"2019-10-25T14:29:35","date_gmt":"2019-10-25T12:29:35","guid":{"rendered":"https:\/\/blogsaverroes.juntadeandalucia.es\/ieslaspalomas\/?page_id=2744"},"modified":"2020-11-29T12:14:04","modified_gmt":"2020-11-29T11:14:04","slug":"pacto-de-estado-contra-la-violencia-de-genero","status":"publish","type":"page","link":"https:\/\/blogsaverroes.juntadeandalucia.es\/ieslaspalomas\/pacto-de-estado-contra-la-violencia-de-genero\/","title":{"rendered":"Pacto de Estado contra la violencia de g\u00e9nero"},"content":{"rendered":"<p><a href=\"https:\/\/blogsaverroes.juntadeandalucia.es\/ieslaspalomas\/files\/2019\/10\/Banner-tres-logos2.jpg\"><img loading=\"lazy\" decoding=\"async\" class=\"aligncenter wp-image-2746\" src=\"https:\/\/blogsaverroes.juntadeandalucia.es\/ieslaspalomas\/files\/2019\/10\/Banner-tres-logos2-300x51.jpg\" alt=\"\" width=\"594\" height=\"101\" srcset=\"https:\/\/blogsaverroes.juntadeandalucia.es\/ieslaspalomas\/files\/2019\/10\/Banner-tres-logos2-300x51.jpg 300w, https:\/\/blogsaverroes.juntadeandalucia.es\/ieslaspalomas\/files\/2019\/10\/Banner-tres-logos2-768x129.jpg 768w, https:\/\/blogsaverroes.juntadeandalucia.es\/ieslaspalomas\/files\/2019\/10\/Banner-tres-logos2-1024x173.jpg 1024w, https:\/\/blogsaverroes.juntadeandalucia.es\/ieslaspalomas\/files\/2019\/10\/Banner-tres-logos2-24x4.jpg 24w, https:\/\/blogsaverroes.juntadeandalucia.es\/ieslaspalomas\/files\/2019\/10\/Banner-tres-logos2-36x6.jpg 36w, https:\/\/blogsaverroes.juntadeandalucia.es\/ieslaspalomas\/files\/2019\/10\/Banner-tres-logos2-48x8.jpg 48w, https:\/\/blogsaverroes.juntadeandalucia.es\/ieslaspalomas\/files\/2019\/10\/Banner-tres-logos2.jpg 1175w\" sizes=\"(max-width: 594px) 100vw, 594px\" \/>RESOLUCI\u00d3N DE 16 DE OCTUBRE DE 2019 DE LA DIRECCI\u00d3N GENERAL DE ATENCI\u00d3N A LA DIVERSIDAD, PARTICIPACI\u00d3N Y CONVIVENCIA ESCOLAR PARA REGULAR LAS MEDIDAS Y ACTUACIONES PARA LA PREVENCI\u00d3N DE LA VIOLENCIA DE G\u00c9NERO EN EL \u00c1MBITO EDUCATIVO Y SE ESTABLECE LA CONVOCATORIA PARA EL CURSO ESCOLAR 2019-2020<\/a><\/p>\n<p><strong><span style=\"color: #800080\">PROYECTO ALAS VIOLETAS<\/span><\/strong><\/p>\n<p>&nbsp;<br \/>\n[googleapps domain=\u00bbdocs\u00bb dir=\u00bbdocument\/d\/e\/2PACX-1vQ264aJB0z5CcuOU&#8211;xkWWGjtrIjN9yxUaDUmp1z7btHbjtqCNB_lszyTvfprANxlphqqZmaqAYL7k8\/pub\u00bb query=\u00bbembedded=true\u00bb width=\u00bb1100px\u00bb height=\u00bb600px\u00bb \/]<br \/>\n&nbsp;<\/p>\n<p>&nbsp;<\/p>\n<p>&nbsp;<\/p>\n<p>&nbsp;<\/p>\n<p><strong>20\/11\/2019<\/strong><\/p>\n<header>\n<h2 class=\"title\">Conesa y Ruiz presentan el proyecto \u201cDraw my life\u201d a los directores de los institutos de la ciudad (Fuente Web Ayuntamiento de Algeciras)<\/h2>\n<\/header>\n<div class=\"contentblock\">\n<div class=\"contentblock-texto row\">\n<div class=\"image clearfix\">\n<div class=\"wrapper\">\n<div class=\"saga-imagen col-sm-12\">\n<div class=\"overlay-zoom\">\n<p><img loading=\"lazy\" decoding=\"async\" class=\"img-responsive aligncenter\" title=\"WhatsApp Image 2019-11-22 at 13.24.54\" src=\"http:\/\/www.algeciras.es\/opencms\/opencms\/.galleries\/noticias\/WhatsApp-Image-2019-11-22-at-13.24.54.jpeg?__scale=w:2048,h:1536,t:2,c:transparent,q:100\" alt=\"WhatsApp Image 2019-11-22 at 13.24.54\" width=\"464\" height=\"348\" longdesc=\"http:\/\/www.algeciras.es\/es\/temas\/educacion\/detalle-de-noticia\/Conesa-y-Ruiz-presentan-el-proyecto-Draw-my-life-a-los-directores-de-los-institutos-de-la-ciudad\/Un%20momento%20de%20la%20reuni%C3%B3n.\"><\/p>\n<div class=\"zoom-icon\">Un momento de la reuni\u00f3n.<\/div>\n<\/div>\n<\/div>\n<\/div>\n<\/div>\n<div class=\"container-fluid\">\n<p lang=\"es-ES-u-co-trad\" align=\"left\">Las tenientes de alcalde delegadas de Igualdad y Bienestar Social, Paula Conesa, y de Educaci\u00f3n, Laura Ruiz, acompa\u00f1adas de los t\u00e9cnicos del Ayuntamiento de Algeciras, han mantenido en el IES Ciudad de Algeciras una reuni\u00f3n con los directores de los institutos de ense\u00f1anza obligatoria de Algeciras.<\/p>\n<p lang=\"es-ES-u-co-trad\">En este encuentro, las ediles han presentado y puesto a su disposici\u00f3n el proyecto \u201cDraw my life\u201d, un cortometraje de animaci\u00f3n financiado con los fondos del Pacto de Estado en materia de Violencia de G\u00e9nero, basado en una idea original de los psic\u00f3logos municipales Nuria Grimaldi y Eduardo Abad\u00eda, a los centros educativos de la ciudad, al objeto de que los estudiantes algecire\u00f1os tomen conciencia de esta realidad.<\/p>\n<p lang=\"es-ES-u-co-trad\">La delegada de Educaci\u00f3n quiso dejar constancia de la importancia de educar a los j\u00f3venes en valores, y ha asegurado que \u201ces necesario utilizar herramientas como esta, que ayudan a formar y sensibilizar a las nuevas generaciones en estas cuestiones\u201d.<\/p>\n<p lang=\"es-ES-u-co-trad\">Por su parte, la delegada de Igualdad y Bienestar Social explic\u00f3 que \u201caunque el 25 de noviembre ya esta pr\u00f3ximo, desde el Ayuntamiento no solo luchamos por la eliminaci\u00f3n de la violencia contra la mujer en su d\u00eda internacional, sino a lo largo de todo el a\u00f1o con iniciativas como esta, porque estamos comprometidos con la causa\u201d.<\/p>\n<p>[youtube https:\/\/www.youtube.com\/watch?v=QXI1J7McN_k]<\/p>\n<p><strong>25 de Noviembre Dia Mundial Contra la Violencia de G\u00e9nero 2019<\/strong><\/p>\n<p>Nuestro centro ha participado en la Marcha Contra la Violencia de G\u00e9nero que se ha celebrado conjuntamente con otros centro en Algeciras.<\/p>\nngg_shortcode_0_placeholder<\/div>\n<\/div>\n<\/div>\n<p><strong>Semana del 25 de Noviembre al 2 de Diciembre 2019<\/strong><\/p>\n<p>Hemos tenido cedida una exposici\u00f3n fotogr\u00e1fica: IV Concurso Fotogr\u00e1fico Con Ojos de Mujer de el Sindicado Ustea.<\/p>\nngg_shortcode_1_placeholder\n<p><strong>Charlas contra La Violencia de g\u00e9nero de la Asociaci\u00f3n Victoria Kent<\/strong><\/p>\n","protected":false},"excerpt":{"rendered":"<p>RESOLUCI\u00d3N DE 16 DE OCTUBRE DE 2019 DE LA DIRECCI\u00d3N GENERAL DE ATENCI\u00d3N A LA DIVERSIDAD, PARTICIPACI\u00d3N Y CONVIVENCIA ESCOLAR PARA REGULAR LAS MEDIDAS Y ACTUACIONES PARA LA PREVENCI\u00d3N DE LA VIOLENCIA DE G\u00c9NERO&#46;&#46;&#46;<\/p>\n","protected":false},"author":3484,"featured_media":0,"parent":0,"menu_order":0,"comment_status":"closed","ping_status":"closed","template":"","meta":{"ngg_post_thumbnail":0,"footnotes":"","_mc_calendar":[]},"aioseo_notices":[],"_links":{"self":[{"href":"https:\/\/blogsaverroes.juntadeandalucia.es\/ieslaspalomas\/wp-json\/wp\/v2\/pages\/2744"}],"collection":[{"href":"https:\/\/blogsaverroes.juntadeandalucia.es\/ieslaspalomas\/wp-json\/wp\/v2\/pages"}],"about":[{"href":"https:\/\/blogsaverroes.juntadeandalucia.es\/ieslaspalomas\/wp-json\/wp\/v2\/types\/page"}],"author":[{"embeddable":true,"href":"https:\/\/blogsaverroes.juntadeandalucia.es\/ieslaspalomas\/wp-json\/wp\/v2\/users\/3484"}],"replies":[{"embeddable":true,"href":"https:\/\/blogsaverroes.juntadeandalucia.es\/ieslaspalomas\/wp-json\/wp\/v2\/comments?post=2744"}],"version-history":[{"count":14,"href":"https:\/\/blogsaverroes.juntadeandalucia.es\/ieslaspalomas\/wp-json\/wp\/v2\/pages\/2744\/revisions"}],"predecessor-version":[{"id":2969,"href":"https:\/\/blogsaverroes.juntadeandalucia.es\/ieslaspalomas\/wp-json\/wp\/v2\/pages\/2744\/revisions\/2969"}],"wp:attachment":[{"href":"https:\/\/blogsaverroes.juntadeandalucia.es\/ieslaspalomas\/wp-json\/wp\/v2\/media?parent=2744"}],"curies":[{"name":"wp","href":"https:\/\/api.w.org\/{rel}","templated":true}]}}

Pacto de Estado contra la violencia de género

<p><a href="https://blogsaverroes.juntadeandalucia.es/ieslaspalomas/files/2019/10/Banner-tres-logos2.jpg"><img loading="lazy" decoding="async" class="aligncenter wp-image-2746" src="https://blogsaverroes.juntadeandalucia.es/ieslaspalomas/files/2019/10/Banner-tres-logos2-300x51.jpg" alt="" width="594" height="101" srcset="https://blogsaverroes.juntadeandalucia.es/ieslaspalomas/files/2019/10/Banner-tres-logos2-300x51.jpg 300w, https://blogsaverroes.juntadeandalucia.es/ieslaspalomas/files/2019/10/Banner-tres-logos2-768x129.jpg 768w, https://blogsaverroes.juntadeandalucia.es/ieslaspalomas/files/2019/10/Banner-tres-logos2-1024x173.jpg 1024w, https://blogsaverroes.juntadeandalucia.es/ieslaspalomas/files/2019/10/Banner-tres-logos2-24x4.jpg 24w, https://blogsaverroes.juntadeandalucia.es/ieslaspalomas/files/2019/10/Banner-tres-logos2-36x6.jpg 36w, https://blogsaverroes.juntadeandalucia.es/ieslaspalomas/files/2019/10/Banner-tres-logos2-48x8.jpg 48w, https://blogsaverroes.juntadeandalucia.es/ieslaspalomas/files/2019/10/Banner-tres-logos2.jpg 1175w" sizes="(max-width: 594px) 100vw, 594px" />RESOLUCIÓN DE 16 DE OCTUBRE DE 2019 DE LA DIRECCIÓN GENERAL DE ATENCIÓN A LA DIVERSIDAD, PARTICIPACIÓN Y CONVIVENCIA ESCOLAR PARA REGULAR LAS MEDIDAS Y ACTUACIONES PARA LA PREVENCIÓN DE LA VIOLENCIA DE GÉNERO EN EL ÁMBITO EDUCATIVO Y SE ESTABLECE LA CONVOCATORIA PARA EL CURSO ESCOLAR 2019-2020</a></p>
<p><strong><span style="color: #800080">PROYECTO ALAS VIOLETAS</span></strong></p>
<p>&nbsp;<br />
[googleapps domain=»docs» dir=»document/d/e/2PACX-1vQ264aJB0z5CcuOU&#8211;xkWWGjtrIjN9yxUaDUmp1z7btHbjtqCNB_lszyTvfprANxlphqqZmaqAYL7k8/pub» query=»embedded=true» width=»1100px» height=»600px» /]<br />
&nbsp;</p>
<p>&nbsp;</p>
<p>&nbsp;</p>
<p>&nbsp;</p>
<p><strong>20/11/2019</strong></p>
<header>
<h2 class="title">Conesa y Ruiz presentan el proyecto “Draw my life” a los directores de los institutos de la ciudad (Fuente Web Ayuntamiento de Algeciras)</h2>
</header>
<div class="contentblock">
<div class="contentblock-texto row">
<div class="image clearfix">
<div class="wrapper">
<div class="saga-imagen col-sm-12">
<div class="overlay-zoom">
<p><img loading="lazy" decoding="async" class="img-responsive aligncenter" title="WhatsApp Image 2019-11-22 at 13.24.54" src="http://www.algeciras.es/opencms/opencms/.galleries/noticias/WhatsApp-Image-2019-11-22-at-13.24.54.jpeg?__scale=w:2048,h:1536,t:2,c:transparent,q:100" alt="WhatsApp Image 2019-11-22 at 13.24.54" width="464" height="348" longdesc="http://www.algeciras.es/es/temas/educacion/detalle-de-noticia/Conesa-y-Ruiz-presentan-el-proyecto-Draw-my-life-a-los-directores-de-los-institutos-de-la-ciudad/Un%20momento%20de%20la%20reuni%C3%B3n."></p>
<div class="zoom-icon">Un momento de la reunión.</div>
</div>
</div>
</div>
</div>
<div class="container-fluid">
<p lang="es-ES-u-co-trad" align="left">Las tenientes de alcalde delegadas de Igualdad y Bienestar Social, Paula Conesa, y de Educación, Laura Ruiz, acompañadas de los técnicos del Ayuntamiento de Algeciras, han mantenido en el IES Ciudad de Algeciras una reunión con los directores de los institutos de enseñanza obligatoria de Algeciras.</p>
<p lang="es-ES-u-co-trad">En este encuentro, las ediles han presentado y puesto a su disposición el proyecto “Draw my life”, un cortometraje de animación financiado con los fondos del Pacto de Estado en materia de Violencia de Género, basado en una idea original de los psicólogos municipales Nuria Grimaldi y Eduardo Abadía, a los centros educativos de la ciudad, al objeto de que los estudiantes algecireños tomen conciencia de esta realidad.</p>
<p lang="es-ES-u-co-trad">La delegada de Educación quiso dejar constancia de la importancia de educar a los jóvenes en valores, y ha asegurado que “es necesario utilizar herramientas como esta, que ayudan a formar y sensibilizar a las nuevas generaciones en estas cuestiones”.</p>
<p lang="es-ES-u-co-trad">Por su parte, la delegada de Igualdad y Bienestar Social explicó que “aunque el 25 de noviembre ya esta próximo, desde el Ayuntamiento no solo luchamos por la eliminación de la violencia contra la mujer en su día internacional, sino a lo largo de todo el año con iniciativas como esta, porque estamos comprometidos con la causa”.</p>
<p>[youtube https://www.youtube.com/watch?v=QXI1J7McN_k]</p>
<p><strong>25 de Noviembre Dia Mundial Contra la Violencia de Género 2019</strong></p>
<p>Nuestro centro ha participado en la Marcha Contra la Violencia de Género que se ha celebrado conjuntamente con otros centro en Algeciras.</p>
ngg_shortcode_0_placeholder</div>
</div>
</div>
<p><strong>Semana del 25 de Noviembre al 2 de Diciembre 2019</strong></p>
<p>Hemos tenido cedida una exposición fotográfica: IV Concurso Fotográfico Con Ojos de Mujer de el Sindicado Ustea.</p>
ngg_shortcode_1_placeholder
<p><strong>Charlas contra La Violencia de género de la Asociación Victoria Kent</strong></p>

<p>RESOLUCIÓN DE 16 DE OCTUBRE DE 2019 DE LA DIRECCIÓN GENERAL DE ATENCIÓN A LA DIVERSIDAD, PARTICIPACIÓN Y CONVIVENCIA ESCOLAR PARA REGULAR LAS MEDIDAS Y ACTUACIONES PARA LA PREVENCIÓN DE LA VIOLENCIA DE GÉNERO&#46;&#46;&#46;</p>
