{"id":361,"date":"2015-03-18T10:23:27","date_gmt":"2015-03-18T10:23:27","guid":{"rendered":"http:\/\/blogsaverroes.juntadeandalucia.es\/pre\/ceip\/?page_id=361"},"modified":"2024-01-23T13:51:29","modified_gmt":"2024-01-23T12:51:29","slug":"361-2","status":"publish","type":"page","link":"https:\/\/blogsaverroes.juntadeandalucia.es\/ieslaspalomas\/geografia-e-historia\/361-2\/","title":{"rendered":"Materiales, recursos&#8230;"},"content":{"rendered":"<h2><span style=\"color: #ff00ff\"><strong>CUADERNILLOS PARA LA RECUPERACI\u00d3N DE LA ASIGNATURA DE GEOGRAF\u00cdA E HISTORIA 23\/24<\/strong><\/span><\/h2>\n<p><span style=\"color: #99cc00\"><strong><em>GEOGRAF\u00cdA E HISTORIA DE 1\u00ba ESO&nbsp;<\/em><\/strong><\/span><\/p>\n<h4>Enlace de Drive:<\/h4>\n<p><a href=\"https:\/\/drive.google.com\/file\/d\/1Rd1j4IWFpke27GcVx5LiJjX6z0yF53ZY\/view?usp=sharing\">https:\/\/drive.google.com\/file\/d\/1Rd1j4IWFpke27GcVx5LiJjX6z0yF53ZY\/view?usp=sharing<\/a><\/p>\n<p>&nbsp;<\/p>\n<h4><span style=\"color: #99cc00\"><em>GEOGRAF\u00cdA E HISTORIA DE 2\u00ba ESO&nbsp;<\/em><\/span><\/h4>\n<h4>Enlace de Drive:<\/h4>\n<p><a href=\"https:\/\/drive.google.com\/file\/d\/1ic5IkWli-1MyswIy0su1LXSGNednvvUp\/view?usp=sharing\"><strong>https:\/\/drive.google.com\/file\/d\/1ic5IkWli-1MyswIy0su1LXSGNednvvUp\/view?usp=sharing<\/strong><\/a><\/p>\n<p>&nbsp;<\/p>\n<p><span style=\"color: #99cc00\"><strong>GEOGRAF\u00cdA E HISTORIA DE 3\u00ba ESO&nbsp;<\/strong><\/span><\/p>\n<h4>Enlace de Drive:<\/h4>\n<p><a href=\"https:\/\/drive.google.com\/file\/d\/1MekXaAXl1pd-2litEJEfglkcwhKOq_0W\/view?usp=sharing\"><strong>https:\/\/drive.google.com\/file\/d\/1MekXaAXl1pd-2litEJEfglkcwhKOq_0W\/view?usp=sharing<\/strong><\/a><\/p>\n<h4>&nbsp;<\/h4>\n<p>&nbsp;<\/p>\n<h4><a href=\"http:\/\/agrega.juntadeandalucia.es\/visualizar\/es\/es-an_2012090511_9114117\/true\" target=\"_blank\" rel=\"noopener noreferrer\">El mundo actual. Poblaci\u00f3n y recursos. La poblaci\u00f3n en el mundo actual<\/a><\/h4>\n<p><a href=\"http:\/\/agrega.juntadeandalucia.es\/visualizar\/es\/es-an_2012090511_9114117\/true\" target=\"_blank\" rel=\"noopener noreferrer\"><img loading=\"lazy\" decoding=\"async\" class=\" size-medium wp-image-2111 alignleft\" src=\"http:\/\/blogsaverroes.juntadeandalucia.es\/ieslaspalomas\/files\/2015\/03\/geografia_historia01-300x230.jpg\" alt=\"geografia_historia01\" width=\"300\" height=\"230\" srcset=\"https:\/\/blogsaverroes.juntadeandalucia.es\/ieslaspalomas\/files\/2015\/03\/geografia_historia01-300x230.jpg 300w, https:\/\/blogsaverroes.juntadeandalucia.es\/ieslaspalomas\/files\/2015\/03\/geografia_historia01.jpg 781w\" sizes=\"(max-width: 300px) 100vw, 300px\" \/><\/a><\/p>\n<p>Mira cu\u00e1nta gente hay en esta imagen. A primera vista cualquiera dir\u00eda que ve gente sin m\u00e1s. Pero si te parece bien vamos a fijarnos con detenimiento \u00bfCu\u00e1ntos grupos componen la poblaci\u00f3n representada? \u00bfTienen todas estas personas la misma edad? \u00bfSon del mismo sexo? \u00bfTienen el mismo color de piel?<\/p>\n<p align=\"justify\">Vamos a abordar el estudio de la poblaci\u00f3n en el mundo actual a trav\u00e9s de una ciencia que es la Geograf\u00eda. Esta disciplina cient\u00edfica intenta comprender las relaciones entre los seres humanos y el territorio en el que desarrollan su vida.<\/p>\n<h4><a href=\"http:\/\/agrega.juntadeandalucia.es\/visualizar\/es\/es-an_2013091011_9122052\/true\" target=\"_blank\" rel=\"noopener noreferrer\">El mundo actual. Poblaci\u00f3n y recursos: Los desaf\u00edos del nuevo milenio<\/a><\/h4>\n<p style=\"text-align: left\"><a href=\"http:\/\/agrega.juntadeandalucia.es\/visualizar\/es\/es-an_2013091011_9122052\/true\" target=\"_blank\" rel=\"noopener noreferrer\"><img loading=\"lazy\" decoding=\"async\" class=\" size-full wp-image-2114 alignleft\" src=\"http:\/\/blogsaverroes.juntadeandalucia.es\/ieslaspalomas\/files\/2015\/03\/geografia_historia02.jpg\" alt=\"geografia_historia02\" width=\"250\" height=\"250\" srcset=\"https:\/\/blogsaverroes.juntadeandalucia.es\/ieslaspalomas\/files\/2015\/03\/geografia_historia02.jpg 250w, https:\/\/blogsaverroes.juntadeandalucia.es\/ieslaspalomas\/files\/2015\/03\/geografia_historia02-150x150.jpg 150w, https:\/\/blogsaverroes.juntadeandalucia.es\/ieslaspalomas\/files\/2015\/03\/geografia_historia02-160x160.jpg 160w\" sizes=\"(max-width: 250px) 100vw, 250px\" \/><\/a><\/p>\n<div class=\"iDevice_inner\">\n<div id=\"ta41_22_2\" class=\"block\">\n<div align=\"justify\">&nbsp;<\/div>\n<div align=\"justify\">Si tuvieras que explicar a un amigo las caracter\u00edsticas del mundo en que vives, seguro que le contar\u00edas muchas cosas de las que hemos abordado en los temas anteriores. Pero la imagen de ese mundo no estar\u00eda completa si no le hablases de Internet, de la innovaci\u00f3n tecnol\u00f3gica y de algo de lo que se habla mucho \u00faltimamente, la globalizaci\u00f3n.<\/div>\n<\/div>\n<\/div>\n","protected":false},"excerpt":{"rendered":"<p>CUADERNILLOS PARA LA RECUPERACI\u00d3N DE LA ASIGNATURA DE GEOGRAF\u00cdA E HISTORIA 23\/24 GEOGRAF\u00cdA E HISTORIA DE 1\u00ba ESO&nbsp; Enlace de Drive: https:\/\/drive.google.com\/file\/d\/1Rd1j4IWFpke27GcVx5LiJjX6z0yF53ZY\/view?usp=sharing &nbsp; GEOGRAF\u00cdA E HISTORIA DE 2\u00ba ESO&nbsp; Enlace de Drive: https:\/\/drive.google.com\/file\/d\/1ic5IkWli-1MyswIy0su1LXSGNednvvUp\/view?usp=sharing &nbsp;&#46;&#46;&#46;<\/p>\n","protected":false},"author":1,"featured_media":0,"parent":153,"menu_order":0,"comment_status":"closed","ping_status":"open","template":"","meta":{"ngg_post_thumbnail":0,"footnotes":"","_mc_calendar":[]},"aioseo_notices":[],"_links":{"self":[{"href":"https:\/\/blogsaverroes.juntadeandalucia.es\/ieslaspalomas\/wp-json\/wp\/v2\/pages\/361"}],"collection":[{"href":"https:\/\/blogsaverroes.juntadeandalucia.es\/ieslaspalomas\/wp-json\/wp\/v2\/pages"}],"about":[{"href":"https:\/\/blogsaverroes.juntadeandalucia.es\/ieslaspalomas\/wp-json\/wp\/v2\/types\/page"}],"author":[{"embeddable":true,"href":"https:\/\/blogsaverroes.juntadeandalucia.es\/ieslaspalomas\/wp-json\/wp\/v2\/users\/1"}],"replies":[{"embeddable":true,"href":"https:\/\/blogsaverroes.juntadeandalucia.es\/ieslaspalomas\/wp-json\/wp\/v2\/comments?post=361"}],"version-history":[{"count":7,"href":"https:\/\/blogsaverroes.juntadeandalucia.es\/ieslaspalomas\/wp-json\/wp\/v2\/pages\/361\/revisions"}],"predecessor-version":[{"id":3161,"href":"https:\/\/blogsaverroes.juntadeandalucia.es\/ieslaspalomas\/wp-json\/wp\/v2\/pages\/361\/revisions\/3161"}],"up":[{"embeddable":true,"href":"https:\/\/blogsaverroes.juntadeandalucia.es\/ieslaspalomas\/wp-json\/wp\/v2\/pages\/153"}],"wp:attachment":[{"href":"https:\/\/blogsaverroes.juntadeandalucia.es\/ieslaspalomas\/wp-json\/wp\/v2\/media?parent=361"}],"curies":[{"name":"wp","href":"https:\/\/api.w.org\/{rel}","templated":true}]}}

<h2><span style="color: #ff00ff"><strong>CUADERNILLOS PARA LA RECUPERACIÓN DE LA ASIGNATURA DE GEOGRAFÍA E HISTORIA 23/24</strong></span></h2>
<p><span style="color: #99cc00"><strong><em>GEOGRAFÍA E HISTORIA DE 1º ESO&nbsp;</em></strong></span></p>
<h4>Enlace de Drive:</h4>
<p><a href="https://drive.google.com/file/d/1Rd1j4IWFpke27GcVx5LiJjX6z0yF53ZY/view?usp=sharing">https://drive.google.com/file/d/1Rd1j4IWFpke27GcVx5LiJjX6z0yF53ZY/view?usp=sharing</a></p>
<p>&nbsp;</p>
<h4><span style="color: #99cc00"><em>GEOGRAFÍA E HISTORIA DE 2º ESO&nbsp;</em></span></h4>
<h4>Enlace de Drive:</h4>
<p><a href="https://drive.google.com/file/d/1ic5IkWli-1MyswIy0su1LXSGNednvvUp/view?usp=sharing"><strong>https://drive.google.com/file/d/1ic5IkWli-1MyswIy0su1LXSGNednvvUp/view?usp=sharing</strong></a></p>
<p>&nbsp;</p>
<p><span style="color: #99cc00"><strong>GEOGRAFÍA E HISTORIA DE 3º ESO&nbsp;</strong></span></p>
<h4>Enlace de Drive:</h4>
<p><a href="https://drive.google.com/file/d/1MekXaAXl1pd-2litEJEfglkcwhKOq_0W/view?usp=sharing"><strong>https://drive.google.com/file/d/1MekXaAXl1pd-2litEJEfglkcwhKOq_0W/view?usp=sharing</strong></a></p>
<h4>&nbsp;</h4>
<p>&nbsp;</p>
<h4><a href="http://agrega.juntadeandalucia.es/visualizar/es/es-an_2012090511_9114117/true" target="_blank" rel="noopener noreferrer">El mundo actual. Población y recursos. La población en el mundo actual</a></h4>
<p><a href="http://agrega.juntadeandalucia.es/visualizar/es/es-an_2012090511_9114117/true" target="_blank" rel="noopener noreferrer"><img loading="lazy" decoding="async" class=" size-medium wp-image-2111 alignleft" src="http://blogsaverroes.juntadeandalucia.es/ieslaspalomas/files/2015/03/geografia_historia01-300x230.jpg" alt="geografia_historia01" width="300" height="230" srcset="https://blogsaverroes.juntadeandalucia.es/ieslaspalomas/files/2015/03/geografia_historia01-300x230.jpg 300w, https://blogsaverroes.juntadeandalucia.es/ieslaspalomas/files/2015/03/geografia_historia01.jpg 781w" sizes="(max-width: 300px) 100vw, 300px" /></a></p>
<p>Mira cuánta gente hay en esta imagen. A primera vista cualquiera diría que ve gente sin más. Pero si te parece bien vamos a fijarnos con detenimiento ¿Cuántos grupos componen la población representada? ¿Tienen todas estas personas la misma edad? ¿Son del mismo sexo? ¿Tienen el mismo color de piel?</p>
<p align="justify">Vamos a abordar el estudio de la población en el mundo actual a través de una ciencia que es la Geografía. Esta disciplina científica intenta comprender las relaciones entre los seres humanos y el territorio en el que desarrollan su vida.</p>
<h4><a href="http://agrega.juntadeandalucia.es/visualizar/es/es-an_2013091011_9122052/true" target="_blank" rel="noopener noreferrer">El mundo actual. Población y recursos: Los desafíos del nuevo milenio</a></h4>
<p style="text-align: left"><a href="http://agrega.juntadeandalucia.es/visualizar/es/es-an_2013091011_9122052/true" target="_blank" rel="noopener noreferrer"><img loading="lazy" decoding="async" class=" size-full wp-image-2114 alignleft" src="http://blogsaverroes.juntadeandalucia.es/ieslaspalomas/files/2015/03/geografia_historia02.jpg" alt="geografia_historia02" width="250" height="250" srcset="https://blogsaverroes.juntadeandalucia.es/ieslaspalomas/files/2015/03/geografia_historia02.jpg 250w, https://blogsaverroes.juntadeandalucia.es/ieslaspalomas/files/2015/03/geografia_historia02-150x150.jpg 150w, https://blogsaverroes.juntadeandalucia.es/ieslaspalomas/files/2015/03/geografia_historia02-160x160.jpg 160w" sizes="(max-width: 250px) 100vw, 250px" /></a></p>
<div class="iDevice_inner">
<div id="ta41_22_2" class="block">
<div align="justify">&nbsp;</div>
<div align="justify">Si tuvieras que explicar a un amigo las características del mundo en que vives, seguro que le contarías muchas cosas de las que hemos abordado en los temas anteriores. Pero la imagen de ese mundo no estaría completa si no le hablases de Internet, de la innovación tecnológica y de algo de lo que se habla mucho últimamente, la globalización.</div>
</div>
</div>

<p>CUADERNILLOS PARA LA RECUPERACIÓN DE LA ASIGNATURA DE GEOGRAFÍA E HISTORIA 23/24 GEOGRAFÍA E HISTORIA DE 1º ESO&nbsp; Enlace de Drive: https://drive.google.com/file/d/1Rd1j4IWFpke27GcVx5LiJjX6z0yF53ZY/view?usp=sharing &nbsp; GEOGRAFÍA E HISTORIA DE 2º ESO&nbsp; Enlace de Drive: https://drive.google.com/file/d/1ic5IkWli-1MyswIy0su1LXSGNednvvUp/view?usp=sharing &nbsp;&#46;&#46;&#46;</p>
