{"id":77,"date":"2015-03-16T06:54:56","date_gmt":"2015-03-16T06:54:56","guid":{"rendered":"http:\/\/blogsaverroes.juntadeandalucia.es\/pre\/ceip\/?page_id=77"},"modified":"2023-10-05T12:41:53","modified_gmt":"2023-10-05T10:41:53","slug":"secretaria","status":"publish","type":"page","link":"https:\/\/blogsaverroes.juntadeandalucia.es\/ieslaspalomas\/secretaria\/","title":{"rendered":"Secretar\u00eda"},"content":{"rendered":"<p><strong>Horario de Atenci\u00f3n al p\u00fablico<\/strong>:<\/p>\n<p>De lunes a viernes de 10:00 a 13:00 horas<\/p>\n<p><strong>Contacto:<\/strong><\/p>\n<p>Antonio (Administrativo)<\/p>\n<p>Tel\u00e9fono: 956670611<\/p>\n<p>Correo electr\u00f3nico: 11700913.administracion@g.educaand.es<\/p>\n<p><strong>Cita Previa:<\/strong><\/p>\n<p>Solicite cita previa para una mejor atenci\u00f3n, o si no puede acudir dentro del horario de atenci\u00f3n al p\u00fablico.<\/p>\n<p><strong>Realizaci\u00f3n de tramites on-line:<\/strong><\/p>\n<p>La Junta de Andaluc\u00eda tiene establecidos para realizar ciertos tr\u00e1mites \u00abgenerales\u00bb el siguiente enlace:<\/p>\n<p>Secretar\u00eda Virtual de la Junta de Andaluc\u00eda<\/p>\n<p>https:\/\/www.juntadeandalucia.es\/educacion\/secretariavirtual\/<\/p>\n<p>&nbsp;<\/p>\n<p>El Centro no dispone de servicio propio de gesti\u00f3n de tr\u00e1mites on-line, m\u00e1s all\u00e1 de la propia Secretar\u00eda Virtual de la Junta de Andaluc\u00eda. No obstante, ciertos tr\u00e1mites, como por ejemplo Certificados de escolaridad, acad\u00e9micos, etc&#8230; , se pueden solicitar y recibir a trav\u00e9s de correo electr\u00f3nico. Para ello es necesario&nbsp; que la persona solicitante se identifique adjuntando fotocopia del DNI a la solicitud. Pueden usar el correo de administraci\u00f3n, arriba indicado, o el correo del Centro: 11700913.edu@juntadeandalucia.es<\/p>\n<p>&nbsp;<\/p>\n","protected":false},"excerpt":{"rendered":"<p>Horario de Atenci\u00f3n al p\u00fablico: De lunes a viernes de 10:00 a 13:00 horas Contacto: Antonio (Administrativo) Tel\u00e9fono: 956670611 Correo electr\u00f3nico: 11700913.administracion@g.educaand.es Cita Previa: Solicite cita previa para una mejor atenci\u00f3n, o si no&#46;&#46;&#46;<\/p>\n","protected":false},"author":1,"featured_media":0,"parent":0,"menu_order":0,"comment_status":"closed","ping_status":"open","template":"","meta":{"ngg_post_thumbnail":0,"footnotes":"","_mc_calendar":[]},"aioseo_notices":[],"_links":{"self":[{"href":"https:\/\/blogsaverroes.juntadeandalucia.es\/ieslaspalomas\/wp-json\/wp\/v2\/pages\/77"}],"collection":[{"href":"https:\/\/blogsaverroes.juntadeandalucia.es\/ieslaspalomas\/wp-json\/wp\/v2\/pages"}],"about":[{"href":"https:\/\/blogsaverroes.juntadeandalucia.es\/ieslaspalomas\/wp-json\/wp\/v2\/types\/page"}],"author":[{"embeddable":true,"href":"https:\/\/blogsaverroes.juntadeandalucia.es\/ieslaspalomas\/wp-json\/wp\/v2\/users\/1"}],"replies":[{"embeddable":true,"href":"https:\/\/blogsaverroes.juntadeandalucia.es\/ieslaspalomas\/wp-json\/wp\/v2\/comments?post=77"}],"version-history":[{"count":9,"href":"https:\/\/blogsaverroes.juntadeandalucia.es\/ieslaspalomas\/wp-json\/wp\/v2\/pages\/77\/revisions"}],"predecessor-version":[{"id":3095,"href":"https:\/\/blogsaverroes.juntadeandalucia.es\/ieslaspalomas\/wp-json\/wp\/v2\/pages\/77\/revisions\/3095"}],"wp:attachment":[{"href":"https:\/\/blogsaverroes.juntadeandalucia.es\/ieslaspalomas\/wp-json\/wp\/v2\/media?parent=77"}],"curies":[{"name":"wp","href":"https:\/\/api.w.org\/{rel}","templated":true}]}}