{"id":153,"date":"2015-03-17T07:48:56","date_gmt":"2015-03-17T07:48:56","guid":{"rendered":"http:\/\/blogsaverroes.juntadeandalucia.es\/pre\/ceip\/?page_id=153"},"modified":"2024-10-28T22:43:06","modified_gmt":"2024-10-28T22:43:06","slug":"geografia-e-historia","status":"publish","type":"page","link":"https:\/\/blogsaverroes.juntadeandalucia.es\/ieslasvinas\/geografia-e-historia\/","title":{"rendered":"Geograf\u00eda e Historia"},"content":{"rendered":"<header class=\"entry-header cf\">\n<h1 class=\"entry-title\"><a href=\"https:\/\/blogsaverroes.juntadeandalucia.es\/ieslasvinas\/geografia-e-historia\/\">Geograf\u00eda e Historia<\/a><\/h1>\n<\/header>\n<div class=\"entry-byline cf\">&nbsp;<\/div>\n<div class=\"entry-content cf\">\n<table style=\"width: 82.219%;height: 144px\">\n<tbody>\n<tr style=\"height: 24px\">\n<td style=\"height: 24px\" colspan=\"2\">&nbsp;<\/td>\n<td style=\"background-color: #8cc5de;height: 24px\"><strong>Puesto o Especialidad<\/strong><\/td>\n<\/tr>\n<tr style=\"height: 63px\">\n<td style=\"background-color: #8cc5de;height: 63px\">\n<h5><strong>Jefatura de Departamento<\/strong><\/h5>\n<\/td>\n<td style=\"height: 63px\" width=\"235\">Manuel Mar\u00edn Moreno<\/td>\n<td style=\"height: 63px\" width=\"328\">Geograf\u00eda e Historia P.E.S.<\/td>\n<\/tr>\n<tr style=\"height: 28px\">\n<td style=\"background-color: #8cc5de;height: 57px\" rowspan=\"2\">\n<h5><strong>Componentes<\/strong><\/h5>\n<\/td>\n<td style=\"height: 28px\" width=\"235\">Rafael Parl\u00f3n Palma<\/td>\n<td style=\"height: 28px\" width=\"328\">Geograf\u00eda e Historia P.E.S.<\/td>\n<\/tr>\n<tr style=\"height: 29px\">\n<td style=\"height: 29px\" width=\"235\">Sergio Moyano Ruz<\/td>\n<td style=\"height: 29px\" width=\"328\">Geograf\u00eda e Historia P.E.S.<\/td>\n<\/tr>\n<\/tbody>\n<\/table>\n<table style=\"width: 81.9275%\">\n<tbody>\n<tr>\n<td style=\"width: 100%;background-color: #2c8cf2;text-align: left\">\n<h3><span style=\"color: #ffffff\"><strong>Criterios de evaluaci\u00f3n 24-25<\/strong><\/span><\/h3>\n<\/td>\n<\/tr>\n<tr>\n<td style=\"width: 100%;text-align: left\"><a href=\"https:\/\/blogsaverroes.juntadeandalucia.es\/iessalvadorserrano\/files\/2020\/11\/Programaci%C3%B3n_Dpto_GeH_2020_2021_bis.pdf\"><img decoding=\"async\" class=\"size-full wp-image-2788 alignleft\" src=\"https:\/\/blogsaverroes.juntadeandalucia.es\/iessalvadorserrano\/files\/2015\/03\/PDFd-e1510255886258.jpg\" alt=\"\" width=\"45\" height=\"24\"><\/a><a href=\"https:\/\/blogsaverroes.juntadeandalucia.es\/ieslasvinas\/files\/2022\/12\/GeH-3\u00ba-ESO.pdf\">GeH &#8211; 3\u00ba ESO<\/a> &nbsp;<a href=\"https:\/\/blogsaverroes.juntadeandalucia.es\/ieslasvinas\/files\/2022\/12\/GeH-1\u00ba-ESO.pdf\">GeH &#8211; 1\u00ba ESO<\/a> &nbsp;<a href=\"https:\/\/blogsaverroes.juntadeandalucia.es\/ieslasvinas\/files\/2022\/12\/Criterios-4\u00ba-ESO-GeH.pdf\">&#8211; GeH<\/a> <a href=\"https:\/\/blogsaverroes.juntadeandalucia.es\/ieslasvinas\/files\/2023\/12\/4A\u0302\u00baESOGeH-Criterios.pdf\">4\u00baESO GeH Criterios<\/a> <a href=\"https:\/\/blogsaverroes.juntadeandalucia.es\/ieslasvinas\/files\/2023\/12\/4A\u0302\u00baESOAmpCultClas-Criterios.pdf\">4\u00baESO AmpCultClas&nbsp; Criterios<\/a> <a href=\"https:\/\/blogsaverroes.juntadeandalucia.es\/ieslasvinas\/files\/2023\/12\/4A\u0302\u00baESOALS-Criterios.pdf\">4\u00baESO ALS Criterios<\/a> &nbsp;&nbsp;<a href=\"https:\/\/blogsaverroes.juntadeandalucia.es\/ieslasvinas\/files\/2023\/12\/4A\u0302\u00baESO-EcoyEmp-Criterios.pdf\">4\u00baESO EcoyEmpCriterios<\/a> &nbsp;<a href=\"https:\/\/blogsaverroes.juntadeandalucia.es\/ieslasvinas\/files\/2023\/12\/2A\u0302\u00baESOValorEtic-Criterios.pdf\">2\u00baESOValorEtic Criterios<\/a> &nbsp;&nbsp;<a href=\"https:\/\/blogsaverroes.juntadeandalucia.es\/ieslasvinas\/files\/2023\/12\/2A\u0302\u00baESOGeH-Criterios.pdf\">2\u00baESOGeH Criterios<\/a> &nbsp;<a href=\"https:\/\/blogsaverroes.juntadeandalucia.es\/ieslasvinas\/files\/2024\/10\/Filosofia-4o-ESO.pdf\">Filosof\u00eda (4\u00ba ESO)<\/a><\/td>\n<\/tr>\n<tr>\n<td style=\"width: 100%;text-align: left\">RELIGI\u00d3N<\/td>\n<\/tr>\n<tr>\n<td style=\"width: 100%;text-align: left\"><a href=\"https:\/\/blogsaverroes.juntadeandalucia.es\/iessalvadorserrano\/files\/2020\/11\/Programaci%C3%B3n_Dpto_GeH_2020_2021_bis.pdf\"><img decoding=\"async\" class=\"size-full wp-image-2788 alignleft\" src=\"https:\/\/blogsaverroes.juntadeandalucia.es\/iessalvadorserrano\/files\/2015\/03\/PDFd-e1510255886258.jpg\" alt=\"\" width=\"45\" height=\"24\"><\/a><\/td>\n<\/tr>\n<\/tbody>\n<\/table>\n<\/div>\n<p>&nbsp;<\/p>\n<p>&nbsp;<\/p>\n<p>&nbsp;<\/p>\n<p><img fetchpriority=\"high\" decoding=\"async\" class=\"aligncenter size-medium wp-image-2109\" src=\"http:\/\/blogsaverroes.juntadeandalucia.es\/temahuemanies\/files\/2015\/03\/geografia_historia-300x225.png\" alt=\"geografia_historia\" width=\"300\" height=\"225\" srcset=\"https:\/\/blogsaverroes.juntadeandalucia.es\/ieslasvinas\/files\/2015\/03\/geografia_historia-300x225.png 300w, https:\/\/blogsaverroes.juntadeandalucia.es\/ieslasvinas\/files\/2015\/03\/geografia_historia.png 640w\" sizes=\"(max-width: 300px) 100vw, 300px\" \/><\/p>\n<p><strong><span style=\"font-family: sans-serif\"><span style=\"font-size: medium\">Geograf\u00eda e Historia <\/span><\/span><\/strong><\/p>\n<p><span style=\"font-family: sans-serif\"><span style=\"font-size: medium\">El conocimiento de la sociedad, su organizaci\u00f3n y funcionamiento a lo largo del tiempo es esencial para poder entender el mundo actual. Conocer el espacio donde se desarrollan las sociedades, los recursos naturales y el uso que se ha dado a \u00e9stos, nos aporta datos sobre el pasado y nos permiten vislumbrar algunos de los problemas del futuro. <\/span><\/span><\/p>\n<p><span style=\"font-family: sans-serif\"><span style=\"font-size: medium\">Las disciplinas de la Geograf\u00eda y la Historia son dos importantes ejes vertebradores para el conocimiento de la sociedad, ya que contemplan la realidad humana y social desde una perspectiva global e integradora y ofrecen una mayor capacidad para la estructuraci\u00f3n de los hechos sociales; no obstante la sociedad actual, cada vez m\u00e1s compleja, requiere de la intervenci\u00f3n de otras disciplinas como la Econom\u00eda, Sociolog\u00eda, Ecolog\u00eda o Historia del Arte, que aportan an\u00e1lisis diferentes y complementarios, para la mejor comprensi\u00f3n de la realidad social. <\/span><\/span><\/p>\n","protected":false},"excerpt":{"rendered":"<p>Geograf\u00eda e Historia &nbsp; &nbsp; Puesto o Especialidad Jefatura de Departamento Manuel Mar\u00edn Moreno Geograf\u00eda e Historia P.E.S. Componentes Rafael Parl\u00f3n Palma Geograf\u00eda e Historia P.E.S. Sergio Moyano Ruz Geograf\u00eda e Historia P.E.S. Criterios&#46;&#46;&#46;<\/p>\n","protected":false},"author":1,"featured_media":0,"parent":0,"menu_order":0,"comment_status":"open","ping_status":"open","template":"page-templates\/child-menu.php","meta":{"ngg_post_thumbnail":0,"footnotes":"","_mc_calendar":[]},"aioseo_notices":[],"_links":{"self":[{"href":"https:\/\/blogsaverroes.juntadeandalucia.es\/ieslasvinas\/wp-json\/wp\/v2\/pages\/153"}],"collection":[{"href":"https:\/\/blogsaverroes.juntadeandalucia.es\/ieslasvinas\/wp-json\/wp\/v2\/pages"}],"about":[{"href":"https:\/\/blogsaverroes.juntadeandalucia.es\/ieslasvinas\/wp-json\/wp\/v2\/types\/page"}],"author":[{"embeddable":true,"href":"https:\/\/blogsaverroes.juntadeandalucia.es\/ieslasvinas\/wp-json\/wp\/v2\/users\/1"}],"replies":[{"embeddable":true,"href":"https:\/\/blogsaverroes.juntadeandalucia.es\/ieslasvinas\/wp-json\/wp\/v2\/comments?post=153"}],"version-history":[{"count":18,"href":"https:\/\/blogsaverroes.juntadeandalucia.es\/ieslasvinas\/wp-json\/wp\/v2\/pages\/153\/revisions"}],"predecessor-version":[{"id":4278,"href":"https:\/\/blogsaverroes.juntadeandalucia.es\/ieslasvinas\/wp-json\/wp\/v2\/pages\/153\/revisions\/4278"}],"wp:attachment":[{"href":"https:\/\/blogsaverroes.juntadeandalucia.es\/ieslasvinas\/wp-json\/wp\/v2\/media?parent=153"}],"curies":[{"name":"wp","href":"https:\/\/api.w.org\/{rel}","templated":true}]}}