{"id":178,"date":"2015-03-17T07:56:43","date_gmt":"2015-03-17T07:56:43","guid":{"rendered":"http:\/\/blogsaverroes.juntadeandalucia.es\/pre\/ceip\/?page_id=178"},"modified":"2024-10-28T17:08:52","modified_gmt":"2024-10-28T17:08:52","slug":"musica","status":"publish","type":"page","link":"https:\/\/blogsaverroes.juntadeandalucia.es\/ieslasvinas\/musica\/","title":{"rendered":"M\u00fasica"},"content":{"rendered":"<header class=\"entry-header cf\">\n<h1 class=\"entry-title\"><a href=\"https:\/\/blogsaverroes.juntadeandalucia.es\/ieslasvinas\/musica\/\">M\u00fasica <\/a><\/h1>\n<\/header>\n<div class=\"entry-byline cf\">&nbsp;<\/div>\n<div class=\"entry-content cf\">\n<table style=\"width: 67.5225%\" width=\"715\">\n<tbody>\n<tr>\n<td style=\"width: 53.8084%\" colspan=\"2\" width=\"422\">&nbsp;<\/td>\n<td style=\"background-color: #8cc5de;width: 31.0729%\" width=\"293\"><strong>Puesto o Especialidad<\/strong><\/td>\n<\/tr>\n<tr>\n<td style=\"background-color: #8cc5de;width: 19.4678%\" width=\"137\"><strong>Jefatura de Departamento<\/strong><\/td>\n<td style=\"width: 34.3406%;text-align: left\" width=\"285\">&nbsp;Pablo Manj\u00f3n-Cabezas Guzm\u00e1n<\/td>\n<td style=\"width: 31.0729%\" width=\"293\">M\u00fasica P.E.S.<\/td>\n<\/tr>\n<tr>\n<td style=\"background-color: #8cc5de;width: 19.4678%\" width=\"137\"><strong>Componentes<\/strong><\/td>\n<td style=\"width: 34.3406%;text-align: left\" width=\"285\">&nbsp;Manuel Llamas Luna<\/td>\n<td style=\"width: 31.0729%\" width=\"293\">M\u00fasica P.E.S<\/td>\n<\/tr>\n<\/tbody>\n<\/table>\n<table style=\"width: 67.6263%;height: 105px\">\n<tbody>\n<tr style=\"height: 65px\">\n<td style=\"background-color: #2c8cf2;text-align: left;width: 100%;height: 65px\">\n<h3><strong><span style=\"color: #ffffff\">Criterios de Evaluaci\u00f3n Curso 24-25<\/span><\/strong><\/h3>\n<\/td>\n<\/tr>\n<tr style=\"height: 40px\">\n<td style=\"text-align: left;width: 100%;height: 40px\"><a href=\"https:\/\/blogsaverroes.juntadeandalucia.es\/iessalvadorserrano\/files\/2020\/12\/Prog.-Gral-de-Departamento-Pl%C3%A1stica.pdf\"><img decoding=\"async\" class=\"size-full wp-image-2788 alignnone\" src=\"https:\/\/blogsaverroes.juntadeandalucia.es\/iessalvadorserrano\/files\/2015\/03\/PDFd-e1510255886258.jpg\" alt=\"\" width=\"45\" height=\"24\"><\/a><a href=\"https:\/\/blogsaverroes.juntadeandalucia.es\/ieslasvinas\/files\/2022\/12\/Mu\u0301sica-3\u00ba-ESO.pdf\">Mu\u0301sica &#8211; 3\u00ba ESO.<\/a><a href=\"https:\/\/blogsaverroes.juntadeandalucia.es\/ieslasvinas\/files\/2023\/12\/MUS-4\u00ba-ESO.pdf\">MUS &#8211; 4\u00ba ESO.<\/a><a href=\"https:\/\/blogsaverroes.juntadeandalucia.es\/ieslasvinas\/files\/2023\/12\/MUS-1\u00ba-ESO.pdf\">MUS &#8211; 1\u00ba ESO. &nbsp; <\/a><a href=\"https:\/\/blogsaverroes.juntadeandalucia.es\/ieslasvinas\/files\/2023\/12\/MUS-2\u00ba-ESO.pdf\">MUS &#8211; 2\u00ba ESO<\/a><\/p>\n<p><a href=\"https:\/\/blogsaverroes.juntadeandalucia.es\/ieslasvinas\/files\/2023\/12\/C-FLAMENCO-3\u00ba-ESO.pdf\">C FLAMENCO &#8211; 3\u00ba ESO<\/a><\/td>\n<\/tr>\n<\/tbody>\n<\/table>\n<\/div>\n<p>&nbsp;<\/p>\n<p><a href=\"http:\/\/blogsaverroes.juntadeandalucia.es\/temahuemanies\/files\/2015\/03\/musica.jpg\"><img fetchpriority=\"high\" decoding=\"async\" class=\"aligncenter size-medium wp-image-2143\" src=\"http:\/\/blogsaverroes.juntadeandalucia.es\/temahuemanies\/files\/2015\/03\/musica-300x300.jpg\" alt=\"musica\" width=\"300\" height=\"300\" srcset=\"https:\/\/blogsaverroes.juntadeandalucia.es\/ieslasvinas\/files\/2015\/03\/musica-300x300.jpg 300w, https:\/\/blogsaverroes.juntadeandalucia.es\/ieslasvinas\/files\/2015\/03\/musica-150x150.jpg 150w, https:\/\/blogsaverroes.juntadeandalucia.es\/ieslasvinas\/files\/2015\/03\/musica-160x160.jpg 160w, https:\/\/blogsaverroes.juntadeandalucia.es\/ieslasvinas\/files\/2015\/03\/musica.jpg 640w\" sizes=\"(max-width: 300px) 100vw, 300px\" \/><\/a><\/p>\n<p><strong><span style=\"font-family: sans-serif\"><span style=\"font-size: medium\">M\u00fasica <\/span><\/span><\/strong><\/p>\n<p><span style=\"font-family: sans-serif\"><span style=\"font-size: medium\">La m\u00fasica, como bien cultural y como lenguaje y medio de comunicaci\u00f3n no verbal, constituye un elemento con gran valor en la vida de las personas; adem\u00e1s, favorece el desarrollo integral de los individuos, interviene en su formaci\u00f3n emocional e intelectual, a trav\u00e9s del conocimiento del hecho musical como manifestaci\u00f3n cultural e hist\u00f3rica, y contribuye al afianzamiento de una postura abierta, reflexiva y cr\u00edtica en el alumnado. <\/span><\/span><\/p>\n<p><span style=\"font-family: sans-serif\"><span style=\"font-size: medium\">En la actualidad la m\u00fasica constituye uno de los principales referentes de identificaci\u00f3n de la juventud. Con el desarrollo tecnol\u00f3gico se han multiplicado los cauces de acceso a las cada vez m\u00e1s numerosas fuentes de cultura musical, as\u00ed como a sus diversas maneras de creaci\u00f3n e interpretaci\u00f3n a trav\u00e9s de veh\u00edculos que forman parte de su vida cotidiana como Internet, dispositivos m\u00f3viles, reproductores de audio o videojuegos; adem\u00e1s, fomenta el desarrollo de la percepci\u00f3n, la sensibilidad est\u00e9tica, la expresi\u00f3n creativa y la reflexi\u00f3n cr\u00edtica. <\/span><\/span><\/p>\n","protected":false},"excerpt":{"rendered":"<p>M\u00fasica &nbsp; &nbsp; Puesto o Especialidad Jefatura de Departamento &nbsp;Pablo Manj\u00f3n-Cabezas Guzm\u00e1n M\u00fasica P.E.S. Componentes &nbsp;Manuel Llamas Luna M\u00fasica P.E.S Criterios de Evaluaci\u00f3n Curso 24-25 Mu\u0301sica &#8211; 3\u00ba ESO.MUS &#8211; 4\u00ba ESO.MUS &#8211; 1\u00ba&#46;&#46;&#46;<\/p>\n","protected":false},"author":1,"featured_media":0,"parent":0,"menu_order":0,"comment_status":"open","ping_status":"open","template":"page-templates\/child-menu.php","meta":{"ngg_post_thumbnail":0,"footnotes":"","_mc_calendar":[]},"aioseo_notices":[],"_links":{"self":[{"href":"https:\/\/blogsaverroes.juntadeandalucia.es\/ieslasvinas\/wp-json\/wp\/v2\/pages\/178"}],"collection":[{"href":"https:\/\/blogsaverroes.juntadeandalucia.es\/ieslasvinas\/wp-json\/wp\/v2\/pages"}],"about":[{"href":"https:\/\/blogsaverroes.juntadeandalucia.es\/ieslasvinas\/wp-json\/wp\/v2\/types\/page"}],"author":[{"embeddable":true,"href":"https:\/\/blogsaverroes.juntadeandalucia.es\/ieslasvinas\/wp-json\/wp\/v2\/users\/1"}],"replies":[{"embeddable":true,"href":"https:\/\/blogsaverroes.juntadeandalucia.es\/ieslasvinas\/wp-json\/wp\/v2\/comments?post=178"}],"version-history":[{"count":23,"href":"https:\/\/blogsaverroes.juntadeandalucia.es\/ieslasvinas\/wp-json\/wp\/v2\/pages\/178\/revisions"}],"predecessor-version":[{"id":4273,"href":"https:\/\/blogsaverroes.juntadeandalucia.es\/ieslasvinas\/wp-json\/wp\/v2\/pages\/178\/revisions\/4273"}],"wp:attachment":[{"href":"https:\/\/blogsaverroes.juntadeandalucia.es\/ieslasvinas\/wp-json\/wp\/v2\/media?parent=178"}],"curies":[{"name":"wp","href":"https:\/\/api.w.org\/{rel}","templated":true}]}}

Música

<header class="entry-header cf">
<h1 class="entry-title"><a href="https://blogsaverroes.juntadeandalucia.es/ieslasvinas/musica/">Música </a></h1>
</header>
<div class="entry-byline cf">&nbsp;</div>
<div class="entry-content cf">
<table style="width: 67.5225%" width="715">
<tbody>
<tr>
<td style="width: 53.8084%" colspan="2" width="422">&nbsp;</td>
<td style="background-color: #8cc5de;width: 31.0729%" width="293"><strong>Puesto o Especialidad</strong></td>
</tr>
<tr>
<td style="background-color: #8cc5de;width: 19.4678%" width="137"><strong>Jefatura de Departamento</strong></td>
<td style="width: 34.3406%;text-align: left" width="285">&nbsp;Pablo Manjón-Cabezas Guzmán</td>
<td style="width: 31.0729%" width="293">Música P.E.S.</td>
</tr>
<tr>
<td style="background-color: #8cc5de;width: 19.4678%" width="137"><strong>Componentes</strong></td>
<td style="width: 34.3406%;text-align: left" width="285">&nbsp;Manuel Llamas Luna</td>
<td style="width: 31.0729%" width="293">Música P.E.S</td>
</tr>
</tbody>
</table>
<table style="width: 67.6263%;height: 105px">
<tbody>
<tr style="height: 65px">
<td style="background-color: #2c8cf2;text-align: left;width: 100%;height: 65px">
<h3><strong><span style="color: #ffffff">Criterios de Evaluación Curso 24-25</span></strong></h3>
</td>
</tr>
<tr style="height: 40px">
<td style="text-align: left;width: 100%;height: 40px"><a href="https://blogsaverroes.juntadeandalucia.es/iessalvadorserrano/files/2020/12/Prog.-Gral-de-Departamento-Pl%C3%A1stica.pdf"><img decoding="async" class="size-full wp-image-2788 alignnone" src="https://blogsaverroes.juntadeandalucia.es/iessalvadorserrano/files/2015/03/PDFd-e1510255886258.jpg" alt="" width="45" height="24"></a><a href="https://blogsaverroes.juntadeandalucia.es/ieslasvinas/files/2022/12/Música-3º-ESO.pdf">Música &#8211; 3º ESO.</a><a href="https://blogsaverroes.juntadeandalucia.es/ieslasvinas/files/2023/12/MUS-4º-ESO.pdf">MUS &#8211; 4º ESO.</a><a href="https://blogsaverroes.juntadeandalucia.es/ieslasvinas/files/2023/12/MUS-1º-ESO.pdf">MUS &#8211; 1º ESO. &nbsp; </a><a href="https://blogsaverroes.juntadeandalucia.es/ieslasvinas/files/2023/12/MUS-2º-ESO.pdf">MUS &#8211; 2º ESO</a></p>
<p><a href="https://blogsaverroes.juntadeandalucia.es/ieslasvinas/files/2023/12/C-FLAMENCO-3º-ESO.pdf">C FLAMENCO &#8211; 3º ESO</a></td>
</tr>
</tbody>
</table>
</div>
<p>&nbsp;</p>
<p><a href="http://blogsaverroes.juntadeandalucia.es/temahuemanies/files/2015/03/musica.jpg"><img fetchpriority="high" decoding="async" class="aligncenter size-medium wp-image-2143" src="http://blogsaverroes.juntadeandalucia.es/temahuemanies/files/2015/03/musica-300x300.jpg" alt="musica" width="300" height="300" srcset="https://blogsaverroes.juntadeandalucia.es/ieslasvinas/files/2015/03/musica-300x300.jpg 300w, https://blogsaverroes.juntadeandalucia.es/ieslasvinas/files/2015/03/musica-150x150.jpg 150w, https://blogsaverroes.juntadeandalucia.es/ieslasvinas/files/2015/03/musica-160x160.jpg 160w, https://blogsaverroes.juntadeandalucia.es/ieslasvinas/files/2015/03/musica.jpg 640w" sizes="(max-width: 300px) 100vw, 300px" /></a></p>
<p><strong><span style="font-family: sans-serif"><span style="font-size: medium">Música </span></span></strong></p>
<p><span style="font-family: sans-serif"><span style="font-size: medium">La música, como bien cultural y como lenguaje y medio de comunicación no verbal, constituye un elemento con gran valor en la vida de las personas; además, favorece el desarrollo integral de los individuos, interviene en su formación emocional e intelectual, a través del conocimiento del hecho musical como manifestación cultural e histórica, y contribuye al afianzamiento de una postura abierta, reflexiva y crítica en el alumnado. </span></span></p>
<p><span style="font-family: sans-serif"><span style="font-size: medium">En la actualidad la música constituye uno de los principales referentes de identificación de la juventud. Con el desarrollo tecnológico se han multiplicado los cauces de acceso a las cada vez más numerosas fuentes de cultura musical, así como a sus diversas maneras de creación e interpretación a través de vehículos que forman parte de su vida cotidiana como Internet, dispositivos móviles, reproductores de audio o videojuegos; además, fomenta el desarrollo de la percepción, la sensibilidad estética, la expresión creativa y la reflexión crítica. </span></span></p>

<p>Música &nbsp; &nbsp; Puesto o Especialidad Jefatura de Departamento &nbsp;Pablo Manjón-Cabezas Guzmán Música P.E.S. Componentes &nbsp;Manuel Llamas Luna Música P.E.S Criterios de Evaluación Curso 24-25 Música &#8211; 3º ESO.MUS &#8211; 4º ESO.MUS &#8211; 1º&#46;&#46;&#46;</p>
