{"id":1806,"date":"2015-03-17T07:46:28","date_gmt":"2015-03-17T07:46:28","guid":{"rendered":"http:\/\/blogsaverroes.juntadeandalucia.es\/pre\/ceip\/?page_id=144"},"modified":"2024-05-26T09:57:54","modified_gmt":"2024-05-26T09:57:54","slug":"orientacion-2","status":"publish","type":"page","link":"https:\/\/blogsaverroes.juntadeandalucia.es\/ieslasvinas\/orientacion-2\/","title":{"rendered":"Orientaci\u00f3n"},"content":{"rendered":"<div class=\"entry-byline cf\">&nbsp;<\/div>\n<div class=\"entry-content cf\">\n<table style=\"width: 79.5652%;height: 190px\">\n<tbody>\n<tr style=\"height: 24px\">\n<td style=\"height: 24px;width: 20.467%\">&nbsp;<\/td>\n<td style=\"width: 37.0879%\">&nbsp;<\/td>\n<td style=\"height: 24px;background-color: #8cc5de;width: 41.2088%\"><strong>Puesto o Especialidad<\/strong><\/td>\n<\/tr>\n<tr style=\"height: 61px\">\n<td style=\"height: 70px;background-color: #8cc5de;width: 20.467%\">\n<h5><strong>Jefatura de Departamento<\/strong><\/h5>\n<\/td>\n<td style=\"height: 70px;width: 37.0879%;background-color: #f7f5f5\" width=\"258\">&nbsp;<\/p>\n<p><strong>Mar\u00eda del Mar Alcaide<\/strong><\/p>\n<p>malcpul884@g.educaand.es<\/p>\n<p>&nbsp;<\/td>\n<td style=\"height: 70px;width: 41.2088%;background-color: #f5f7f7\" width=\"292\">Orientaci\u00f3n Educativa P.E.S.<\/td>\n<\/tr>\n<tr style=\"height: 96px\">\n<td style=\"background-color: #8cc5de;height: 96px;width: 20.467%\">\n<h5><strong>Componentes del departamento<\/strong><\/h5>\n<\/td>\n<td style=\"height: 96px;width: 37.0879%\"><strong>Inmaculada Fern\u00e1ndez Hidalgo<\/strong><\/p>\n<p>iferhid419@g.educaand.es<\/td>\n<td style=\"height: 96px;width: 41.2088%\">&nbsp;<\/p>\n<p>Pedagog\u00eda Terapeutica<\/td>\n<\/tr>\n<tr>\n<td style=\"background-color: #f5f7f7;width: 98.7637%\" colspan=\"3\">&nbsp;<\/p>\n<p class=\"_04xlpA direction-ltr align-justify para-style-body\"><strong><span class=\"JsGRdQ\">Tel\u00e9fono D. Orientaci\u00f3n: 671535323<\/span><\/strong><\/p>\n<p class=\"_04xlpA direction-ltr align-justify para-style-body\"><strong><span class=\"JsGRdQ\">Horario de atenci\u00f3n a familia: Mi\u00e9rcoles de 10:30 a 11:30 horas. Cita previa.<\/span><\/strong><\/p>\n<h5><strong>&nbsp;<\/strong><\/h5>\n<p>&nbsp;<\/p>\n<p>&nbsp;<\/td>\n<\/tr>\n<\/tbody>\n<\/table>\n<table style=\"width: 79.6118%\">\n<tbody>\n<tr>\n<td style=\"width: 100%;background-color: #2c8cf2;text-align: left\">\n<h3><span style=\"color: #ffffff\"><strong>Programaciones<\/strong><\/span><\/h3>\n<\/td>\n<\/tr>\n<tr>\n<td style=\"width: 100%;text-align: left\"><a href=\"https:\/\/blogsaverroes.juntadeandalucia.es\/iessalvadorserrano\/files\/2020\/11\/PROGRAMACI%C3%93N-DID%C3%81CTICA-GENERAL-EF.pdf\"><img decoding=\"async\" class=\"size-full wp-image-2788 alignleft\" src=\"https:\/\/blogsaverroes.juntadeandalucia.es\/iessalvadorserrano\/files\/2015\/03\/PDFd-e1510255886258.jpg\" alt=\"\" width=\"45\" height=\"24\"><\/a><\/td>\n<\/tr>\n<\/tbody>\n<\/table>\n<\/div>\n<h2>&nbsp;<\/h2>\n<p>&nbsp;<\/p>\n<h2><img fetchpriority=\"high\" decoding=\"async\" class=\"aligncenter size-medium wp-image-2155\" src=\"http:\/\/blogsaverroes.juntadeandalucia.es\/temahuemanies\/files\/2015\/03\/orientacion-300x221.jpg\" alt=\"orientacion\" width=\"300\" height=\"221\" srcset=\"https:\/\/blogsaverroes.juntadeandalucia.es\/ieslasvinas\/files\/2015\/03\/orientacion-300x221.jpg 300w, https:\/\/blogsaverroes.juntadeandalucia.es\/ieslasvinas\/files\/2015\/03\/orientacion.jpg 640w\" sizes=\"(max-width: 300px) 100vw, 300px\" \/><\/h2>\n<h4>Orientaci\u00f3n educativa<\/h4>\n<p>La orientaci\u00f3n contribuye al desarrollo de las facetas personal, acad\u00e9mica y profesional de los alumnos y alumnas. Es un proceso en el que deben involucrarse las familias y para el cual pueden acudir a los\/as tutores\/as&nbsp; y al asesoramiento y apoyo de los\/as orientadores\/as de los centros educativos. Entre sus objetivos principales se encuentran los siguientes:<\/p>\n<ul>\n<li>Resolver problemas de la vida acad\u00e9mica, como dificultades durante el proceso de aprendizaje, ausencia de motivaci\u00f3n, etc.<\/li>\n<li>Tomar decisiones sobre itinerarios de estudio e incorporaci\u00f3n al mundo laboral.<\/li>\n<li>Convivencia y educaci\u00f3n en valores.<\/li>\n<\/ul>\n<h5 class=\"_04xlpA direction-ltr align-justify para-style-body\">&nbsp;<\/h5>\n<h5>&nbsp;<\/h5>\n","protected":false},"excerpt":{"rendered":"<p>&nbsp; &nbsp; &nbsp; Puesto o Especialidad Jefatura de Departamento &nbsp; Mar\u00eda del Mar Alcaide malcpul884@g.educaand.es &nbsp; Orientaci\u00f3n Educativa P.E.S. Componentes del departamento Inmaculada Fern\u00e1ndez Hidalgo iferhid419@g.educaand.es &nbsp; Pedagog\u00eda Terapeutica &nbsp; Tel\u00e9fono D. Orientaci\u00f3n: 671535323&#46;&#46;&#46;<\/p>\n","protected":false},"author":1,"featured_media":0,"parent":0,"menu_order":0,"comment_status":"open","ping_status":"open","template":"page-templates\/child-menu.php","meta":{"ngg_post_thumbnail":0,"footnotes":"","_mc_calendar":[]},"aioseo_notices":[],"_links":{"self":[{"href":"https:\/\/blogsaverroes.juntadeandalucia.es\/ieslasvinas\/wp-json\/wp\/v2\/pages\/1806"}],"collection":[{"href":"https:\/\/blogsaverroes.juntadeandalucia.es\/ieslasvinas\/wp-json\/wp\/v2\/pages"}],"about":[{"href":"https:\/\/blogsaverroes.juntadeandalucia.es\/ieslasvinas\/wp-json\/wp\/v2\/types\/page"}],"author":[{"embeddable":true,"href":"https:\/\/blogsaverroes.juntadeandalucia.es\/ieslasvinas\/wp-json\/wp\/v2\/users\/1"}],"replies":[{"embeddable":true,"href":"https:\/\/blogsaverroes.juntadeandalucia.es\/ieslasvinas\/wp-json\/wp\/v2\/comments?post=1806"}],"version-history":[{"count":12,"href":"https:\/\/blogsaverroes.juntadeandalucia.es\/ieslasvinas\/wp-json\/wp\/v2\/pages\/1806\/revisions"}],"predecessor-version":[{"id":4245,"href":"https:\/\/blogsaverroes.juntadeandalucia.es\/ieslasvinas\/wp-json\/wp\/v2\/pages\/1806\/revisions\/4245"}],"wp:attachment":[{"href":"https:\/\/blogsaverroes.juntadeandalucia.es\/ieslasvinas\/wp-json\/wp\/v2\/media?parent=1806"}],"curies":[{"name":"wp","href":"https:\/\/api.w.org\/{rel}","templated":true}]}}