{"id":2495,"date":"2020-08-27T08:09:47","date_gmt":"2020-08-27T08:09:47","guid":{"rendered":"https:\/\/blogsaverroes.juntadeandalucia.es\/ieslasvinas\/?page_id=2495"},"modified":"2021-03-15T15:57:04","modified_gmt":"2021-03-15T15:57:04","slug":"informacion-covid","status":"publish","type":"page","link":"https:\/\/blogsaverroes.juntadeandalucia.es\/ieslasvinas\/informacion-covid\/","title":{"rendered":"Informaci\u00f3n COVID"},"content":{"rendered":"<p>Estimadas familias:<\/p>\n<p style=\"text-align: justify\">La Consejer\u00eda de Educaci\u00f3n y Deportes de la Junta de Andaluc\u00eda public\u00f3 unas Instrucciones para todos los centros docentes de la comunidad, relativas a la organizaci\u00f3n y funcionamiento&nbsp;del pr\u00f3ximo curso 2020\/21, motivada por la crisis sanitaria de la Covid-19. Esas Instrucciones van acompa\u00f1adas de unas \u00abMedidas de Prevenci\u00f3n, protecci\u00f3n, vigilancia y promoci\u00f3n de la Salud. Covid-19\u00bb.<\/p>\n<ul style=\"text-align: justify\">\n<li><a href=\"https:\/\/www.adideandalucia.es\/normas\/instruc\/Instrucciones6julio2020OrganizacionCentrosDocentesCovid.pdf\" target=\"_blank\" rel=\"noopener noreferrer\">Instrucciones 6 de julio de 2020, para la organizaci\u00f3n de centros docentes para el curso 2020-21<\/a><\/li>\n<li><strong><a href=\"https:\/\/drive.google.com\/file\/d\/1Ah73KpcKXiTHT01cankxIkgtOcX45izW\/view?usp=sharing\">GU\u00cdA PARA LA ORGANIZACI\u00d3N ESCOLAR CURSO 2020-2021<\/a><\/strong><\/li>\n<li><a href=\"https:\/\/drive.google.com\/file\/d\/1XKFARyHPpeT-CjDT4eHNGMQYBzTz0tzT\/view\"><strong>DEC\u00c1LOGO PARA UNA VUELTA SEGURA<\/strong><\/a><\/li>\n<\/ul>\n<p style=\"text-align: justify\">Todos los centros educativos hemos tenido que elaborar un PROTOCOLO DE ACTUACI\u00d3N COVID-19.&nbsp; Esto conlleva la constituci\u00f3n de una <strong>comisi\u00f3n espec\u00edfic<\/strong><strong>a<\/strong>&nbsp;que har\u00e1 un seguimiento en el centro de las medidas organizativas tomadas respecto a: entradas y salidas, acceso de las familias al centro, reajuste de actividades, desplazamientos del alumnado evitando en lo posible los contactos fuera del grupo de convivencia escolar, medidas de higiene, limpieza y desinfecci\u00f3n de instalaciones, etc;<\/p>\n<p style=\"text-align: justify\">A continuaci\u00f3n presentamos el <a href=\"https:\/\/blogsaverroes.juntadeandalucia.es\/ieslasvinas\/files\/2021\/03\/F-PROTOCOLO-COVID-IES-LAS-VIN\u0303AS-ACTUALIZACIO\u0301N-02-marzo-2021.pdf\">PROTOCOLO COVID IES LAS VIN\u0303AS<\/a>, as\u00ed como otra informaci\u00f3n de inter\u00e9s.<\/p>\n<ul>\n<li><strong>\u00bfSoy contacto estrecho de un positivo COVID-19?<\/strong><\/li>\n<\/ul>\n<p><a href=\"https:\/\/blogsaverroes.juntadeandalucia.es\/ieslasvinas\/files\/2021\/02\/contacto_estrecho.jpeg\"><img fetchpriority=\"high\" decoding=\"async\" class=\"size-full wp-image-2669 aligncenter\" src=\"https:\/\/blogsaverroes.juntadeandalucia.es\/ieslasvinas\/files\/2021\/02\/contacto_estrecho.jpeg\" alt=\"\" width=\"452\" height=\"639\" srcset=\"https:\/\/blogsaverroes.juntadeandalucia.es\/ieslasvinas\/files\/2021\/02\/contacto_estrecho.jpeg 452w, https:\/\/blogsaverroes.juntadeandalucia.es\/ieslasvinas\/files\/2021\/02\/contacto_estrecho-212x300.jpeg 212w\" sizes=\"(max-width: 452px) 100vw, 452px\" \/><\/a><\/p>\n<ul>\n<li><strong>Dec\u00e1logo de medidas sociales<\/strong><\/li>\n<\/ul>\n<p><a href=\"https:\/\/blogsaverroes.juntadeandalucia.es\/ieslasvinas\/files\/2021\/02\/deca\u0301logo_medidas_sociales.jpeg\"><img decoding=\"async\" class=\"size-full wp-image-2670 aligncenter\" src=\"https:\/\/blogsaverroes.juntadeandalucia.es\/ieslasvinas\/files\/2021\/02\/deca\u0301logo_medidas_sociales.jpeg\" alt=\"\" width=\"530\" height=\"640\" srcset=\"https:\/\/blogsaverroes.juntadeandalucia.es\/ieslasvinas\/files\/2021\/02\/deca\u0301logo_medidas_sociales.jpeg 530w, https:\/\/blogsaverroes.juntadeandalucia.es\/ieslasvinas\/files\/2021\/02\/deca\u0301logo_medidas_sociales-248x300.jpeg 248w\" sizes=\"(max-width: 530px) 100vw, 530px\" \/><\/a><\/p>\n<div class=\"post-share-buttons post-share-buttons-top\">\n<ul>\n<li class=\"byline post-share-buttons goog-inline-block\"><strong>COVID19, \u00bfqu\u00e9 hacer?<\/strong><\/li>\n<\/ul>\n<\/div>\n<p style=\"text-align: center\"><a href=\"https:\/\/blogsaverroes.juntadeandalucia.es\/ieslasvinas\/files\/2021\/02\/COVID_que\u0301_hacer.jpeg\"><img decoding=\"async\" class=\"alignnone size-full wp-image-2671\" src=\"https:\/\/blogsaverroes.juntadeandalucia.es\/ieslasvinas\/files\/2021\/02\/COVID_que\u0301_hacer.jpeg\" alt=\"\" width=\"640\" height=\"426\" srcset=\"https:\/\/blogsaverroes.juntadeandalucia.es\/ieslasvinas\/files\/2021\/02\/COVID_que\u0301_hacer.jpeg 640w, https:\/\/blogsaverroes.juntadeandalucia.es\/ieslasvinas\/files\/2021\/02\/COVID_que\u0301_hacer-300x200.jpeg 300w\" sizes=\"(max-width: 640px) 100vw, 640px\" \/><\/a><\/p>\n<p>&nbsp;<\/p>\n<div class=\"post-share-buttons post-share-buttons-top\">\n<div class=\"byline post-share-buttons goog-inline-block\">\n<div class=\"sharing\" data-title=\"\u00bfSoy contacto estrecho de un positivo COVID-19?\">\n<ul>\n<li><strong>Frente al coronavirus<\/strong><\/li>\n<\/ul>\n<\/div>\n<\/div>\n<\/div>\n<p><a href=\"https:\/\/blogsaverroes.juntadeandalucia.es\/ieslasvinas\/files\/2021\/02\/frente_al_coronavirus.jpeg\"><img loading=\"lazy\" decoding=\"async\" class=\"size-full wp-image-2672 aligncenter\" src=\"https:\/\/blogsaverroes.juntadeandalucia.es\/ieslasvinas\/files\/2021\/02\/frente_al_coronavirus.jpeg\" alt=\"\" width=\"523\" height=\"640\" srcset=\"https:\/\/blogsaverroes.juntadeandalucia.es\/ieslasvinas\/files\/2021\/02\/frente_al_coronavirus.jpeg 523w, https:\/\/blogsaverroes.juntadeandalucia.es\/ieslasvinas\/files\/2021\/02\/frente_al_coronavirus-245x300.jpeg 245w\" sizes=\"(max-width: 523px) 100vw, 523px\" \/><\/a><\/p>\n","protected":false},"excerpt":{"rendered":"<p>Estimadas familias: La Consejer\u00eda de Educaci\u00f3n y Deportes de la Junta de Andaluc\u00eda public\u00f3 unas Instrucciones para todos los centros docentes de la comunidad, relativas a la organizaci\u00f3n y funcionamiento&nbsp;del pr\u00f3ximo curso 2020\/21, motivada&#46;&#46;&#46;<\/p>\n","protected":false},"author":7609,"featured_media":0,"parent":0,"menu_order":0,"comment_status":"closed","ping_status":"closed","template":"page-templates\/child-menu.php","meta":{"ngg_post_thumbnail":0,"footnotes":"","_mc_calendar":[]},"aioseo_notices":[],"_links":{"self":[{"href":"https:\/\/blogsaverroes.juntadeandalucia.es\/ieslasvinas\/wp-json\/wp\/v2\/pages\/2495"}],"collection":[{"href":"https:\/\/blogsaverroes.juntadeandalucia.es\/ieslasvinas\/wp-json\/wp\/v2\/pages"}],"about":[{"href":"https:\/\/blogsaverroes.juntadeandalucia.es\/ieslasvinas\/wp-json\/wp\/v2\/types\/page"}],"author":[{"embeddable":true,"href":"https:\/\/blogsaverroes.juntadeandalucia.es\/ieslasvinas\/wp-json\/wp\/v2\/users\/7609"}],"replies":[{"embeddable":true,"href":"https:\/\/blogsaverroes.juntadeandalucia.es\/ieslasvinas\/wp-json\/wp\/v2\/comments?post=2495"}],"version-history":[{"count":16,"href":"https:\/\/blogsaverroes.juntadeandalucia.es\/ieslasvinas\/wp-json\/wp\/v2\/pages\/2495\/revisions"}],"predecessor-version":[{"id":2976,"href":"https:\/\/blogsaverroes.juntadeandalucia.es\/ieslasvinas\/wp-json\/wp\/v2\/pages\/2495\/revisions\/2976"}],"wp:attachment":[{"href":"https:\/\/blogsaverroes.juntadeandalucia.es\/ieslasvinas\/wp-json\/wp\/v2\/media?parent=2495"}],"curies":[{"name":"wp","href":"https:\/\/api.w.org\/{rel}","templated":true}]}}