{"id":42,"date":"2015-03-13T08:40:47","date_gmt":"2015-03-13T08:40:47","guid":{"rendered":"http:\/\/blogsaverroes.juntadeandalucia.es\/pre\/ceip\/?page_id=42"},"modified":"2022-07-11T09:24:03","modified_gmt":"2022-07-11T09:24:03","slug":"equipo-directivo","status":"publish","type":"page","link":"https:\/\/blogsaverroes.juntadeandalucia.es\/ieslasvinas\/equipo-directivo\/","title":{"rendered":"Equipo directivo"},"content":{"rendered":"<p style=\"text-align: justify\"><strong>Bienvenido\/a, navegante, gracias por visitar nuestra p\u00e1gina web\u2026<\/strong><\/p>\n<p style=\"text-align: justify\">El Claustro del profesorado del IES LAS VI\u00d1AS quiere <strong>expresarte el agradecimiento por tu visita<\/strong> y abrirte las puertas de nuestro CENTRO.<\/p>\n<p style=\"text-align: justify\">Con la puesta en funcionamiento de esta p\u00e1gina,&nbsp;<strong>se cumple uno m\u00e1s de los objetivos<\/strong>&nbsp;que ten\u00edamos propuestos para acercar nuestro Centro a todos los miembros de la Comunidad Educativa y, muy especialmente a las Familias.<\/p>\n<p style=\"text-align: justify\">Tanto la Direcci\u00f3n del Centro como el Claustro del Profesorado&nbsp;<strong>van a poner todo su empe\u00f1o<\/strong>&nbsp;en conseguir que estas p\u00e1ginas se doten de unos contenidos que sean atractivos para todos y todas, sobre todo, que sirvan de ayuda para dar a&nbsp;<strong>conocer todo cuanto ocurre en nuestro Centro.<\/strong><\/p>\n<p style=\"text-align: justify\">Nuestra intenci\u00f3n es que este portal web sea un medio, no s\u00f3lo de transmisi\u00f3n de informaci\u00f3n est\u00e1tica, sino de constante actualizaci\u00f3n y puesta al d\u00eda de nuestras actividades. Deseamos que sea una forma m\u00e1s para establecer relaciones cordiales y de transmisi\u00f3n de inquietudes e ideales.<\/p>\n<p style=\"text-align: center\">Estamos a tu disposici\u00f3n.<\/p>\n<p><strong>El equipo directivo del IES Las Vi\u00f1as.&nbsp;<\/strong><\/p>\n<p><strong>Direcci\u00f3n: Manuel Llamas Luna<\/strong><\/p>\n<p><strong>Jefatura de estudios: Rafael Parl\u00f3n Palma<\/strong><\/p>\n<p><strong>Secretar\u00eda: Josefa Rold\u00e1n Galisteo<\/strong><\/p>\n<p>&nbsp;<\/p>\n","protected":false},"excerpt":{"rendered":"<p>Bienvenido\/a, navegante, gracias por visitar nuestra p\u00e1gina web\u2026 El Claustro del profesorado del IES LAS VI\u00d1AS quiere expresarte el agradecimiento por tu visita y abrirte las puertas de nuestro CENTRO. Con la puesta en&#46;&#46;&#46;<\/p>\n","protected":false},"author":1,"featured_media":0,"parent":0,"menu_order":0,"comment_status":"open","ping_status":"open","template":"page-templates\/child-menu.php","meta":{"ngg_post_thumbnail":0,"footnotes":"","_mc_calendar":[]},"aioseo_notices":[],"_links":{"self":[{"href":"https:\/\/blogsaverroes.juntadeandalucia.es\/ieslasvinas\/wp-json\/wp\/v2\/pages\/42"}],"collection":[{"href":"https:\/\/blogsaverroes.juntadeandalucia.es\/ieslasvinas\/wp-json\/wp\/v2\/pages"}],"about":[{"href":"https:\/\/blogsaverroes.juntadeandalucia.es\/ieslasvinas\/wp-json\/wp\/v2\/types\/page"}],"author":[{"embeddable":true,"href":"https:\/\/blogsaverroes.juntadeandalucia.es\/ieslasvinas\/wp-json\/wp\/v2\/users\/1"}],"replies":[{"embeddable":true,"href":"https:\/\/blogsaverroes.juntadeandalucia.es\/ieslasvinas\/wp-json\/wp\/v2\/comments?post=42"}],"version-history":[{"count":9,"href":"https:\/\/blogsaverroes.juntadeandalucia.es\/ieslasvinas\/wp-json\/wp\/v2\/pages\/42\/revisions"}],"predecessor-version":[{"id":4020,"href":"https:\/\/blogsaverroes.juntadeandalucia.es\/ieslasvinas\/wp-json\/wp\/v2\/pages\/42\/revisions\/4020"}],"wp:attachment":[{"href":"https:\/\/blogsaverroes.juntadeandalucia.es\/ieslasvinas\/wp-json\/wp\/v2\/media?parent=42"}],"curies":[{"name":"wp","href":"https:\/\/api.w.org\/{rel}","templated":true}]}}