{"id":49,"date":"2015-03-13T08:47:05","date_gmt":"2015-03-13T08:47:05","guid":{"rendered":"http:\/\/blogsaverroes.juntadeandalucia.es\/pre\/ceip\/?page_id=49"},"modified":"2024-02-05T15:22:46","modified_gmt":"2024-02-05T15:22:46","slug":"proyecto-educativo","status":"publish","type":"page","link":"https:\/\/blogsaverroes.juntadeandalucia.es\/ieslasvinas\/proyecto-educativo\/","title":{"rendered":"Proyecto Educativo"},"content":{"rendered":"<p><img fetchpriority=\"high\" decoding=\"async\" class=\"aligncenter wp-image-3716 size-full\" src=\"https:\/\/blogsaverroes.juntadeandalucia.es\/ieslasvinas\/files\/2021\/11\/Instagram_iesmoriles_257204457_419923553167579_8918963768183321480_n-e1687689774881.jpg\" alt=\"\" width=\"897\" height=\"483\" srcset=\"https:\/\/blogsaverroes.juntadeandalucia.es\/ieslasvinas\/files\/2021\/11\/Instagram_iesmoriles_257204457_419923553167579_8918963768183321480_n-e1687689774881.jpg 897w, https:\/\/blogsaverroes.juntadeandalucia.es\/ieslasvinas\/files\/2021\/11\/Instagram_iesmoriles_257204457_419923553167579_8918963768183321480_n-e1687689774881-300x162.jpg 300w, https:\/\/blogsaverroes.juntadeandalucia.es\/ieslasvinas\/files\/2021\/11\/Instagram_iesmoriles_257204457_419923553167579_8918963768183321480_n-e1687689774881-768x414.jpg 768w\" sizes=\"(max-width: 897px) 100vw, 897px\" \/><\/p>\n<p align=\"left\">El Plan de Centro del IES Las Vi\u00f1as est\u00e1 integrado por tres documentos:&nbsp;<\/p>\n<ul>\n<li>Proyecto Educativo. Constituye las se\u00f1as de identidad del instituto y expresa la educaci\u00f3n que desea y va a desarrollar en unas condiciones concretas, por lo que contempla los valores, los objetivos y las prioridades de actuaci\u00f3n, no limit\u00e1ndose s\u00f3lo a los aspectos curriculares, sino tambi\u00e9n a aquellos otros que, desde un punto de vista cultural, hacen del centro un elemento dinamizador de la zona donde est\u00e1 ubicado.<\/li>\n<\/ul>\n<ul>\n<li>Proyecto de Gesti\u00f3n. Este documento recoge la ordenaci\u00f3n y utilizaci\u00f3n de los recursos del centro, tanto materiales como humanos.<\/li>\n<\/ul>\n<ul>\n<li>Reglamento de Organizaci\u00f3n y Funcionamiento (ROF). Documento que recoge las normas organizativas y funcionales que facilitan la consecuci\u00f3n del clima adecuado para alcanzar los objetivos que el Centro se ha propuesto y permiten mantener un ambiente de respeto, confianza y colaboraci\u00f3n entre todos los sectores de la comunidad educativa.<\/li>\n<\/ul>\n<p><a href=\"https:\/\/drive.google.com\/file\/d\/1q1oVYpeQmYRMXxwS7urPPEEGkuLCLizg\/view?usp=drive_link\">Consultar Proyecto Educativo &#8211; Curso 2023\/2024<\/a><\/p>\n","protected":false},"excerpt":{"rendered":"<p>El Plan de Centro del IES Las Vi\u00f1as est\u00e1 integrado por tres documentos:&nbsp; Proyecto Educativo. Constituye las se\u00f1as de identidad del instituto y expresa la educaci\u00f3n que desea y va a desarrollar en unas&#46;&#46;&#46;<\/p>\n","protected":false},"author":1,"featured_media":0,"parent":0,"menu_order":0,"comment_status":"open","ping_status":"open","template":"","meta":{"ngg_post_thumbnail":0,"footnotes":"","_mc_calendar":[]},"aioseo_notices":[],"_links":{"self":[{"href":"https:\/\/blogsaverroes.juntadeandalucia.es\/ieslasvinas\/wp-json\/wp\/v2\/pages\/49"}],"collection":[{"href":"https:\/\/blogsaverroes.juntadeandalucia.es\/ieslasvinas\/wp-json\/wp\/v2\/pages"}],"about":[{"href":"https:\/\/blogsaverroes.juntadeandalucia.es\/ieslasvinas\/wp-json\/wp\/v2\/types\/page"}],"author":[{"embeddable":true,"href":"https:\/\/blogsaverroes.juntadeandalucia.es\/ieslasvinas\/wp-json\/wp\/v2\/users\/1"}],"replies":[{"embeddable":true,"href":"https:\/\/blogsaverroes.juntadeandalucia.es\/ieslasvinas\/wp-json\/wp\/v2\/comments?post=49"}],"version-history":[{"count":11,"href":"https:\/\/blogsaverroes.juntadeandalucia.es\/ieslasvinas\/wp-json\/wp\/v2\/pages\/49\/revisions"}],"predecessor-version":[{"id":4218,"href":"https:\/\/blogsaverroes.juntadeandalucia.es\/ieslasvinas\/wp-json\/wp\/v2\/pages\/49\/revisions\/4218"}],"wp:attachment":[{"href":"https:\/\/blogsaverroes.juntadeandalucia.es\/ieslasvinas\/wp-json\/wp\/v2\/media?parent=49"}],"curies":[{"name":"wp","href":"https:\/\/api.w.org\/{rel}","templated":true}]}}