{"id":869,"date":"2015-03-16T07:03:52","date_gmt":"2015-03-16T07:03:52","guid":{"rendered":"http:\/\/blogsaverroes.juntadeandalucia.es\/pre\/ceip\/?page_id=84"},"modified":"2021-08-17T08:36:23","modified_gmt":"2021-08-17T08:36:23","slug":"calendario-escolar","status":"publish","type":"page","link":"https:\/\/blogsaverroes.juntadeandalucia.es\/ieslasvinas\/calendario-escolar\/","title":{"rendered":"Calendario escolar curso 21-22"},"content":{"rendered":"<p style=\"text-align: left\"><strong>CURSO ESCOLAR 2021-2022.<\/strong><\/p>\n<p>\u2013 Las clases comienzan el d\u00eda&nbsp;<strong>15 de septiembre de 2021<\/strong>&nbsp;para el alumnado de ESO, Bachillerato y Formaci\u00f3n Profesional.<\/p>\n<p>\u2013 Las clases finalizan el<strong>&nbsp;24 de junio de 2022<\/strong><\/p>\n<p><strong>PERIODOS VACACIONALES:<\/strong>&nbsp;<\/p>\n<p>\u2013 Vacaciones de Navidad:<strong>&nbsp;del 23 de diciembre de 2021 al 9 de enero de 2022<\/strong>&nbsp;(ambos inclusive)<\/p>\n<p>\u2013 Vacaciones de Semana Santa:&nbsp;<strong>del 11 al 17 de abril de 2022<\/strong>&nbsp;(ambos inclusive)<\/p>\n<p><strong>D\u00cdAS FESTIVOS DE \u00c1MBITO NACIONAL Y AUTON\u00d3MICO:<\/strong><\/p>\n<p>\u2013&nbsp;<strong>12 octubre<\/strong>. Fiesta nacional.<\/p>\n<p>\u2013 1 de noviembre. Fiesta de Todos los Santos.<\/p>\n<p>\u2013 6 de diciembre. D\u00eda de La Constituci\u00f3n.<\/p>\n<p>\u2013 8 de diciembre. D\u00eda de La Inmaculada.<\/p>\n<p>\u2013 28 de febrero. D\u00eda de Andaluc\u00eda.<\/p>\n<p>\u2013 1 de mayo. D\u00eda del Trabajo, el d\u00eda festivo pasa al d\u00eda 2.<\/p>\n<p><strong>D\u00cdAS NO LECTIVOS:<\/strong><\/p>\n<p>\u2013&nbsp; D\u00eda de la Comunidad Educativa. 25 de febrero de 2022.<\/p>\n<p>\u2013&nbsp; D\u00eda no lectivo provincial. 7 de diciembre de 2021.<\/p>\n<p>\u2013&nbsp;&nbsp;D\u00edas no lectivos locales: 7 y 8 de octubre de 2021 y 29 de abril de 2022.<\/p>\n<h4 style=\"text-align: center\"><strong>D\u00edas lectivos y festivos de la localidad.<\/strong><\/h4>\n<p>&nbsp;<\/p>\n<p style=\"text-align: center\"><img fetchpriority=\"high\" decoding=\"async\" class=\"aligncenter size-full wp-image-3504\" src=\"https:\/\/blogsaverroes.juntadeandalucia.es\/ieslasvinas\/files\/2021\/08\/calendario21-22.jpg\" alt=\"\" width=\"595\" height=\"841\" srcset=\"https:\/\/blogsaverroes.juntadeandalucia.es\/ieslasvinas\/files\/2021\/08\/calendario21-22.jpg 595w, https:\/\/blogsaverroes.juntadeandalucia.es\/ieslasvinas\/files\/2021\/08\/calendario21-22-212x300.jpg 212w\" sizes=\"(max-width: 595px) 100vw, 595px\" \/><\/p>\n<p style=\"text-align: center\"><a href=\"https:\/\/blogsaverroes.juntadeandalucia.es\/ieslasvinas\/files\/2021\/08\/calendario21-22-1.pdf\"><strong>DESCARGA DEL CALENDARIO<\/strong><\/a><\/p>\n<p>&nbsp;<\/p>\n","protected":false},"excerpt":{"rendered":"<p>CURSO ESCOLAR 2021-2022. \u2013 Las clases comienzan el d\u00eda&nbsp;15 de septiembre de 2021&nbsp;para el alumnado de ESO, Bachillerato y Formaci\u00f3n Profesional. \u2013 Las clases finalizan el&nbsp;24 de junio de 2022 PERIODOS VACACIONALES:&nbsp; \u2013 Vacaciones&#46;&#46;&#46;<\/p>\n","protected":false},"author":1,"featured_media":0,"parent":0,"menu_order":0,"comment_status":"open","ping_status":"open","template":"page-templates\/child-menu.php","meta":{"ngg_post_thumbnail":0,"footnotes":"","_mc_calendar":[]},"aioseo_notices":[],"_links":{"self":[{"href":"https:\/\/blogsaverroes.juntadeandalucia.es\/ieslasvinas\/wp-json\/wp\/v2\/pages\/869"}],"collection":[{"href":"https:\/\/blogsaverroes.juntadeandalucia.es\/ieslasvinas\/wp-json\/wp\/v2\/pages"}],"about":[{"href":"https:\/\/blogsaverroes.juntadeandalucia.es\/ieslasvinas\/wp-json\/wp\/v2\/types\/page"}],"author":[{"embeddable":true,"href":"https:\/\/blogsaverroes.juntadeandalucia.es\/ieslasvinas\/wp-json\/wp\/v2\/users\/1"}],"replies":[{"embeddable":true,"href":"https:\/\/blogsaverroes.juntadeandalucia.es\/ieslasvinas\/wp-json\/wp\/v2\/comments?post=869"}],"version-history":[{"count":14,"href":"https:\/\/blogsaverroes.juntadeandalucia.es\/ieslasvinas\/wp-json\/wp\/v2\/pages\/869\/revisions"}],"predecessor-version":[{"id":3505,"href":"https:\/\/blogsaverroes.juntadeandalucia.es\/ieslasvinas\/wp-json\/wp\/v2\/pages\/869\/revisions\/3505"}],"wp:attachment":[{"href":"https:\/\/blogsaverroes.juntadeandalucia.es\/ieslasvinas\/wp-json\/wp\/v2\/media?parent=869"}],"curies":[{"name":"wp","href":"https:\/\/api.w.org\/{rel}","templated":true}]}}

<p style="text-align: left"><strong>CURSO ESCOLAR 2021-2022.</strong></p>
<p>– Las clases comienzan el día&nbsp;<strong>15 de septiembre de 2021</strong>&nbsp;para el alumnado de ESO, Bachillerato y Formación Profesional.</p>
<p>– Las clases finalizan el<strong>&nbsp;24 de junio de 2022</strong></p>
<p><strong>PERIODOS VACACIONALES:</strong>&nbsp;</p>
<p>– Vacaciones de Navidad:<strong>&nbsp;del 23 de diciembre de 2021 al 9 de enero de 2022</strong>&nbsp;(ambos inclusive)</p>
<p>– Vacaciones de Semana Santa:&nbsp;<strong>del 11 al 17 de abril de 2022</strong>&nbsp;(ambos inclusive)</p>
<p><strong>DÍAS FESTIVOS DE ÁMBITO NACIONAL Y AUTONÓMICO:</strong></p>
<p>–&nbsp;<strong>12 octubre</strong>. Fiesta nacional.</p>
<p>– 1 de noviembre. Fiesta de Todos los Santos.</p>
<p>– 6 de diciembre. Día de La Constitución.</p>
<p>– 8 de diciembre. Día de La Inmaculada.</p>
<p>– 28 de febrero. Día de Andalucía.</p>
<p>– 1 de mayo. Día del Trabajo, el día festivo pasa al día 2.</p>
<p><strong>DÍAS NO LECTIVOS:</strong></p>
<p>–&nbsp; Día de la Comunidad Educativa. 25 de febrero de 2022.</p>
<p>–&nbsp; Día no lectivo provincial. 7 de diciembre de 2021.</p>
<p>–&nbsp;&nbsp;Días no lectivos locales: 7 y 8 de octubre de 2021 y 29 de abril de 2022.</p>
<h4 style="text-align: center"><strong>Días lectivos y festivos de la localidad.</strong></h4>
<p>&nbsp;</p>
<p style="text-align: center"><img fetchpriority="high" decoding="async" class="aligncenter size-full wp-image-3504" src="https://blogsaverroes.juntadeandalucia.es/ieslasvinas/files/2021/08/calendario21-22.jpg" alt="" width="595" height="841" srcset="https://blogsaverroes.juntadeandalucia.es/ieslasvinas/files/2021/08/calendario21-22.jpg 595w, https://blogsaverroes.juntadeandalucia.es/ieslasvinas/files/2021/08/calendario21-22-212x300.jpg 212w" sizes="(max-width: 595px) 100vw, 595px" /></p>
<p style="text-align: center"><a href="https://blogsaverroes.juntadeandalucia.es/ieslasvinas/files/2021/08/calendario21-22-1.pdf"><strong>DESCARGA DEL CALENDARIO</strong></a></p>
<p>&nbsp;</p>

<p>CURSO ESCOLAR 2021-2022. – Las clases comienzan el día&nbsp;15 de septiembre de 2021&nbsp;para el alumnado de ESO, Bachillerato y Formación Profesional. – Las clases finalizan el&nbsp;24 de junio de 2022 PERIODOS VACACIONALES:&nbsp; – Vacaciones&#46;&#46;&#46;</p>
