{"id":147,"date":"2015-03-17T07:46:52","date_gmt":"2015-03-17T07:46:52","guid":{"rendered":"http:\/\/blogsaverroes.juntadeandalucia.es\/pre\/ceip\/?page_id=147"},"modified":"2025-11-16T10:53:32","modified_gmt":"2025-11-16T10:53:32","slug":"economia","status":"publish","type":"page","link":"https:\/\/blogsaverroes.juntadeandalucia.es\/ieslaureldelareina\/economia\/","title":{"rendered":"Econom\u00eda"},"content":{"rendered":"<h3>Componentes<\/h3>\n<p>Violeta Rodr\u00edguez Ariza<br \/>\nNicol\u00e1s S\u00e1nchez Garc\u00eda (Jefe de Departamento)<\/p>\n<h3>Programaci\u00f3n Did\u00e1ctica<\/h3>\n<p><a href=\"https:\/\/blogsaverroes.juntadeandalucia.es\/ieslaureldelareina\/files\/2025\/11\/PROGRAMACION-DIDACTICA-FORMACION-Y-ORIENTACION-PERSONAL-Y-PROFESIONAL-EDUCACION-SECUNDARIA-OBLIGATORIA-2025_2026.pdf\" target=\"_blank\" rel=\"noopener\">PROGRAMACI\u00d3N DID\u00c1CTICA FORMACI\u00d3N Y ORIENTACI\u00d3N PERSONAL Y PROFESIONAL ESO 2025_2026<\/a><\/p>\n<p><a href=\"https:\/\/blogsaverroes.juntadeandalucia.es\/ieslaureldelareina\/files\/2025\/11\/PROGRAMACION-DIDACTICA-ECONOMIA-Y-EMPRENDIMIENTO-EDUCACION-SECUNDARIA-OBLIGATORIA-2025_2026.pdf\" target=\"_blank\" rel=\"noopener\">PROGRAMACI\u00d3N DID\u00c1CTICA ECONOM\u00cdA Y EMPRENDIMIENTO ESO 2025_2026<\/a><\/p>\n<p><a href=\"https:\/\/blogsaverroes.juntadeandalucia.es\/ieslaureldelareina\/files\/2025\/11\/PROGRAMACION-DIDACTICA-ECONOMIA-BACHILLERATO-2025_2026.pdf\" target=\"_blank\" rel=\"noopener\">PROGRAMACI\u00d3N DID\u00c1CTICA ECONOM\u00cdA BACHILLERATO 2025_2026<\/a><\/p>\n<p><a href=\"https:\/\/blogsaverroes.juntadeandalucia.es\/ieslaureldelareina\/files\/2025\/11\/PROGRAMACION-DIDACTICA-EMPRESA-Y-DISENO-DE-MODELOS-DE-NEGOCIO-BACHILLERATO-2025_2026.pdf\" target=\"_blank\" rel=\"noopener\">PROGRAMACI\u00d3N DID\u00c1CTICA EMPRESA Y DISE\u00d1O DE MODELOS DE NEGOCIO BACHILLERATO 2025_2026<\/a><\/p>\n<p><a href=\"https:\/\/blogsaverroes.juntadeandalucia.es\/ieslaureldelareina\/files\/2025\/11\/PROGRAMACION-DIDACTICA-CULTURA-EMPRENDEDORA-Y-EMPRESARIAL-BACHILLERATO-2025_2026.pdf\" target=\"_blank\" rel=\"noopener\">PROGRAMACI\u00d3N DID\u00c1CTICA CULTURA EMPRENDEDORA Y EMPRESARIAL BACHILLERATO 2025_2026<\/a><\/p>\n","protected":false},"excerpt":{"rendered":"<p>&#46;&#46;&#46;<\/p>\n","protected":false},"author":1,"featured_media":0,"parent":0,"menu_order":0,"comment_status":"closed","ping_status":"open","template":"","meta":{"ngg_post_thumbnail":0,"footnotes":"","_mc_calendar":[]},"aioseo_notices":[],"_links":{"self":[{"href":"https:\/\/blogsaverroes.juntadeandalucia.es\/ieslaureldelareina\/wp-json\/wp\/v2\/pages\/147"}],"collection":[{"href":"https:\/\/blogsaverroes.juntadeandalucia.es\/ieslaureldelareina\/wp-json\/wp\/v2\/pages"}],"about":[{"href":"https:\/\/blogsaverroes.juntadeandalucia.es\/ieslaureldelareina\/wp-json\/wp\/v2\/types\/page"}],"author":[{"embeddable":true,"href":"https:\/\/blogsaverroes.juntadeandalucia.es\/ieslaureldelareina\/wp-json\/wp\/v2\/users\/1"}],"replies":[{"embeddable":true,"href":"https:\/\/blogsaverroes.juntadeandalucia.es\/ieslaureldelareina\/wp-json\/wp\/v2\/comments?post=147"}],"version-history":[{"count":48,"href":"https:\/\/blogsaverroes.juntadeandalucia.es\/ieslaureldelareina\/wp-json\/wp\/v2\/pages\/147\/revisions"}],"predecessor-version":[{"id":11189,"href":"https:\/\/blogsaverroes.juntadeandalucia.es\/ieslaureldelareina\/wp-json\/wp\/v2\/pages\/147\/revisions\/11189"}],"wp:attachment":[{"href":"https:\/\/blogsaverroes.juntadeandalucia.es\/ieslaureldelareina\/wp-json\/wp\/v2\/media?parent=147"}],"curies":[{"name":"wp","href":"https:\/\/api.w.org\/{rel}","templated":true}]}}

Economía

<h3>Componentes</h3>
<p>Violeta Rodríguez Ariza<br />
Nicolás Sánchez García (Jefe de Departamento)</p>
<h3>Programación Didáctica</h3>
<p><a href="https://blogsaverroes.juntadeandalucia.es/ieslaureldelareina/files/2025/11/PROGRAMACION-DIDACTICA-FORMACION-Y-ORIENTACION-PERSONAL-Y-PROFESIONAL-EDUCACION-SECUNDARIA-OBLIGATORIA-2025_2026.pdf" target="_blank" rel="noopener">PROGRAMACIÓN DIDÁCTICA FORMACIÓN Y ORIENTACIÓN PERSONAL Y PROFESIONAL ESO 2025_2026</a></p>
<p><a href="https://blogsaverroes.juntadeandalucia.es/ieslaureldelareina/files/2025/11/PROGRAMACION-DIDACTICA-ECONOMIA-Y-EMPRENDIMIENTO-EDUCACION-SECUNDARIA-OBLIGATORIA-2025_2026.pdf" target="_blank" rel="noopener">PROGRAMACIÓN DIDÁCTICA ECONOMÍA Y EMPRENDIMIENTO ESO 2025_2026</a></p>
<p><a href="https://blogsaverroes.juntadeandalucia.es/ieslaureldelareina/files/2025/11/PROGRAMACION-DIDACTICA-ECONOMIA-BACHILLERATO-2025_2026.pdf" target="_blank" rel="noopener">PROGRAMACIÓN DIDÁCTICA ECONOMÍA BACHILLERATO 2025_2026</a></p>
<p><a href="https://blogsaverroes.juntadeandalucia.es/ieslaureldelareina/files/2025/11/PROGRAMACION-DIDACTICA-EMPRESA-Y-DISENO-DE-MODELOS-DE-NEGOCIO-BACHILLERATO-2025_2026.pdf" target="_blank" rel="noopener">PROGRAMACIÓN DIDÁCTICA EMPRESA Y DISEÑO DE MODELOS DE NEGOCIO BACHILLERATO 2025_2026</a></p>
<p><a href="https://blogsaverroes.juntadeandalucia.es/ieslaureldelareina/files/2025/11/PROGRAMACION-DIDACTICA-CULTURA-EMPRENDEDORA-Y-EMPRESARIAL-BACHILLERATO-2025_2026.pdf" target="_blank" rel="noopener">PROGRAMACIÓN DIDÁCTICA CULTURA EMPRENDEDORA Y EMPRESARIAL BACHILLERATO 2025_2026</a></p>
