{"id":155,"date":"2015-03-17T07:49:21","date_gmt":"2015-03-17T07:49:21","guid":{"rendered":"http:\/\/blogsaverroes.juntadeandalucia.es\/pre\/ceip\/?page_id=155"},"modified":"2025-11-16T11:10:15","modified_gmt":"2025-11-16T11:10:15","slug":"lengua","status":"publish","type":"page","link":"https:\/\/blogsaverroes.juntadeandalucia.es\/ieslaureldelareina\/lengua\/","title":{"rendered":"Lengua Castellana"},"content":{"rendered":"<h3>Componentes<\/h3>\n<p>Marta Cuadrado Gonz\u00e1lez<br \/>\nRaquel Gonz\u00e1lez Fern\u00e1ndez<br \/>\nFrancisca Hidalgo Mart\u00edn<br \/>\nAgustina Luna Rico<br \/>\nFrancisca Mart\u00ednez Melgar<br \/>\nManuel Rienda Polo (Jefe de Departamento)<br \/>\nEva Carolina Y\u00e1\u00f1ez Salmer\u00f3n<\/p>\n<h3>Programaci\u00f3n Did\u00e1ctica<\/h3>\n<p><a href=\"https:\/\/blogsaverroes.juntadeandalucia.es\/ieslaureldelareina\/files\/2025\/11\/PROGRAMACION-DIDACTICA-ESO.pdf\" target=\"_blank\" rel=\"noopener\">PROGRAMACI\u00d3N DID\u00c1CTICA ESO<\/a><\/p>\n<p><a href=\"https:\/\/blogsaverroes.juntadeandalucia.es\/ieslaureldelareina\/files\/2025\/11\/PROGRAMACION-DIDACTICA-BACHILLERATO.pdf\" target=\"_blank\" rel=\"noopener\">PROGRAMACI\u00d3N DID\u00c1CTICA BACHILLERATO<\/a><\/p>\n<p><a href=\"https:\/\/blogsaverroes.juntadeandalucia.es\/ieslaureldelareina\/files\/2025\/11\/Medios-Comunicacion_programacion-25-26.pdf\" target=\"_blank\" rel=\"noopener\">Medios Comunicaci\u00f3n_programaci\u00f3n 25-26<\/a><\/p>\n<p><a href=\"https:\/\/blogsaverroes.juntadeandalucia.es\/ieslaureldelareina\/files\/2025\/11\/PROGRAMACION-DIDACTICA-LITERATURA-UNIVERSAL.pdf\" target=\"_blank\" rel=\"noopener\">PROGRAMACI\u00d3N DID\u00c1CTICA LITERATURA UNIVERSAL<\/a><\/p>\n","protected":false},"excerpt":{"rendered":"<p>&#46;&#46;&#46;<\/p>\n","protected":false},"author":7772,"featured_media":0,"parent":0,"menu_order":0,"comment_status":"closed","ping_status":"closed","template":"","meta":{"ngg_post_thumbnail":0,"footnotes":"","_mc_calendar":[]},"aioseo_notices":[],"_links":{"self":[{"href":"https:\/\/blogsaverroes.juntadeandalucia.es\/ieslaureldelareina\/wp-json\/wp\/v2\/pages\/155"}],"collection":[{"href":"https:\/\/blogsaverroes.juntadeandalucia.es\/ieslaureldelareina\/wp-json\/wp\/v2\/pages"}],"about":[{"href":"https:\/\/blogsaverroes.juntadeandalucia.es\/ieslaureldelareina\/wp-json\/wp\/v2\/types\/page"}],"author":[{"embeddable":true,"href":"https:\/\/blogsaverroes.juntadeandalucia.es\/ieslaureldelareina\/wp-json\/wp\/v2\/users\/7772"}],"replies":[{"embeddable":true,"href":"https:\/\/blogsaverroes.juntadeandalucia.es\/ieslaureldelareina\/wp-json\/wp\/v2\/comments?post=155"}],"version-history":[{"count":43,"href":"https:\/\/blogsaverroes.juntadeandalucia.es\/ieslaureldelareina\/wp-json\/wp\/v2\/pages\/155\/revisions"}],"predecessor-version":[{"id":11216,"href":"https:\/\/blogsaverroes.juntadeandalucia.es\/ieslaureldelareina\/wp-json\/wp\/v2\/pages\/155\/revisions\/11216"}],"wp:attachment":[{"href":"https:\/\/blogsaverroes.juntadeandalucia.es\/ieslaureldelareina\/wp-json\/wp\/v2\/media?parent=155"}],"curies":[{"name":"wp","href":"https:\/\/api.w.org\/{rel}","templated":true}]}}

<h3>Componentes</h3>
<p>Marta Cuadrado González<br />
Raquel González Fernández<br />
Francisca Hidalgo Martín<br />
Agustina Luna Rico<br />
Francisca Martínez Melgar<br />
Manuel Rienda Polo (Jefe de Departamento)<br />
Eva Carolina Yáñez Salmerón</p>
<h3>Programación Didáctica</h3>
<p><a href="https://blogsaverroes.juntadeandalucia.es/ieslaureldelareina/files/2025/11/PROGRAMACION-DIDACTICA-ESO.pdf" target="_blank" rel="noopener">PROGRAMACIÓN DIDÁCTICA ESO</a></p>
<p><a href="https://blogsaverroes.juntadeandalucia.es/ieslaureldelareina/files/2025/11/PROGRAMACION-DIDACTICA-BACHILLERATO.pdf" target="_blank" rel="noopener">PROGRAMACIÓN DIDÁCTICA BACHILLERATO</a></p>
<p><a href="https://blogsaverroes.juntadeandalucia.es/ieslaureldelareina/files/2025/11/Medios-Comunicacion_programacion-25-26.pdf" target="_blank" rel="noopener">Medios Comunicación_programación 25-26</a></p>
<p><a href="https://blogsaverroes.juntadeandalucia.es/ieslaureldelareina/files/2025/11/PROGRAMACION-DIDACTICA-LITERATURA-UNIVERSAL.pdf" target="_blank" rel="noopener">PROGRAMACIÓN DIDÁCTICA LITERATURA UNIVERSAL</a></p>
