{"id":158,"date":"2015-03-17T07:50:33","date_gmt":"2015-03-17T07:50:33","guid":{"rendered":"http:\/\/blogsaverroes.juntadeandalucia.es\/pre\/ceip\/?page_id=158"},"modified":"2025-11-16T11:11:54","modified_gmt":"2025-11-16T11:11:54","slug":"matematicas","status":"publish","type":"page","link":"https:\/\/blogsaverroes.juntadeandalucia.es\/ieslaureldelareina\/matematicas\/","title":{"rendered":"Matem\u00e1ticas"},"content":{"rendered":"<h3>Componentes<\/h3>\n<p>Ra\u00fal Borja Exp\u00f3sito<br \/>\nMar\u00eda Victoria Esteve Hurtado<br \/>\nMiguel \u00c1ngel Gil Crespo<br \/>\nOlga Mar\u00eda de la Higuera V\u00edlchez<br \/>\nJos\u00e9 Andr\u00e9s Lijarcio \u00c1lvarez<br \/>\nMar\u00eda Francisca Nieto Cano<br \/>\nSusana Rodr\u00edguez Domingo (Jefa de Departamento)<br \/>\n\u00c1ngeles Segura Carretero<br \/>\nJuan Antonio Tejada P\u00e9rez<\/p>\n<h3>Programaci\u00f3n Did\u00e1ctica<\/h3>\n<p><a href=\"https:\/\/blogsaverroes.juntadeandalucia.es\/ieslaureldelareina\/files\/2025\/11\/PROGRAMACION-DPTO-MATEMATICAS-2025-2026.pdf\" target=\"_blank\" rel=\"noopener\">PROGRAMACION DPTO MATEMATICAS 2025-2026<\/a><\/p>\n","protected":false},"excerpt":{"rendered":"<p>&#46;&#46;&#46;<\/p>\n","protected":false},"author":1,"featured_media":0,"parent":0,"menu_order":0,"comment_status":"closed","ping_status":"open","template":"","meta":{"ngg_post_thumbnail":0,"footnotes":"","_mc_calendar":[]},"aioseo_notices":[],"_links":{"self":[{"href":"https:\/\/blogsaverroes.juntadeandalucia.es\/ieslaureldelareina\/wp-json\/wp\/v2\/pages\/158"}],"collection":[{"href":"https:\/\/blogsaverroes.juntadeandalucia.es\/ieslaureldelareina\/wp-json\/wp\/v2\/pages"}],"about":[{"href":"https:\/\/blogsaverroes.juntadeandalucia.es\/ieslaureldelareina\/wp-json\/wp\/v2\/types\/page"}],"author":[{"embeddable":true,"href":"https:\/\/blogsaverroes.juntadeandalucia.es\/ieslaureldelareina\/wp-json\/wp\/v2\/users\/1"}],"replies":[{"embeddable":true,"href":"https:\/\/blogsaverroes.juntadeandalucia.es\/ieslaureldelareina\/wp-json\/wp\/v2\/comments?post=158"}],"version-history":[{"count":31,"href":"https:\/\/blogsaverroes.juntadeandalucia.es\/ieslaureldelareina\/wp-json\/wp\/v2\/pages\/158\/revisions"}],"predecessor-version":[{"id":11218,"href":"https:\/\/blogsaverroes.juntadeandalucia.es\/ieslaureldelareina\/wp-json\/wp\/v2\/pages\/158\/revisions\/11218"}],"wp:attachment":[{"href":"https:\/\/blogsaverroes.juntadeandalucia.es\/ieslaureldelareina\/wp-json\/wp\/v2\/media?parent=158"}],"curies":[{"name":"wp","href":"https:\/\/api.w.org\/{rel}","templated":true}]}}

Matemáticas

<h3>Componentes</h3>
<p>Raúl Borja Expósito<br />
María Victoria Esteve Hurtado<br />
Miguel Ángel Gil Crespo<br />
Olga María de la Higuera Vílchez<br />
José Andrés Lijarcio Álvarez<br />
María Francisca Nieto Cano<br />
Susana Rodríguez Domingo (Jefa de Departamento)<br />
Ángeles Segura Carretero<br />
Juan Antonio Tejada Pérez</p>
<h3>Programación Didáctica</h3>
<p><a href="https://blogsaverroes.juntadeandalucia.es/ieslaureldelareina/files/2025/11/PROGRAMACION-DPTO-MATEMATICAS-2025-2026.pdf" target="_blank" rel="noopener">PROGRAMACION DPTO MATEMATICAS 2025-2026</a></p>
