{"id":170,"date":"2015-03-17T07:55:32","date_gmt":"2015-03-17T07:55:32","guid":{"rendered":"http:\/\/blogsaverroes.juntadeandalucia.es\/pre\/ceip\/?page_id=170"},"modified":"2025-11-16T10:45:43","modified_gmt":"2025-11-16T10:45:43","slug":"biologia-y-geologia","status":"publish","type":"page","link":"https:\/\/blogsaverroes.juntadeandalucia.es\/ieslaureldelareina\/biologia-y-geologia\/","title":{"rendered":"Biolog\u00eda y Geolog\u00eda"},"content":{"rendered":"<h3>Componentes<\/h3>\n<p>Sandra Fern\u00e1ndez Lafuente<br \/>\nMarien L\u00f3pez Rodr\u00edguez (Jefa de Departamento)<br \/>\nJos\u00e9 Lu\u00eds S\u00e1nchez G\u00f3mez<br \/>\n&nbsp;<\/p>\n<h3>Programaci\u00f3n Did\u00e1ctica<\/h3>\n<p><a href=\"https:\/\/blogsaverroes.juntadeandalucia.es\/ieslaureldelareina\/files\/2025\/11\/1o-ESO-Biologia-y-Geologia.pdf\" target=\"_blank\" rel=\"noopener\">1\u00ba ESO Biolog\u00eda y Geolog\u00eda<\/a><\/p>\n<p><a href=\"https:\/\/blogsaverroes.juntadeandalucia.es\/ieslaureldelareina\/files\/2025\/11\/3o-ESO-Biologia-y-Geologia.pdf\" target=\"_blank\" rel=\"noopener\">3\u00ba ESO Biolog\u00eda y Geolog\u00eda<\/a><\/p>\n<p><a href=\"https:\/\/blogsaverroes.juntadeandalucia.es\/ieslaureldelareina\/files\/2025\/11\/4o-ESO-Biologia-y-Geologia-.pdf\" target=\"_blank\" rel=\"noopener\">4\u00ba ESO Biolog\u00eda y Geolog\u00eda<\/a><\/p>\n<p><a href=\"https:\/\/blogsaverroes.juntadeandalucia.es\/ieslaureldelareina\/files\/2025\/11\/1o-BACHILLERATO-Biologia-Geologia-y-Ciencias-Ambientales.pdf\" target=\"_blank\" rel=\"noopener\">1\u00ba BACHILLERATO Biolog\u00eda, Geolog\u00eda y Ciencias Ambientales<\/a><\/p>\n<p><a href=\"https:\/\/blogsaverroes.juntadeandalucia.es\/ieslaureldelareina\/files\/2025\/11\/1o-BACHILLERATO-Anatomia-Aplicada.pdf\" target=\"_blank\" rel=\"noopener\">1\u00ba BACHILLERATO Anatom\u00eda Aplicada<\/a><\/p>\n<p><a href=\"https:\/\/blogsaverroes.juntadeandalucia.es\/ieslaureldelareina\/files\/2025\/11\/2o-BACHILLERATO-Biologia.pdf\" target=\"_blank\" rel=\"noopener\">2\u00ba BACHILLERATO Biolog\u00eda<\/a><\/p>\n<h3>Podcast del departamento<\/h3>\n<p><a href=\"https:\/\/www.ivoox.com\/podcast-laurel-biologia-geologia_sq_f1584883_1.html\" target=\"_blank\" rel=\"noopener noreferrer\">Podcast de Biolog\u00eda y Geolog\u00eda<\/a><\/p>\n<p>&nbsp;<\/p>\n<p>&nbsp;<\/p>\n","protected":false},"excerpt":{"rendered":"<p>&#46;&#46;&#46;<\/p>\n","protected":false},"author":1,"featured_media":0,"parent":0,"menu_order":0,"comment_status":"closed","ping_status":"open","template":"","meta":{"ngg_post_thumbnail":0,"footnotes":"","_mc_calendar":[]},"aioseo_notices":[],"_links":{"self":[{"href":"https:\/\/blogsaverroes.juntadeandalucia.es\/ieslaureldelareina\/wp-json\/wp\/v2\/pages\/170"}],"collection":[{"href":"https:\/\/blogsaverroes.juntadeandalucia.es\/ieslaureldelareina\/wp-json\/wp\/v2\/pages"}],"about":[{"href":"https:\/\/blogsaverroes.juntadeandalucia.es\/ieslaureldelareina\/wp-json\/wp\/v2\/types\/page"}],"author":[{"embeddable":true,"href":"https:\/\/blogsaverroes.juntadeandalucia.es\/ieslaureldelareina\/wp-json\/wp\/v2\/users\/1"}],"replies":[{"embeddable":true,"href":"https:\/\/blogsaverroes.juntadeandalucia.es\/ieslaureldelareina\/wp-json\/wp\/v2\/comments?post=170"}],"version-history":[{"count":34,"href":"https:\/\/blogsaverroes.juntadeandalucia.es\/ieslaureldelareina\/wp-json\/wp\/v2\/pages\/170\/revisions"}],"predecessor-version":[{"id":11173,"href":"https:\/\/blogsaverroes.juntadeandalucia.es\/ieslaureldelareina\/wp-json\/wp\/v2\/pages\/170\/revisions\/11173"}],"wp:attachment":[{"href":"https:\/\/blogsaverroes.juntadeandalucia.es\/ieslaureldelareina\/wp-json\/wp\/v2\/media?parent=170"}],"curies":[{"name":"wp","href":"https:\/\/api.w.org\/{rel}","templated":true}]}}

Biología y Geología

<h3>Componentes</h3>
<p>Sandra Fernández Lafuente<br />
Marien López Rodríguez (Jefa de Departamento)<br />
José Luís Sánchez Gómez<br />
&nbsp;</p>
<h3>Programación Didáctica</h3>
<p><a href="https://blogsaverroes.juntadeandalucia.es/ieslaureldelareina/files/2025/11/1o-ESO-Biologia-y-Geologia.pdf" target="_blank" rel="noopener">1º ESO Biología y Geología</a></p>
<p><a href="https://blogsaverroes.juntadeandalucia.es/ieslaureldelareina/files/2025/11/3o-ESO-Biologia-y-Geologia.pdf" target="_blank" rel="noopener">3º ESO Biología y Geología</a></p>
<p><a href="https://blogsaverroes.juntadeandalucia.es/ieslaureldelareina/files/2025/11/4o-ESO-Biologia-y-Geologia-.pdf" target="_blank" rel="noopener">4º ESO Biología y Geología</a></p>
<p><a href="https://blogsaverroes.juntadeandalucia.es/ieslaureldelareina/files/2025/11/1o-BACHILLERATO-Biologia-Geologia-y-Ciencias-Ambientales.pdf" target="_blank" rel="noopener">1º BACHILLERATO Biología, Geología y Ciencias Ambientales</a></p>
<p><a href="https://blogsaverroes.juntadeandalucia.es/ieslaureldelareina/files/2025/11/1o-BACHILLERATO-Anatomia-Aplicada.pdf" target="_blank" rel="noopener">1º BACHILLERATO Anatomía Aplicada</a></p>
<p><a href="https://blogsaverroes.juntadeandalucia.es/ieslaureldelareina/files/2025/11/2o-BACHILLERATO-Biologia.pdf" target="_blank" rel="noopener">2º BACHILLERATO Biología</a></p>
<h3>Podcast del departamento</h3>
<p><a href="https://www.ivoox.com/podcast-laurel-biologia-geologia_sq_f1584883_1.html" target="_blank" rel="noopener noreferrer">Podcast de Biología y Geología</a></p>
<p>&nbsp;</p>
<p>&nbsp;</p>
