{"id":49,"date":"2015-03-13T08:47:05","date_gmt":"2015-03-13T08:47:05","guid":{"rendered":"http:\/\/blogsaverroes.juntadeandalucia.es\/pre\/ceip\/?page_id=49"},"modified":"2025-11-16T11:45:01","modified_gmt":"2025-11-16T11:45:01","slug":"proyecto-educativo","status":"publish","type":"page","link":"https:\/\/blogsaverroes.juntadeandalucia.es\/ieslaureldelareina\/proyecto-educativo\/","title":{"rendered":"Proyecto Educativo"},"content":{"rendered":"<p><img loading=\"lazy\" decoding=\"async\" class=\"alignnone size-medium wp-image-1662\" src=\"http:\/\/blogsaverroes.juntadeandalucia.es\/temapinboardies\/files\/2015\/03\/proyecto-300x266.png\" alt=\"proyecto\" width=\"300\" height=\"266\" srcset=\"https:\/\/blogsaverroes.juntadeandalucia.es\/ieslaureldelareina\/files\/2015\/03\/proyecto-300x266.png 300w, https:\/\/blogsaverroes.juntadeandalucia.es\/ieslaureldelareina\/files\/2015\/03\/proyecto.png 640w\" sizes=\"(max-width: 300px) 100vw, 300px\" \/><\/p>\n<p>Un centro se define en gran medida por su <strong>Proyecto Educativo<\/strong>. En \u00e9l se plasma el modelo educativo y la concreci\u00f3n de la normativa que un centro realiza respecto a las ense\u00f1anzas que imparte.<\/p>\n<p>DOCUMENTOS:<\/p>\n<p><a href=\"https:\/\/blogsaverroes.juntadeandalucia.es\/ieslaureldelareina\/files\/2024\/05\/PROYECTO-EDUCATIVO-DE-CENTRO-2023-2024-24-04-24-.doc.pdf\" target=\"_blank\" rel=\"noopener\">PROYECTO EDUCATIVO DE CENTRO<\/a><\/p>\n<p><a href=\"https:\/\/blogsaverroes.juntadeandalucia.es\/ieslaureldelareina\/files\/2025\/11\/CONCRECION-ANUAL-DEL-PLAN-DE-CENTRO-2025-2026.pdf\" target=\"_blank\" rel=\"noopener\">CONCRECI\u00d3N ANUAL DEL PLAN DE CENTRO 2025-2026<\/a><\/p>\n<p><a href=\"https:\/\/blogsaverroes.juntadeandalucia.es\/ieslaureldelareina\/files\/2025\/11\/ROF-2025-2026.pdf\" target=\"_blank\" rel=\"noopener\">ROF 2025-2026<\/a><\/p>\n<p><a href=\"https:\/\/blogsaverroes.juntadeandalucia.es\/ieslaureldelareina\/files\/2023\/11\/PROYECTO-DE-GESTI\u00d3N.pdf\">PROYECTO DE GESTI\u00d3N<\/a><\/p>\n<p>&nbsp;<\/p>\n<p>ANEXOS:<\/p>\n<p><a href=\"https:\/\/blogsaverroes.juntadeandalucia.es\/ieslaureldelareina\/files\/2025\/11\/8.-Programacion-TDE-y-Escuela-4.0.pdf\" target=\"_blank\" rel=\"noopener\">8. Programaci\u00f3n TDE y Escuela 4.0<\/a><\/p>\n<p><a href=\"https:\/\/blogsaverroes.juntadeandalucia.es\/ieslaureldelareina\/files\/2025\/11\/9.-PROGRAMACION-PLAN-DE-IGUALDAD-25-26.pdf\" target=\"_blank\" rel=\"noopener\">9. PROGRAMACI\u00d3N PLAN DE IGUALDAD 25-26<\/a><\/p>\n<p><a href=\"https:\/\/blogsaverroes.juntadeandalucia.es\/ieslaureldelareina\/files\/2025\/11\/10.-PLAN-DE-FORMACION-IES-LAUREL-DE-LA-REINA-2025-2026.pdf\" target=\"_blank\" rel=\"noopener\">10. PLAN DE FORMACI\u00d3N IES LAUREL DE LA REINA 2025 2026<\/a><\/p>\n<p><a href=\"https:\/\/blogsaverroes.juntadeandalucia.es\/ieslaureldelareina\/files\/2025\/11\/11.-Programacion-anual-de-Actividades-Complementarias-y-Extraescolares.pdf\" target=\"_blank\" rel=\"noopener\">11. Programaci\u00f3n anual de Actividades Complementarias y Extraescolares<\/a><\/p>\n<p><a href=\"https:\/\/blogsaverroes.juntadeandalucia.es\/ieslaureldelareina\/files\/2025\/11\/12.-Programacbibliot2526.pdf\" target=\"_blank\" rel=\"noopener\">12. Programacbibliot2526<\/a><\/p>\n<p><a href=\"https:\/\/blogsaverroes.juntadeandalucia.es\/ieslaureldelareina\/files\/2025\/11\/13.-Plan-de-Convivencia-2025_2026.pdf\" target=\"_blank\" rel=\"noopener\">13. Plan de Convivencia 2025_2026<\/a><\/p>\n<p><a href=\"https:\/\/blogsaverroes.juntadeandalucia.es\/ieslaureldelareina\/files\/2025\/11\/14.-PROGRAMACION-EE-PAZ-25-26.pdf\" target=\"_blank\" rel=\"noopener\">14. PROGRAMACI\u00d3N EE PAZ 25-26<\/a><\/p>\n<p><a href=\"https:\/\/blogsaverroes.juntadeandalucia.es\/ieslaureldelareina\/files\/2025\/11\/Programacion-Plan-de-Auto.-y-prevencion-de-RL-25-26.pdf\" target=\"_blank\" rel=\"noopener\">15. Programaci\u00f3n Plan de Auto.. y prevenci\u00f3n de RL 25-26<\/a><\/p>\n<p><a href=\"https:\/\/blogsaverroes.juntadeandalucia.es\/ieslaureldelareina\/files\/2025\/11\/16.-PROGRAMACION-INTERCAMBIOS-ESCOLARES-ESTANCIAS-LINGUISTICAS-Y-ERASMUS-PARA-EL-CURSO-2025-26.pdf\" target=\"_blank\" rel=\"noopener\">16. PROGRAMACI\u00d3N INTERCAMBIOS ESCOLARES, ESTANCIAS LING\u00dc\u00cdSTICAS Y ERASMUS + PARA EL CURSO 2025-26<\/a><\/p>\n<p><a href=\"https:\/\/blogsaverroes.juntadeandalucia.es\/ieslaureldelareina\/files\/2025\/11\/19.-PROGR.BILINGUE-2025-26pdf.pdf\" target=\"_blank\" rel=\"noopener\">19. PROGR.BILING\u00dcE 2025-26pdf<\/a><\/p>\n<p><a href=\"https:\/\/blogsaverroes.juntadeandalucia.es\/ieslaureldelareina\/files\/2025\/11\/20.-PROGRAMACION-PROA-25-26.pdf\" target=\"_blank\" rel=\"noopener\">20. PROGRAMACI\u00d3N PROA 25-26<\/a><\/p>\n<p><a href=\"https:\/\/blogsaverroes.juntadeandalucia.es\/ieslaureldelareina\/files\/2025\/11\/21.-PLAN_ACTUACION_ZTS_25_26-IES-Laurel-de-la-Reina.pdf\" target=\"_blank\" rel=\"noopener\">21. PLAN_ACTUACION_ZTS_25_26 IES Laurel de la Reina<\/a><\/p>\n<p><a href=\"https:\/\/blogsaverroes.juntadeandalucia.es\/ieslaureldelareina\/files\/2025\/11\/22.-Plan-de-Lectura.pdf\" target=\"_blank\" rel=\"noopener\">22. Plan de Lectura<\/a><\/p>\n<p><a href=\"https:\/\/blogsaverroes.juntadeandalucia.es\/ieslaureldelareina\/files\/2025\/11\/23.-Programa-de-razonamiento-matematico.pdf\" target=\"_blank\" rel=\"noopener\">23. Programa de razonamiento matem\u00e1tico<\/a>&nbsp;<\/p>\n<p><a href=\"https:\/\/blogsaverroes.juntadeandalucia.es\/ieslaureldelareina\/files\/2025\/11\/24.-PROGRAMACION-Investiga-y-descubre-25-26.pdf\" target=\"_blank\" rel=\"noopener\">24. PROGRAMACI\u00d3N Investiga y descubre 25-26<\/a>&nbsp;<\/p>\n<p><a href=\"https:\/\/blogsaverroes.juntadeandalucia.es\/ieslaureldelareina\/files\/2025\/11\/25.-Programacion-Mas-equidad-inclusion25-26.pdf\" target=\"_blank\" rel=\"noopener\">25. Programaci\u00f3n M\u00e1s equidad inclusi\u00f3n25 26<\/a><\/p>\n<p><a href=\"https:\/\/blogsaverroes.juntadeandalucia.es\/ieslaureldelareina\/files\/2025\/11\/26.-Programa_ADA_2526.pdf\" target=\"_blank\" rel=\"noopener\">26. Programa_ADA_2526<\/a>&nbsp;<\/p>\n<p><a href=\"https:\/\/blogsaverroes.juntadeandalucia.es\/ieslaureldelareina\/files\/2025\/11\/27.-Programacion-Forma-Joven-25-26.pdf\" target=\"_blank\" rel=\"noopener\">27. Programaci\u00f3n Forma Joven 25-26<\/a>&nbsp;<\/p>\n","protected":false},"excerpt":{"rendered":"<p>&#46;&#46;&#46;<\/p>\n","protected":false},"author":1,"featured_media":0,"parent":0,"menu_order":0,"comment_status":"closed","ping_status":"open","template":"","meta":{"ngg_post_thumbnail":0,"footnotes":"","_mc_calendar":[]},"aioseo_notices":[],"_links":{"self":[{"href":"https:\/\/blogsaverroes.juntadeandalucia.es\/ieslaureldelareina\/wp-json\/wp\/v2\/pages\/49"}],"collection":[{"href":"https:\/\/blogsaverroes.juntadeandalucia.es\/ieslaureldelareina\/wp-json\/wp\/v2\/pages"}],"about":[{"href":"https:\/\/blogsaverroes.juntadeandalucia.es\/ieslaureldelareina\/wp-json\/wp\/v2\/types\/page"}],"author":[{"embeddable":true,"href":"https:\/\/blogsaverroes.juntadeandalucia.es\/ieslaureldelareina\/wp-json\/wp\/v2\/users\/1"}],"replies":[{"embeddable":true,"href":"https:\/\/blogsaverroes.juntadeandalucia.es\/ieslaureldelareina\/wp-json\/wp\/v2\/comments?post=49"}],"version-history":[{"count":48,"href":"https:\/\/blogsaverroes.juntadeandalucia.es\/ieslaureldelareina\/wp-json\/wp\/v2\/pages\/49\/revisions"}],"predecessor-version":[{"id":11272,"href":"https:\/\/blogsaverroes.juntadeandalucia.es\/ieslaureldelareina\/wp-json\/wp\/v2\/pages\/49\/revisions\/11272"}],"wp:attachment":[{"href":"https:\/\/blogsaverroes.juntadeandalucia.es\/ieslaureldelareina\/wp-json\/wp\/v2\/media?parent=49"}],"curies":[{"name":"wp","href":"https:\/\/api.w.org\/{rel}","templated":true}]}}

<p><img loading="lazy" decoding="async" class="alignnone size-medium wp-image-1662" src="http://blogsaverroes.juntadeandalucia.es/temapinboardies/files/2015/03/proyecto-300x266.png" alt="proyecto" width="300" height="266" srcset="https://blogsaverroes.juntadeandalucia.es/ieslaureldelareina/files/2015/03/proyecto-300x266.png 300w, https://blogsaverroes.juntadeandalucia.es/ieslaureldelareina/files/2015/03/proyecto.png 640w" sizes="(max-width: 300px) 100vw, 300px" /></p>
<p>Un centro se define en gran medida por su <strong>Proyecto Educativo</strong>. En él se plasma el modelo educativo y la concreción de la normativa que un centro realiza respecto a las enseñanzas que imparte.</p>
<p>DOCUMENTOS:</p>
<p><a href="https://blogsaverroes.juntadeandalucia.es/ieslaureldelareina/files/2024/05/PROYECTO-EDUCATIVO-DE-CENTRO-2023-2024-24-04-24-.doc.pdf" target="_blank" rel="noopener">PROYECTO EDUCATIVO DE CENTRO</a></p>
<p><a href="https://blogsaverroes.juntadeandalucia.es/ieslaureldelareina/files/2025/11/CONCRECION-ANUAL-DEL-PLAN-DE-CENTRO-2025-2026.pdf" target="_blank" rel="noopener">CONCRECIÓN ANUAL DEL PLAN DE CENTRO 2025-2026</a></p>
<p><a href="https://blogsaverroes.juntadeandalucia.es/ieslaureldelareina/files/2025/11/ROF-2025-2026.pdf" target="_blank" rel="noopener">ROF 2025-2026</a></p>
<p><a href="https://blogsaverroes.juntadeandalucia.es/ieslaureldelareina/files/2023/11/PROYECTO-DE-GESTIÓN.pdf">PROYECTO DE GESTIÓN</a></p>
<p>&nbsp;</p>
<p>ANEXOS:</p>
<p><a href="https://blogsaverroes.juntadeandalucia.es/ieslaureldelareina/files/2025/11/8.-Programacion-TDE-y-Escuela-4.0.pdf" target="_blank" rel="noopener">8. Programación TDE y Escuela 4.0</a></p>
<p><a href="https://blogsaverroes.juntadeandalucia.es/ieslaureldelareina/files/2025/11/9.-PROGRAMACION-PLAN-DE-IGUALDAD-25-26.pdf" target="_blank" rel="noopener">9. PROGRAMACIÓN PLAN DE IGUALDAD 25-26</a></p>
<p><a href="https://blogsaverroes.juntadeandalucia.es/ieslaureldelareina/files/2025/11/10.-PLAN-DE-FORMACION-IES-LAUREL-DE-LA-REINA-2025-2026.pdf" target="_blank" rel="noopener">10. PLAN DE FORMACIÓN IES LAUREL DE LA REINA 2025 2026</a></p>
<p><a href="https://blogsaverroes.juntadeandalucia.es/ieslaureldelareina/files/2025/11/11.-Programacion-anual-de-Actividades-Complementarias-y-Extraescolares.pdf" target="_blank" rel="noopener">11. Programación anual de Actividades Complementarias y Extraescolares</a></p>
<p><a href="https://blogsaverroes.juntadeandalucia.es/ieslaureldelareina/files/2025/11/12.-Programacbibliot2526.pdf" target="_blank" rel="noopener">12. Programacbibliot2526</a></p>
<p><a href="https://blogsaverroes.juntadeandalucia.es/ieslaureldelareina/files/2025/11/13.-Plan-de-Convivencia-2025_2026.pdf" target="_blank" rel="noopener">13. Plan de Convivencia 2025_2026</a></p>
<p><a href="https://blogsaverroes.juntadeandalucia.es/ieslaureldelareina/files/2025/11/14.-PROGRAMACION-EE-PAZ-25-26.pdf" target="_blank" rel="noopener">14. PROGRAMACIÓN EE PAZ 25-26</a></p>
<p><a href="https://blogsaverroes.juntadeandalucia.es/ieslaureldelareina/files/2025/11/Programacion-Plan-de-Auto.-y-prevencion-de-RL-25-26.pdf" target="_blank" rel="noopener">15. Programación Plan de Auto.. y prevención de RL 25-26</a></p>
<p><a href="https://blogsaverroes.juntadeandalucia.es/ieslaureldelareina/files/2025/11/16.-PROGRAMACION-INTERCAMBIOS-ESCOLARES-ESTANCIAS-LINGUISTICAS-Y-ERASMUS-PARA-EL-CURSO-2025-26.pdf" target="_blank" rel="noopener">16. PROGRAMACIÓN INTERCAMBIOS ESCOLARES, ESTANCIAS LINGÜÍSTICAS Y ERASMUS + PARA EL CURSO 2025-26</a></p>
<p><a href="https://blogsaverroes.juntadeandalucia.es/ieslaureldelareina/files/2025/11/19.-PROGR.BILINGUE-2025-26pdf.pdf" target="_blank" rel="noopener">19. PROGR.BILINGÜE 2025-26pdf</a></p>
<p><a href="https://blogsaverroes.juntadeandalucia.es/ieslaureldelareina/files/2025/11/20.-PROGRAMACION-PROA-25-26.pdf" target="_blank" rel="noopener">20. PROGRAMACIÓN PROA 25-26</a></p>
<p><a href="https://blogsaverroes.juntadeandalucia.es/ieslaureldelareina/files/2025/11/21.-PLAN_ACTUACION_ZTS_25_26-IES-Laurel-de-la-Reina.pdf" target="_blank" rel="noopener">21. PLAN_ACTUACION_ZTS_25_26 IES Laurel de la Reina</a></p>
<p><a href="https://blogsaverroes.juntadeandalucia.es/ieslaureldelareina/files/2025/11/22.-Plan-de-Lectura.pdf" target="_blank" rel="noopener">22. Plan de Lectura</a></p>
<p><a href="https://blogsaverroes.juntadeandalucia.es/ieslaureldelareina/files/2025/11/23.-Programa-de-razonamiento-matematico.pdf" target="_blank" rel="noopener">23. Programa de razonamiento matemático</a>&nbsp;</p>
<p><a href="https://blogsaverroes.juntadeandalucia.es/ieslaureldelareina/files/2025/11/24.-PROGRAMACION-Investiga-y-descubre-25-26.pdf" target="_blank" rel="noopener">24. PROGRAMACIÓN Investiga y descubre 25-26</a>&nbsp;</p>
<p><a href="https://blogsaverroes.juntadeandalucia.es/ieslaureldelareina/files/2025/11/25.-Programacion-Mas-equidad-inclusion25-26.pdf" target="_blank" rel="noopener">25. Programación Más equidad inclusión25 26</a></p>
<p><a href="https://blogsaverroes.juntadeandalucia.es/ieslaureldelareina/files/2025/11/26.-Programa_ADA_2526.pdf" target="_blank" rel="noopener">26. Programa_ADA_2526</a>&nbsp;</p>
<p><a href="https://blogsaverroes.juntadeandalucia.es/ieslaureldelareina/files/2025/11/27.-Programacion-Forma-Joven-25-26.pdf" target="_blank" rel="noopener">27. Programación Forma Joven 25-26</a>&nbsp;</p>
