{"id":869,"date":"2015-03-16T07:03:52","date_gmt":"2015-03-16T07:03:52","guid":{"rendered":"http:\/\/blogsaverroes.juntadeandalucia.es\/pre\/ceip\/?page_id=84"},"modified":"2026-01-15T10:16:30","modified_gmt":"2026-01-15T10:16:30","slug":"calendario-escolar","status":"publish","type":"page","link":"https:\/\/blogsaverroes.juntadeandalucia.es\/ieslaureldelareina\/calendario-escolar\/","title":{"rendered":"Calendario escolar"},"content":{"rendered":"<h1>Calendario escolar.<\/h1>\n<p><img loading=\"lazy\" decoding=\"async\" class=\"aligncenter size-full wp-image-11043\" src=\"https:\/\/blogsaverroes.juntadeandalucia.es\/ieslaureldelareina\/files\/2025\/09\/Captura-de-pantalla-2025-09-08-a-las-16.29.58.png\" alt=\"\" width=\"1206\" height=\"1386\" srcset=\"https:\/\/blogsaverroes.juntadeandalucia.es\/ieslaureldelareina\/files\/2025\/09\/Captura-de-pantalla-2025-09-08-a-las-16.29.58.png 1206w, https:\/\/blogsaverroes.juntadeandalucia.es\/ieslaureldelareina\/files\/2025\/09\/Captura-de-pantalla-2025-09-08-a-las-16.29.58-261x300.png 261w, https:\/\/blogsaverroes.juntadeandalucia.es\/ieslaureldelareina\/files\/2025\/09\/Captura-de-pantalla-2025-09-08-a-las-16.29.58-891x1024.png 891w, https:\/\/blogsaverroes.juntadeandalucia.es\/ieslaureldelareina\/files\/2025\/09\/Captura-de-pantalla-2025-09-08-a-las-16.29.58-768x883.png 768w\" sizes=\"(max-width: 1206px) 100vw, 1206px\" \/><\/p>\n<p>&nbsp;<\/p>\n<h2>Periodos vacacionales y d\u00edas festivos.<\/h2>\n<p>Navidad: el periodo no lectivo de Navidad estara\u0301 comprendido entre los di\u0301as 22 de diciembre de 2025 y el 6 de enero de 2026, ambos inclusive.<\/p>\n<p>Semana Santa: el periodo no lectivo de Semana Santa comprendera\u0301 desde el di\u0301a 30 de marzo al 05 de abril de 2026, ambos inclusive.<\/p>\n<h3>Festividades:<\/h3>\n<h4>De \u00e1mbito nacional y auton\u00f3mico:<\/h4>\n<ul style=\"list-style-type: circle\">\n<li>12 de octubre de 2025, Fiesta Nacional de Espa\u00f1a (pasa al d\u00eda 13 lunes).<\/li>\n<li>1 de noviembre de 2025, D\u00eda de todos los Santos.<\/li>\n<li>6 de diciembre de 2025, D\u00eda de la Constituci\u00f3n Espa\u00f1ola.<\/li>\n<li>8 de diciembre de 2025, Fiesta de la Inmaculada Concepci\u00f3n.<\/li>\n<li>28 de febrero de 2026, D\u00eda de Andaluc\u00eda.<\/li>\n<li>02 de abril de 2026, Jueves Santo.<\/li>\n<li>03 de abril de 2026, Viernes Santo.<\/li>\n<li>01 de mayo de 2026, Fiesta del Trabajo.<\/li>\n<\/ul>\n<h4>De \u00e1mbito provincial:<\/h4>\n<ul style=\"list-style-type: circle\">\n<li>03 de noviembre de 2025, D\u00eda no lectivo provincial.<\/li>\n<li>02 de marzo de 2026, D\u00eda de la Comunidad Educativa.<\/li>\n<li>05 de junio de 2026, D\u00eda no lectivo provincial.<\/li>\n<\/ul>\n<h4>De \u00e1mbito local:<\/h4>\n<ul style=\"list-style-type: circle\">\n<li>27 de febrero, D\u00eda no lectivo local.<\/li>\n<li>15 de mayo, D\u00eda no lectivo local.<\/li>\n<li>16 de mayo de 2026, San Juan de Nepomuceno.<\/li>\n<li>04 de junio de 2026, Corpus Christi.<\/li>\n<\/ul>\n","protected":false},"excerpt":{"rendered":"<p>&#46;&#46;&#46;<\/p>\n","protected":false},"author":1,"featured_media":0,"parent":0,"menu_order":0,"comment_status":"closed","ping_status":"open","template":"","meta":{"ngg_post_thumbnail":0,"footnotes":"","_mc_calendar":[]},"aioseo_notices":[],"_links":{"self":[{"href":"https:\/\/blogsaverroes.juntadeandalucia.es\/ieslaureldelareina\/wp-json\/wp\/v2\/pages\/869"}],"collection":[{"href":"https:\/\/blogsaverroes.juntadeandalucia.es\/ieslaureldelareina\/wp-json\/wp\/v2\/pages"}],"about":[{"href":"https:\/\/blogsaverroes.juntadeandalucia.es\/ieslaureldelareina\/wp-json\/wp\/v2\/types\/page"}],"author":[{"embeddable":true,"href":"https:\/\/blogsaverroes.juntadeandalucia.es\/ieslaureldelareina\/wp-json\/wp\/v2\/users\/1"}],"replies":[{"embeddable":true,"href":"https:\/\/blogsaverroes.juntadeandalucia.es\/ieslaureldelareina\/wp-json\/wp\/v2\/comments?post=869"}],"version-history":[{"count":45,"href":"https:\/\/blogsaverroes.juntadeandalucia.es\/ieslaureldelareina\/wp-json\/wp\/v2\/pages\/869\/revisions"}],"predecessor-version":[{"id":11406,"href":"https:\/\/blogsaverroes.juntadeandalucia.es\/ieslaureldelareina\/wp-json\/wp\/v2\/pages\/869\/revisions\/11406"}],"wp:attachment":[{"href":"https:\/\/blogsaverroes.juntadeandalucia.es\/ieslaureldelareina\/wp-json\/wp\/v2\/media?parent=869"}],"curies":[{"name":"wp","href":"https:\/\/api.w.org\/{rel}","templated":true}]}}