{"id":3117,"date":"2020-04-17T10:17:55","date_gmt":"2020-04-17T10:17:55","guid":{"rendered":"https:\/\/blogsaverroes.juntadeandalucia.es\/ieslauretum\/?page_id=3117"},"modified":"2025-11-03T12:22:28","modified_gmt":"2025-11-03T12:22:28","slug":"departamentos-didacticos-del-centro","status":"publish","type":"page","link":"https:\/\/blogsaverroes.juntadeandalucia.es\/ieslauretum\/departamentos-didacticos-del-centro\/","title":{"rendered":"DEPARTAMENTOS DID\u00c1CTICOS Y DE COORDINACI\u00d3N DEL CENTRO"},"content":{"rendered":"<table style=\"border-collapse: collapse;height: 779px\" border=\"0\" width=\"473\" cellspacing=\"0\" cellpadding=\"0\">\n<tbody>\n<tr>\n<td style=\"width: 548px;height: 18px\" bgcolor=\"#ffffff\">\n<table id=\"AutoNumber5\" style=\"border-collapse: collapse;height: 29px\" border=\"0\" width=\"495\" cellspacing=\"4\" cellpadding=\"2\" bgcolor=\"#eeeeee\">\n<tbody>\n<tr bgcolor=\"#ffcc00\">\n<td style=\"width: 20%;color: #808080;text-align: justify;border-width: 1px\" colspan=\"4\">\n<h1 style=\"text-align: center\"><span style=\"color: #800000\"><span style=\"text-decoration: underline\"><span style=\"font-size: 14pt\"><strong><em>DEPARTAMENTOS DID\u00c1CTICOS Y DE COORDINACI\u00d3N DEL CENTRO<\/em><\/strong><\/span><\/span><\/span><\/h1>\n<hr>\n<\/td>\n<\/tr>\n<\/tbody>\n<\/table>\n<\/td>\n<\/tr>\n<tr>\n<td style=\"width: 548px;height: 207px;text-align: center\" align=\"left\" valign=\"top\" bgcolor=\"#ffffff\">\n<table style=\"height: 581px\" border=\"0\" width=\"467\" bgcolor=\"#eeeeee\">\n<tbody>\n<tr>\n<td align=\"left\" valign=\"top\">\n<p class=\"MsoNormal\"><a title=\"DEPARTAMENTO DE FORMACI\u00d3N, EVALUACI\u00d3N E INNOVACI\u00d3N \" href=\"\/ieslauretum\/departamento-de-formacion-evaluacion-e-innovacion\/\" target=\"_blank\" rel=\"noopener noreferrer\"><span style=\"font-family: verdana,geneva;color: #00ff00;font-size: 8pt\"><strong><em><span style=\"font-size: 14pt;color: #009900;font-family: Verdana\">1.-Dpto. de Formaci\u00f3n, Evaluaci\u00f3n e Innovaci\u00f3n Educativa (DFEIE)<\/span><\/em><\/strong><\/span><\/a><\/p>\n<p><a title=\"DEPARTAMENTO DE PLANIFICACI\u00d3N Y GESTI\u00d3N EDUCATIVA\" href=\"https:\/\/blogsaverroes.juntadeandalucia.es\/ieslauretum\/departamento-de-planificacion-y-gestion-educativa\/\" target=\"_blank\" rel=\"noopener noreferrer\"><span style=\"font-family: verdana,geneva;color: #00ff00;font-size: 8pt\"><strong><em><span style=\"font-size: 14pt;color: #009900;font-family: Verdana\">2.- Dpto. de Planificaci\u00f3n y Gesti\u00f3n Educativa (DPGE)<\/span><\/em><\/strong><\/span><\/a><\/p>\n<p class=\"MsoNormal\"><a title=\"Departamento de Tecnolog\u00eda e Inform\u00e1tica\" href=\"\/ieslauretum\/dpto-de-tecnologia-informatica\/\" target=\"_blank\" rel=\"noopener noreferrer\"><span style=\"font-family: verdana,geneva;color: #00ff00;font-size: 8pt\"><strong><em><span style=\"font-size: 14pt;color: #009900;font-family: Verdana\">3.-Dpto. de Tecnolog\u00eda\/Inform\u00e1tica<\/span><\/em><\/strong><\/span><\/a><\/p>\n<p class=\"MsoNormal\"><a title=\"Departamento de Biolog\u00eda y Geolog\u00eda\" href=\"\/ieslauretum\/departamento-de-biologia-y-geologia\/\" target=\"_blank\" rel=\"noopener noreferrer\"><span style=\"font-family: verdana,geneva;color: #00ff00;font-size: 8pt\"><strong><em><span style=\"font-size: 14pt;color: #009900;font-family: Verdana\">4.-Dpto. de Biolog\u00eda y Geolog\u00eda<\/span><\/em><\/strong><\/span><\/a><\/p>\n<p class=\"MsoNormal\"><a title=\"Departamento de F\u00edsica y Qu\u00edmica\" href=\"\/ieslauretum\/dpto-de-fisica-y-quimica\/\" target=\"_blank\" rel=\"noopener noreferrer\"><span style=\"font-family: verdana,geneva;color: #00ff00;font-size: 8pt\"><strong><em><span style=\"font-size: 14pt;color: #009900;font-family: Verdana\">5.-Dpto. de F\u00edsica y Qu\u00edmica<\/span><\/em><\/strong><\/span><\/a><\/p>\n<p class=\"MsoNormal\"><a title=\"Departamento de Matem\u00e1ticas y Econom\u00eda\" href=\"https:\/\/blogsaverroes.juntadeandalucia.es\/ieslauretum\/dpto-de-matematicas-y-economia\/\" target=\"_blank\" rel=\"noopener noreferrer\"><span style=\"font-family: verdana,geneva;color: #00ff00;font-size: 8pt\"><strong><em><span style=\"font-size: 14pt;color: #009900;font-family: Verdana\">6.-Dpto. de Matem\u00e1ticas y Econom\u00eda<\/span><\/em><\/strong><\/span><\/a><\/p>\n<p class=\"MsoNormal\"><a title=\"Departamento de Geograf\u00eda e Historia\" href=\"https:\/\/blogsaverroes.juntadeandalucia.es\/ieslauretum\/departamento-de-geografia-e-historia\/\" target=\"_blank\" rel=\"noopener noreferrer\"><span style=\"font-family: verdana,geneva;color: #00ff00;font-size: 8pt\"><strong><em><span style=\"font-size: 14pt;color: #009900;font-family: Verdana\">7.-Dpto. de Geograf\u00eda e Historia<\/span><\/em><\/strong><\/span><\/a><\/p>\n<p class=\"MsoNormal\"><a href=\"https:\/\/wp.me\/PbyKry-T2\" target=\"_blank\" rel=\"noopener noreferrer\"><span style=\"font-family: verdana,geneva;color: #00ff00;font-size: 8pt\"><strong><em><span style=\"font-size: 14pt;color: #009900;font-family: Verdana\">8.-Dpto. de Ingl\u00e9s<\/span><\/em><\/strong><\/span><\/a><\/p>\n<p class=\"MsoNormal\"><a href=\"https:\/\/wp.me\/PbyKry-T2\" target=\"_blank\" rel=\"noopener noreferrer\"><span style=\"font-family: verdana,geneva;color: #00ff00;font-size: 8pt\"><strong><em><span style=\"font-size: 14pt;color: #009900;font-family: Verdana\">9.- Dpto. de Franc\u00e9s<\/span><\/em><\/strong><\/span><\/a><\/p>\n<p class=\"MsoNormal\"><a href=\"https:\/\/wp.me\/PbyKry-2v\" target=\"_blank\" rel=\"noopener noreferrer\"><span style=\"font-family: verdana,geneva;color: #00ff00;font-size: 8pt\"><span style=\"font-family: verdana,geneva;color: #00ff00;font-size: 8pt\"><strong><em><span style=\"font-size: 14pt;color: #009900;font-family: Verdana\">10.-Dpto. de Lengua y Literatura<\/span><\/em><\/strong><\/span><\/span><\/a><\/p>\n<p class=\"MsoNormal\"><a title=\"Departamento de Filosof\u00eda\" href=\"https:\/\/blogsaverroes.juntadeandalucia.es\/ieslauretum\/dpto-de-filosofia\/\" target=\"_blank\" rel=\"noopener noreferrer\"><span style=\"font-family: verdana,geneva;color: #00ff00;font-size: 8pt\"><span style=\"font-family: verdana,geneva;color: #00ff00;font-size: 8pt\"><strong><em><span style=\"font-size: 14pt;color: #009900;font-family: Verdana\">11.-Dpto. de Filosof\u00eda y Cultura Cl\u00e1sica<\/span><\/em><\/strong><\/span><\/span><\/a><\/p>\n<p class=\"MsoNormal\"><span style=\"font-family: verdana,geneva;color: #00ff00;font-size: 8pt\"><a title=\"Departamento de Educaci\u00f3n F\u00edsica\" href=\"https:\/\/blogsaverroes.juntadeandalucia.es\/ieslauretum\/dpto-de-educacion-fisica\/\" target=\"_blank\" rel=\"noopener noreferrer\"><strong><em><span style=\"font-size: 14pt;color: #009900;font-family: Verdana\">12.-Dpto. de Educaci\u00f3n F\u00edsica<\/span><\/em><\/strong><\/a><\/span><\/p>\n<p class=\"MsoNormal\"><a title=\"Departamento de Orientaci\u00f3n\" href=\"https:\/\/blogsaverroes.juntadeandalucia.es\/ieslauretum\/dpto-de-musica\/\"><strong><em>&nbsp;<\/em><\/strong><\/a><strong><em><a title=\"Departamento de M\u00fasica\" href=\"https:\/\/blogsaverroes.juntadeandalucia.es\/ieslauretum\/dpto-de-musica\/\" target=\"_blank\" rel=\"noopener noreferrer\"><span style=\"font-family: verdana,geneva;color: #00ff00;font-size: 8pt\"><strong><em><span style=\"font-size: 14pt;color: #009900;font-family: Verdana\">13.-Dpto. de M\u00fasica<\/span><\/em><\/strong><\/span><\/a><\/em><\/strong><\/p>\n<p class=\"MsoNormal\"><a title=\"Departamento de Ed. Pl\u00e1stica, Visual y Audiovisual\" href=\"https:\/\/blogsaverroes.juntadeandalucia.es\/ieslauretum\/dpto-de-plastica-visual-y-audiovisual\/\" target=\"_blank\" rel=\"noopener noreferrer\"><span style=\"font-family: verdana,geneva;color: #00ff00;font-size: 8pt\"><strong><em><span style=\"font-size: 14pt;color: #009900;font-family: Verdana\">14.-Dpto. de <\/span><\/em><\/strong><strong><em><span style=\"font-size: 14pt;color: #009900;font-family: Verdana\">Pl\u00e1stica, Visual y Audiovisual<\/span><\/em><\/strong><\/span><\/a><\/p>\n<p style=\"text-align: justify\"><a href=\"https:\/\/blogsaverroes.juntadeandalucia.es\/ieslauretum\/orientacion-academica\/\" target=\"_blank\" rel=\"noopener noreferrer\"><span style=\"color: #008000\"><em><strong><span style=\"font-family: verdana,geneva;color: #00ff00;font-size: 8pt\"><span style=\"font-size: 14pt;color: #009900;font-family: Verdana\">15.- Dpto. de Orientaci\u00f3n Acad\u00e9mica.<\/span><\/span><\/strong><\/em><\/span><\/a><\/p>\n<p style=\"text-align: justify\"><a title=\"Jefatura Adjunta a la Direcci\u00f3n\" href=\"https:\/\/blogsaverroes.juntadeandalucia.es\/ieslauretum\/extracurricular-activities\/\" target=\"_blank\" rel=\"noopener noreferrer\"><span style=\"color: #008000\"><em><strong><span style=\"font-family: verdana,geneva;color: #00ff00;font-size: 8pt\"><span style=\"font-size: 14pt;color: #009900;font-family: Verdana\">16.- Dpto. Adjunto a la Direcci\u00f3n (DAD).<\/span><\/span><\/strong><\/em><\/span><\/a><\/p>\n<p class=\"MsoNormal\">&nbsp;<\/p>\n<p class=\"MsoNormal\">&nbsp;<\/p>\n<p class=\"MsoNormal\"><span style=\"font-family: verdana,geneva\"><em><span style=\"font-size: 14pt;color: #009900;font-family: Verdana\"><strong>&nbsp;<\/strong><\/span><\/em><\/span><\/p>\n<p class=\"MsoNormal\">&nbsp;<\/p>\n<table border=\"0\" width=\"100%\">\n<tbody>\n<tr>\n<td style=\"height: 27px;text-align: center\" bgcolor=\"#cccccc\">&nbsp;<\/td>\n<\/tr>\n<tr>\n<td><span style=\"font-family: Arial,Helvetica,sans-serif;font-size: 10pt\">A trav\u00e9s del Tlf: 955.622.161, o en nuestro correo electr\u00f3nico <a href=\"mailto:41008398.averroes@juntadeandalucia.es\">41008398.edu@juntadeandalucia.es<\/a> y nos pondremos en contacto con usted.<\/span><\/td>\n<\/tr>\n<\/tbody>\n<\/table>\n<p><span style=\"color: #003366\">&nbsp;<\/span><\/td>\n<\/tr>\n<tr>\n<td>&nbsp;<\/td>\n<\/tr>\n<\/tbody>\n<\/table>\n<\/td>\n<\/tr>\n<tr>\n<td style=\"height: 19px\" bgcolor=\"#ffffff\">\n<div>\n<table id=\"AutoNumber4\" style=\"border-collapse: collapse\" border=\"0\" width=\"100%\" cellspacing=\"6\" cellpadding=\"2\">\n<tbody>\n<tr>\n<td style=\"width: 100%\" align=\"right\" bgcolor=\"#d9e0e8\">\u00ae2006-2007. <span style=\"font-family: Arial,Helvetica,sans-serif;font-size: 10pt\"><a>\/<\/a><\/span>|<\/td>\n<\/tr>\n<\/tbody>\n<\/table>\n<\/div>\n<\/td>\n<\/tr>\n<\/tbody>\n<\/table>\n","protected":false},"excerpt":{"rendered":"<p>DEPARTAMENTOS DID\u00c1CTICOS Y DE COORDINACI\u00d3N DEL CENTRO 1.-Dpto. de Formaci\u00f3n, Evaluaci\u00f3n e Innovaci\u00f3n Educativa (DFEIE) 2.- Dpto. de Planificaci\u00f3n y Gesti\u00f3n Educativa (DPGE) 3.-Dpto. de&hellip;<\/p>\n","protected":false},"author":1966,"featured_media":0,"parent":0,"menu_order":0,"comment_status":"closed","ping_status":"closed","template":"","meta":{"ngg_post_thumbnail":0,"footnotes":""},"aioseo_notices":[],"_links":{"self":[{"href":"https:\/\/blogsaverroes.juntadeandalucia.es\/ieslauretum\/wp-json\/wp\/v2\/pages\/3117"}],"collection":[{"href":"https:\/\/blogsaverroes.juntadeandalucia.es\/ieslauretum\/wp-json\/wp\/v2\/pages"}],"about":[{"href":"https:\/\/blogsaverroes.juntadeandalucia.es\/ieslauretum\/wp-json\/wp\/v2\/types\/page"}],"author":[{"embeddable":true,"href":"https:\/\/blogsaverroes.juntadeandalucia.es\/ieslauretum\/wp-json\/wp\/v2\/users\/1966"}],"replies":[{"embeddable":true,"href":"https:\/\/blogsaverroes.juntadeandalucia.es\/ieslauretum\/wp-json\/wp\/v2\/comments?post=3117"}],"version-history":[{"count":22,"href":"https:\/\/blogsaverroes.juntadeandalucia.es\/ieslauretum\/wp-json\/wp\/v2\/pages\/3117\/revisions"}],"predecessor-version":[{"id":8792,"href":"https:\/\/blogsaverroes.juntadeandalucia.es\/ieslauretum\/wp-json\/wp\/v2\/pages\/3117\/revisions\/8792"}],"wp:attachment":[{"href":"https:\/\/blogsaverroes.juntadeandalucia.es\/ieslauretum\/wp-json\/wp\/v2\/media?parent=3117"}],"curies":[{"name":"wp","href":"https:\/\/api.w.org\/{rel}","templated":true}]}}