{"id":3278,"date":"2020-04-29T00:35:16","date_gmt":"2020-04-29T00:35:16","guid":{"rendered":"https:\/\/blogsaverroes.juntadeandalucia.es\/ieslauretum\/?page_id=3278"},"modified":"2025-05-22T03:48:32","modified_gmt":"2025-05-22T03:48:32","slug":"extracurricular-activities","status":"publish","type":"page","link":"https:\/\/blogsaverroes.juntadeandalucia.es\/ieslauretum\/extracurricular-activities\/","title":{"rendered":"Jefatura Adjunta a la Direcci\u00f3n"},"content":{"rendered":"<div id=\"contenido_sitio\" class=\"tiny_personalizado\" style=\"float: left\">\n<h2 style=\"text-align: center\"><span style=\"text-decoration: underline;font-family: book antiqua,palatino;font-size: 18pt;color: #ff0000\"><strong><em>JEFATURA ADJUNTA A LA DIRECCI\u00d3N<\/em><\/strong><\/span><\/h2>\n<p style=\"text-align: justify\"><span style=\"text-decoration: underline;font-size: 12pt;font-family: book antiqua,palatino;color: #008000\"><em><strong>Funciones<\/strong><\/em><\/span><\/p>\n<p style=\"text-align: justify\"><span style=\"font-size: 12pt;font-family: book antiqua,palatino;color: #008000\"><strong><em>a) Coordinaci\u00f3n de las Actividades Extraescolares y Complementarias del centro y de los Dptos. Did\u00e1cticos.<\/em><\/strong><\/span><\/p>\n<p style=\"text-align: justify\"><span style=\"font-size: 12pt;font-family: book antiqua,palatino;color: #008000\"><strong><em>b) Preside la Comisi\u00f3n de Actividades Extraescolares y Complementarias.<\/em><\/strong><\/span><\/p>\n<p style=\"text-align: justify\"><span style=\"font-size: 12pt;font-family: book antiqua,palatino;color: #008000\"><strong><em>c) Actos de Graduaci\u00f3n del alumnado del centro.<\/em><\/strong><\/span><\/p>\n<p style=\"text-align: justify\"><span style=\"font-size: 12pt;font-family: book antiqua,palatino;color: #008000\"><strong><em>d) Coordinaci\u00f3n de los Intercambios extranjeros y nacionales.<\/em><\/strong><\/span><\/p>\n<p style=\"text-align: justify\"><span style=\"font-size: 12pt;font-family: book antiqua,palatino;color: #008000\"><strong><em>e) Coordinaci\u00f3n de los programas Erasmus +.<br \/>\n<\/em><\/strong><\/span><\/p>\n<p style=\"text-align: justify\"><span style=\"font-size: 12pt;font-family: book antiqua,palatino;color: #008000\"><strong><em>f) <\/em><\/strong><\/span><span style=\"font-size: 12pt;font-family: book antiqua,palatino;color: #008000\"><strong><em>Coordinaci\u00f3n del Programa de Gratuidad de Libros de Textos.<\/em><\/strong><\/span><\/p>\n<p style=\"text-align: justify\"><span style=\"font-size: 12pt;font-family: book antiqua,palatino;color: #008000\"><strong><em>g) Coordinaci\u00f3n de las Actividades Docentes.<\/em><\/strong><\/span><\/p>\n<p style=\"text-align: justify\"><span style=\"font-size: 12pt;font-family: book antiqua,palatino;color: #008000\"><strong><em>h) Apoyo a la Direcci\u00f3n del Centro.<\/em><\/strong><\/span><\/p>\n<p style=\"text-align: justify\"><span style=\"font-size: 12pt;font-family: book antiqua,palatino;color: #008000\"><strong><em>i) Apoyo a la Jefatura de Estudios del Centro.<\/em><\/strong><\/span><\/p>\n<hr>\n<h3 style=\"text-align: center\"><span style=\"text-decoration: underline;font-family: 'book antiqua', palatino;font-size: 14pt;color: #800000\"><strong><em>DOCUMENTOS<\/em><\/strong><\/span><\/h3>\n<h3><span style=\"font-family: book antiqua,palatino;font-size: 14pt\"><span style=\"text-decoration: underline\"><a href=\"https:\/\/docs.google.com\/document\/d\/1g9q5nIffjLTcjS-7Vj-uDSVncjJPj6d30LZ-5mkuW8s\/edit?usp=sharing\" target=\"_blank\" rel=\"noopener noreferrer\"><span style=\"color: #0000ff;text-decoration: underline\">A) Autorizaci\u00f3n de Actividad Extraescolar y Complementaria para el Alumnado<\/span><\/a><\/span><\/span><\/h3>\n<h3><span style=\"color: #0000ff;font-family: 'book antiqua', palatino;font-size: 14pt\"><span style=\"text-decoration: underline\"><a style=\"color: #0000ff;text-decoration: underline\" title=\"Ficha de solicitud de actividades extraescolares\" href=\"http:\/\/www.juntadeandalucia.es\/averroes\/centros-tic\/41008398\/helvia\/sitio\/upload\/Solicitud_de_ACTIVIDADES_COMPLEMENTARIAS_Y_EXTRAESCOLARES.doc\" target=\"_blank\" rel=\"noopener noreferrer\">B) Ficha de Solicitud de Actividad Extraescolar o Complementaria para Jefatura de Estudios<\/a><\/span><\/span><\/h3>\n<h3><span style=\"color: #0000ff;font-family: 'book antiqua', palatino;font-size: 14pt\"><span style=\"text-decoration: underline\"><a href=\"https:\/\/drive.google.com\/file\/d\/15ebRaHXRWxUUtI4J8Iqy7rVAijJIxsv_\/view?usp=sharing\" target=\"_blank\" rel=\"noopener\">C) Ficha de Evaluaci\u00f3n de las Actividades<\/a><br \/>\n<\/span><\/span><\/h3>\n<h3><span style=\"color: #0000ff\"><span style=\"text-decoration: underline\"><span style=\"font-size: 10pt\"><span style=\"font-family: book antiqua,palatino;font-size: 14pt\"><a style=\"color: #0000ff;text-decoration: underline\" title=\"PROTOCOLO DEL PROFESORADO LIBERADO POR ACTIVIDADES\" href=\"http:\/\/www.juntadeandalucia.es\/averroes\/centros-tic\/41008398\/helvia\/sitio\/upload\/PROTOCOLO_DEL_PROFESORADO_LIBERADO_POR_ACTIVIDADES.pdf\" target=\"_blank\" rel=\"noopener noreferrer\">D) PROTOCOLO DEL PROFESORADO LIBERADO POR ACTIVIDADES ESTRAESCOLARES <\/a><\/span><\/span><\/span><\/span><\/h3>\n<h3><a href=\"https:\/\/drive.google.com\/file\/d\/17Od148YMpY-gLewuaaFZXIoCqne-uegZ\/view\" target=\"_blank\" rel=\"noopener noreferrer\"><span style=\"color: #0000ff\"><span style=\"text-decoration: underline\"><span style=\"font-size: 10pt\"><span style=\"font-family: book antiqua,palatino;font-size: 14pt\">E) PROPUESTA DE LIBROS DE TEXTO A SECRETARIA Y JAD.<\/span><\/span><\/span><\/span><\/a><\/h3>\n<h3>&nbsp;<\/h3>\n<hr>\n<h3 style=\"text-align: center\"><a href=\"https:\/\/blogsaverroes.juntadeandalucia.es\/ieslauretum\/programa-de-gratuidad-de-libros-de-texto\/\" target=\"_blank\" rel=\"noopener\"><span style=\"text-decoration: underline\"><span style=\"color: #800000;text-decoration: underline\"><strong>PROGRAMA DE GRATUIDAD DE LIBROS DE TEXTO<\/strong><\/span><\/span><\/a><\/h3>\n<p><strong><span style=\"color: #008000\"><em>CRITERIOS PARA SELECCIONAR LOS LIBROS DE TEXTO DEL CHEQUE LIBRO DEL PGLT.<\/em><\/span><\/strong><\/p>\n<p><strong><span style=\"color: #008000\"><em>&nbsp;APROBADO POR EL CONSEJO ESCOLAR<\/em><\/span><\/strong><\/p>\n<p><strong><span style=\"color: #008000\"><em>1\u00ba Materias troncales comunes a toda la etapa.<\/em><\/span><\/strong><\/p>\n<p><strong><span style=\"color: #008000\"><em>2\u00ba Materias troncales no comunes a toda la etapa.<\/em><\/span><\/strong><\/p>\n<p><strong><span style=\"color: #008000\"><em>2\u00ba Materias espec\u00edficas, o \u00e1mbitos PMAR.<\/em><\/span><\/strong><\/p>\n<p><strong><span style=\"color: #008000\"><em>3\u00ba Materias de libre configuraci\u00f3n auton\u00f3mica. <\/em><\/span><\/strong><\/p>\n<p><strong><span style=\"color: #008000\"><em>As\u00ed hasta alcanzar la cifra l\u00edmite del cheque libro.<\/em><\/span><\/strong><\/p>\n<hr>\n<p><span style=\"color: #0000ff\"><strong><em>ANEXO I <\/em><\/strong><\/span><\/p>\n<p><span style=\"color: #0000ff\"><strong><em>Criterios<\/em><\/strong> <strong><em>para<\/em><\/strong> <strong><em>la<\/em><\/strong> <strong><em>selecci\u00f3n<\/em><\/strong> <em style=\"font-weight: bold\">de materiales<\/em> <strong><em>curriculares por<\/em><\/strong> <strong><em>parte<\/em><\/strong> <strong><em>de<\/em><\/strong> <strong><em>los<\/em><\/strong> <strong><em>departamentos<\/em><\/strong> <strong><em>did\u00e1cticos<\/em><\/strong><\/span><\/p>\n<p><span style=\"color: #0000ff\"><em>Para<\/em> <em>seleccionar<\/em> <em>y<\/em> <em>utilizar<\/em> <em>un<\/em> <em>material<\/em> <em>atenderemos<\/em> <em>a<\/em> <em>estos<\/em> <em>criterios<\/em> <em>elementales:<\/em><\/span><\/p>\n<p><span style=\"color: #0000ff\"><em>TITULO:<\/em> <em>&nbsp;&nbsp;&nbsp;&nbsp;&nbsp;&nbsp;&nbsp;&nbsp;&nbsp;&nbsp;&nbsp;&nbsp;&nbsp;&nbsp;&nbsp;&nbsp;&nbsp;&nbsp;&nbsp;&nbsp;&nbsp;&nbsp;&nbsp;&nbsp;&nbsp;&nbsp;&nbsp;&nbsp;&nbsp;&nbsp;&nbsp;&nbsp;&nbsp;&nbsp;&nbsp;&nbsp;&nbsp;&nbsp;&nbsp;&nbsp;&nbsp;&nbsp;&nbsp;&nbsp;&nbsp;&nbsp;&nbsp;&nbsp;&nbsp;&nbsp;&nbsp;&nbsp;&nbsp; EDITORIAL:<\/em><\/span><\/p>\n<p><span style=\"color: #0000ff\"><em>ISBN\/EAN:&nbsp;&nbsp;&nbsp;&nbsp;&nbsp;&nbsp;&nbsp;&nbsp;&nbsp;&nbsp;&nbsp;&nbsp;&nbsp;&nbsp;&nbsp;&nbsp;&nbsp;&nbsp;&nbsp;&nbsp;&nbsp;&nbsp;&nbsp;&nbsp;&nbsp;&nbsp;&nbsp;&nbsp;&nbsp;&nbsp;&nbsp;&nbsp;&nbsp;&nbsp;&nbsp;&nbsp;&nbsp;&nbsp;&nbsp;&nbsp;&nbsp;&nbsp;&nbsp;&nbsp;&nbsp;&nbsp;&nbsp;&nbsp;&nbsp;&nbsp; ASIGNATURA:<\/em><\/span><\/p>\n<table width=\"0\">\n<tbody>\n<tr>\n<td width=\"461\"><span style=\"color: #0000ff\"><em>&nbsp;<\/em><\/span><\/td>\n<td width=\"37\"><span style=\"color: #0000ff\"><em>SI<\/em><\/span><\/td>\n<td width=\"48\"><span style=\"color: #0000ff\"><em>NO<\/em><\/span><\/td>\n<td width=\"109\"><span style=\"color: #0000ff\"><em>A<\/em> <em>VECES<\/em><\/span><\/td>\n<\/tr>\n<tr>\n<td width=\"461\"><span style=\"color: #0000ff\"><i>1. Grado de adecuaci\u00f3n a la nueva normativa LOMLOE<\/i><\/span><\/td>\n<td width=\"37\"><span style=\"color: #0000ff\"><em>&nbsp;<\/em><\/span><\/td>\n<td width=\"48\"><span style=\"color: #0000ff\"><em>&nbsp;<\/em><\/span><\/td>\n<td width=\"109\"><span style=\"color: #0000ff\"><em>&nbsp;<\/em><\/span><\/td>\n<\/tr>\n<tr>\n<td width=\"461\"><span style=\"color: #0000ff\"><em>2. Adecuaci\u00f3n al alumnado.<\/em><\/span><\/td>\n<td width=\"37\"><span style=\"color: #0000ff\"><em>&nbsp;<\/em><\/span><\/td>\n<td width=\"48\"><span style=\"color: #0000ff\"><em>&nbsp;<\/em><\/span><\/td>\n<td width=\"109\"><span style=\"color: #0000ff\"><em>&nbsp;<\/em><\/span><\/td>\n<\/tr>\n<tr>\n<td width=\"461\"><span style=\"color: #0000ff\"><em><span style=\"color: #0000ff\">3. Unidades de Programaci\u00f3n: N\u00famero, Temporalizaci\u00f3n, Claridad, Orden, Interdisciplinares&nbsp;y globales (ODS).&nbsp;<\/span><\/em><\/span><\/td>\n<td width=\"37\"><span style=\"color: #0000ff\"><em>&nbsp;<\/em><\/span><\/td>\n<td width=\"48\"><span style=\"color: #0000ff\"><em>&nbsp;<\/em><\/span><\/td>\n<td width=\"109\"><span style=\"color: #0000ff\"><em>&nbsp;<\/em><\/span><\/td>\n<\/tr>\n<tr>\n<td width=\"461\"><span style=\"color: #0000ff\"><em>4. Grado de coherencia y secuenciaci\u00f3n l\u00f3gica a lo largo de la etapa.<\/em><\/span><\/td>\n<td width=\"37\"><span style=\"color: #0000ff\"><em>&nbsp;<\/em><\/span><\/td>\n<td width=\"48\"><span style=\"color: #0000ff\"><em>&nbsp;<\/em><\/span><\/td>\n<td width=\"109\"><span style=\"color: #0000ff\"><em>&nbsp;<\/em><\/span><\/td>\n<\/tr>\n<tr>\n<td width=\"461\"><span style=\"color: #0000ff\"><em>5. Atenci\u00f3n a la diversidad del alumnado: Variedad y diferentes niveles de dificultad en las actividades.&nbsp;<\/em><\/span><\/td>\n<td width=\"37\"><span style=\"color: #0000ff\"><em>&nbsp;<\/em><\/span><\/td>\n<td width=\"48\"><span style=\"color: #0000ff\"><em>&nbsp;<\/em><\/span><\/td>\n<td width=\"109\"><span style=\"color: #0000ff\"><em>&nbsp;<\/em><\/span><\/td>\n<\/tr>\n<tr>\n<td width=\"461\"><span style=\"color: #0000ff\"><em><span style=\"color: #0000ff\">6. Evaluaci\u00f3n: Los Criterios de Evaluaci\u00f3n son el referente y las evidencias\/instrumentos&nbsp;(pruebas, r\u00fabricas, escalas de observaci\u00f3n, listas de cotejo,&#8230;) son adecuados para recabar la informaci\u00f3n sobre los mismos<\/span><\/em><em style=\"color: #0000ff\">.<\/em><\/span><\/td>\n<td width=\"37\"><span style=\"color: #0000ff\"><em>&nbsp;<\/em><\/span><\/td>\n<td width=\"48\"><span style=\"color: #0000ff\"><em>&nbsp;<\/em><\/span><\/td>\n<td width=\"109\"><span style=\"color: #0000ff\"><em>&nbsp;<\/em><\/span><\/td>\n<\/tr>\n<tr>\n<td width=\"461\"><span style=\"color: #0000ff\"><em>7. Hay actividades grupales e individuales<\/em><em>.<\/em><\/span><\/td>\n<td width=\"37\"><span style=\"color: #0000ff\"><em>&nbsp;<\/em><\/span><\/td>\n<td width=\"48\"><span style=\"color: #0000ff\"><em>&nbsp;<\/em><\/span><\/td>\n<td width=\"109\"><span style=\"color: #0000ff\"><em>&nbsp;<\/em><\/span><\/td>\n<\/tr>\n<tr>\n<td width=\"461\"><span style=\"color: #0000ff\"><em>8. Existencia de recursos paratextuales (im\u00e1genes, esquemas, gr\u00e1ficos,&#8230;)<\/em><em>.<\/em><\/span><\/td>\n<td width=\"37\"><span style=\"color: #0000ff\"><em>&nbsp;<\/em><\/span><\/td>\n<td width=\"48\"><span style=\"color: #0000ff\"><em>&nbsp;<\/em><\/span><\/td>\n<td width=\"109\"><span style=\"color: #0000ff\"><em>&nbsp;<\/em><\/span><\/td>\n<\/tr>\n<tr>\n<td width=\"461\"><span style=\"color: #0000ff\"><em><span style=\"color: #0000ff\">9. Tiene una adecuaci\u00f3n a los Proyectos estrat\u00e9gicos (Biling\u00fce, recursos digitales, trabajo por proyectos,&#8230;) del centro<\/span><\/em><em style=\"color: #0000ff\">.<\/em><\/span><\/td>\n<td width=\"37\"><span style=\"color: #0000ff\"><em>&nbsp;<\/em><\/span><\/td>\n<td width=\"48\"><span style=\"color: #0000ff\"><em>&nbsp;<\/em><\/span><\/td>\n<td width=\"109\"><span style=\"color: #0000ff\"><em>&nbsp;<\/em><\/span><\/td>\n<\/tr>\n<tr>\n<td width=\"461\"><span style=\"color: #0000ff\"><em>Otros&#8230;.<\/em><\/span><\/td>\n<td colspan=\"3\" width=\"194\"><span style=\"color: #0000ff\"><em>&nbsp;<\/em><\/span><\/td>\n<\/tr>\n<\/tbody>\n<\/table>\n<div id=\"contenido_sitio\" class=\"tiny_personalizado\" style=\"float: left\">\n<p>Direcci\u00f3n: D. Juan Fr\u00ba Soto Garc\u00eda<\/p>\n<p>Jefatura de estudios: D\u00aa. Mar\u00eda Jos\u00e9 Somet Fern\u00e1ndez<\/p>\n<p>Jefatura de estudios Adjunta: D\u00aa. Silvia Barrera Fern\u00e1ndez&nbsp;<\/p>\n<p>Secretar\u00eda: D. Javier Vidal Prada<\/p>\n<p>Jefatura Adjunta a la Direcci\u00f3n: D\u00aa Milagros Gonz\u00e1lez<\/p>\n<\/div>\n<div style=\"clear: both\">&nbsp;<\/div>\n<\/div>\n<div id=\"gtx-trans\" style=\"position: absolute;left: 515px;top: 838.903px\">\n<div class=\"gtx-trans-icon\">&nbsp;<\/div>\n<\/div>\n","protected":false},"excerpt":{"rendered":"<p>JEFATURA ADJUNTA A LA DIRECCI\u00d3N Funciones a) Coordinaci\u00f3n de las Actividades Extraescolares y Complementarias del centro y de los Dptos. Did\u00e1cticos. b) Preside la Comisi\u00f3n&hellip;<\/p>\n","protected":false},"author":1966,"featured_media":0,"parent":0,"menu_order":0,"comment_status":"closed","ping_status":"closed","template":"","meta":{"ngg_post_thumbnail":0,"footnotes":""},"aioseo_notices":[],"_links":{"self":[{"href":"https:\/\/blogsaverroes.juntadeandalucia.es\/ieslauretum\/wp-json\/wp\/v2\/pages\/3278"}],"collection":[{"href":"https:\/\/blogsaverroes.juntadeandalucia.es\/ieslauretum\/wp-json\/wp\/v2\/pages"}],"about":[{"href":"https:\/\/blogsaverroes.juntadeandalucia.es\/ieslauretum\/wp-json\/wp\/v2\/types\/page"}],"author":[{"embeddable":true,"href":"https:\/\/blogsaverroes.juntadeandalucia.es\/ieslauretum\/wp-json\/wp\/v2\/users\/1966"}],"replies":[{"embeddable":true,"href":"https:\/\/blogsaverroes.juntadeandalucia.es\/ieslauretum\/wp-json\/wp\/v2\/comments?post=3278"}],"version-history":[{"count":20,"href":"https:\/\/blogsaverroes.juntadeandalucia.es\/ieslauretum\/wp-json\/wp\/v2\/pages\/3278\/revisions"}],"predecessor-version":[{"id":7587,"href":"https:\/\/blogsaverroes.juntadeandalucia.es\/ieslauretum\/wp-json\/wp\/v2\/pages\/3278\/revisions\/7587"}],"wp:attachment":[{"href":"https:\/\/blogsaverroes.juntadeandalucia.es\/ieslauretum\/wp-json\/wp\/v2\/media?parent=3278"}],"curies":[{"name":"wp","href":"https:\/\/api.w.org\/{rel}","templated":true}]}}