{"id":3319,"date":"2020-04-30T09:58:00","date_gmt":"2020-04-30T09:58:00","guid":{"rendered":"https:\/\/blogsaverroes.juntadeandalucia.es\/ieslauretum\/?page_id=3319"},"modified":"2020-04-30T10:00:05","modified_gmt":"2020-04-30T10:00:05","slug":"departamento-de-biologia-y-geologia","status":"publish","type":"page","link":"https:\/\/blogsaverroes.juntadeandalucia.es\/ieslauretum\/departamento-de-biologia-y-geologia\/","title":{"rendered":"Departamento de Biolog\u00eda y Geolog\u00eda"},"content":{"rendered":"<div id=\"contenido_sitio\" class=\"tiny_personalizado\" style=\"float: center\">\n<p style=\"text-align: center\"><span style=\"color: #ff0000\"><em><span style=\"text-decoration: underline\">DPTO. DE BIOLOG\u00cdA Y GEOLOG\u00cdA<\/span><\/em><\/span><\/p>\n<p><span style=\"font-family: book antiqua,palatino;color: #0000ff\"><em><span style=\"font-size: 14pt\"><a href=\"http:\/\/cienciaslauretum.blogspot.com\/\" target=\"_blank\" rel=\"noopener noreferrer\">1.-El Blog de Ciencias Naturales del IES Lauretum<\/a><\/span><\/em><\/span><\/p>\n<p>&nbsp;<\/p>\n<p style=\"text-align: center\"><span style=\"font-size: 18pt\"><em><span style=\"text-decoration: underline\"><span style=\"color: #ff0000\">MATERIAL DE APOYO<\/span><\/span><\/em><\/span><\/p>\n<p><span style=\"color: #0000ff\"><em><span style=\"font-size: 14pt\">1<a href=\"http:\/\/didactalia.net\/comunidad\/materialeducativo\" target=\"_blank\" rel=\"noopener noreferrer\">.-Didactalia (1.100 experimentos)<\/a><\/span><\/em><\/span><\/p>\n<p><span style=\"color: #0000ff\"><em><span style=\"font-size: 14pt\">2<a href=\"https:\/\/cienciasnaturales.didactalia.net\/\" target=\"_blank\" rel=\"noopener noreferrer\">.-Didactalia (Celulas, Sistemas y Aparatos humanos)<\/a><\/span><\/em><\/span><\/p>\n<p><span style=\"color: #0000ff\"><em><span style=\"font-size: 14pt\"><a href=\"https:\/\/www.youtube.com\/user\/unprofesorcom\/playlists?shelf_id=15&amp;sort=dd&amp;view=50\" target=\"_blank\" rel=\"noopener noreferrer\">3.-UNPROFESOR. <span style=\"font-size: 10pt;color: #ff0000\">(Gen\u00e9tica, metabolismo, biomol\u00e9cula , la c\u00e9lula y ecolog\u00eda<\/span><\/a><span style=\"font-size: 10pt;color: #ff0000\">)<\/span><\/span><\/em><\/span><\/p>\n<p><span style=\"font-size: 12pt\"><em><a href=\"https:\/\/www.youtube.com\/playlist?list=PLLm3j8aEtTaBy_KjPmQDxRRVIErXSX87A\" target=\"_blank\" rel=\"noopener noreferrer\">4.- AULA ABIERTA. CIENCIAS NATURALES 1\u00ba ESO<\/a><\/em><\/span><\/p>\n<p><em><span style=\"font-size: 12pt\"><a href=\"http:\/\/recursostic.educacion.es\/ciencias\/biosfera\/web\/\" target=\"_blank\" rel=\"noopener noreferrer\"><span style=\"color: #0000ff\">5.- PROYECTO BIOSFERA (INTEF)<\/span><\/a><\/span><\/em><\/p>\n<p><em><span style=\"font-size: 12pt\"><span style=\"color: #0000ff\"><a href=\"http:\/\/recursostic.educacion.es\/secundaria\/edad\/index_biogeo.htm\" target=\"_blank\" rel=\"noopener noreferrer\">6.- BIOLOG\u00cdA Y GEOLOG\u00cdA PARA LA ESO (CIDEAD)<\/a><\/span><\/span><\/em><\/p>\n<p><em><span style=\"font-size: 12pt\"><span style=\"color: #0000ff\"><a href=\"https:\/\/www.ambientech.org\/spa\/category\/seres-vivos#\" target=\"_blank\" rel=\"noopener noreferrer\">7.- AMBIENTECH<\/a>. <span style=\"color: #ff0000;font-size: 10pt\">(Seres vivos, La tierra, agua, energ\u00eda, materiales y salud)<\/span><br \/>\n<\/span><\/span><\/em><\/p>\n<p><em><span style=\"font-size: 12pt\"><span style=\"color: #0000ff\"><a href=\"http:\/\/laboratoriosvirtuales.wikispaces.com\/LABORATORIOS+VIRTUALES\" target=\"_blank\" rel=\"noopener noreferrer\">8.- LABORATORIOS VIRTUALES DE BIOLOG\u00cdA.<\/a><\/span><\/span><\/em><\/p>\n<p>&nbsp;<\/p>\n<table style=\"height: 165px\" border=\"0\" width=\"273\">\n<tbody>\n<tr>\n<td><a title=\"Fotos de la visita al Parque de la Ciencia\" href=\"http:\/\/www.juntadeandalucia.es\/averroes\/centros-tic\/41008398\/helvia\/sitio\/index.cgi?wid_item=36&amp;wid_seccion=12\"><span style=\"color: #0000cc;font-size: 18pt\"><span class=\"undefined\">Fotos de la visita al Parque de la ciencia de Granada<\/span><\/span><\/a><\/td>\n<td>&nbsp;<\/td>\n<\/tr>\n<\/tbody>\n<\/table>\n<p><span style=\"font-family: verdana,geneva;color: #33cc00;font-size: 14pt\"><span style=\"font-family: verdana,geneva;color: #33cc00;font-size: 14pt\"><span style=\"font-family: verdana,geneva;color: #33cc00;font-size: 14pt\"><span style=\"font-family: verdana,geneva;color: #33cc00;font-size: 14pt\"><span style=\"font-family: verdana,geneva;color: #33cc00;font-size: 14pt\"><span style=\"font-family: verdana,geneva;color: #33cc00;font-size: 14pt\"><span style=\"font-family: verdana,geneva;color: #33cc00;font-size: 14pt\"><span style=\"font-family: verdana,geneva;color: #33cc00;font-size: 14pt\"><span style=\"font-family: verdana,geneva;color: #33cc00;font-size: 14pt\"><span style=\"font-family: verdana,geneva;color: #33cc00;font-size: 14pt\"><span style=\"color: #33cc00;font-size: 14pt\"><span style=\"font-family: verdana,geneva;color: #33cc00;font-size: 14pt\"><span style=\"font-family: verdana,geneva;color: #33cc00;font-size: 14pt\"><span style=\"font-family: verdana,geneva;color: #33cc00;font-size: 14pt\"><span style=\"font-family: verdana,geneva;color: #33cc00;font-size: 14pt\"><span style=\"font-family: verdana,geneva;color: #33cc00;font-size: 14pt\"><span style=\"font-family: verdana,geneva;color: #33cc00;font-size: 14pt\"><span style=\"font-family: verdana,geneva;color: #33cc00;font-size: 14pt\"><strong><em><span style=\"color: #33cc00;font-size: 14pt\"><span style=\"color: #33cc00;font-size: 14pt\"><strong><em><span style=\"color: #33cc00;font-size: 14pt\"><span style=\"color: #33cc00;font-size: 14pt\"><strong><em>&nbsp;<\/em><\/strong><\/span><\/span><\/em><\/strong><\/span><\/span><\/em><\/strong><\/span><\/span><\/span><\/span><\/span><\/span><\/span><\/span><\/span><\/span><\/span><\/span><\/span><\/span><\/span><\/span><\/span><\/span><a href=\"http:\/\/ntic.educacion.es\/w3\/eos\/MaterialesEducativos\/mem2004\/iniciacion_interactiva_materia\/materiales\/indice.htm\">C\u00e1lculo de densidades<\/a><\/p>\n<\/div>\n","protected":false},"excerpt":{"rendered":"<p>DPTO. DE BIOLOG\u00cdA Y GEOLOG\u00cdA 1.-El Blog de Ciencias Naturales del IES Lauretum &nbsp; MATERIAL DE APOYO 1.-Didactalia (1.100 experimentos) 2.-Didactalia (Celulas, Sistemas y Aparatos&hellip;<\/p>\n","protected":false},"author":1966,"featured_media":0,"parent":0,"menu_order":0,"comment_status":"closed","ping_status":"closed","template":"","meta":{"ngg_post_thumbnail":0,"footnotes":""},"aioseo_notices":[],"_links":{"self":[{"href":"https:\/\/blogsaverroes.juntadeandalucia.es\/ieslauretum\/wp-json\/wp\/v2\/pages\/3319"}],"collection":[{"href":"https:\/\/blogsaverroes.juntadeandalucia.es\/ieslauretum\/wp-json\/wp\/v2\/pages"}],"about":[{"href":"https:\/\/blogsaverroes.juntadeandalucia.es\/ieslauretum\/wp-json\/wp\/v2\/types\/page"}],"author":[{"embeddable":true,"href":"https:\/\/blogsaverroes.juntadeandalucia.es\/ieslauretum\/wp-json\/wp\/v2\/users\/1966"}],"replies":[{"embeddable":true,"href":"https:\/\/blogsaverroes.juntadeandalucia.es\/ieslauretum\/wp-json\/wp\/v2\/comments?post=3319"}],"version-history":[{"count":5,"href":"https:\/\/blogsaverroes.juntadeandalucia.es\/ieslauretum\/wp-json\/wp\/v2\/pages\/3319\/revisions"}],"predecessor-version":[{"id":7346,"href":"https:\/\/blogsaverroes.juntadeandalucia.es\/ieslauretum\/wp-json\/wp\/v2\/pages\/3319\/revisions\/7346"}],"wp:attachment":[{"href":"https:\/\/blogsaverroes.juntadeandalucia.es\/ieslauretum\/wp-json\/wp\/v2\/media?parent=3319"}],"curies":[{"name":"wp","href":"https:\/\/api.w.org\/{rel}","templated":true}]}}