{"id":4182,"date":"2020-12-22T08:49:31","date_gmt":"2020-12-22T08:49:31","guid":{"rendered":"https:\/\/blogsaverroes.juntadeandalucia.es\/ieslauretum\/?page_id=4182"},"modified":"2026-03-06T08:03:11","modified_gmt":"2026-03-06T08:03:11","slug":"tde-transformacion-digital-docente-contenido-profesorado","status":"publish","type":"page","link":"https:\/\/blogsaverroes.juntadeandalucia.es\/ieslauretum\/tde-transformacion-digital-docente-contenido-profesorado\/","title":{"rendered":"TDE. TRANSFORMACI\u00d3N DIGITAL DOCENTE. INDICE PROFESORADO"},"content":{"rendered":"<div id=\"contenido\" class=\"contenido \">\n<div>\n<h2 style=\"text-align: center\"><a href=\"https:\/\/www.juntadeandalucia.es\/educacion\/portals\/web\/transformacion-digital-educativa\" target=\"_blank\" rel=\"noopener noreferrer\">TDE \u2013 TRANSFORMACI\u00d3N DIGITAL EDUCATIVA<\/a><\/h2>\n<\/div>\n<div class=\"seccion\" style=\"text-align: center\">\n<p><a href=\"https:\/\/blogsaverroes.juntadeandalucia.es\/ieslauretum\/programa-de-digitalizacion-de-centros\/\" target=\"_blank\" rel=\"noopener noreferrer\"><strong style=\"font-family: 'book antiqua', palatino;color: #ff0000;font-size: 18pt;text-align: center\"><em>MANUALES Y V\u00cdDEO TUTORIALES para el&nbsp; Profesorado<\/em><\/strong><\/a><\/p>\n<table style=\"border-collapse: collapse;width: 100%\">\n<tbody>\n<tr>\n<td style=\"width: 33.3333%\"><a href=\"https:\/\/blogsaverroes.juntadeandalucia.es\/ieslauretum\/tde-formacion-para-turtores-ras\/\" target=\"_blank\" rel=\"noopener noreferrer\"><img loading=\"lazy\" decoding=\"async\" class=\"alignnone wp-image-3920 size-medium\" src=\"https:\/\/blogsaverroes.juntadeandalucia.es\/ieslauretum\/files\/2020\/10\/image_gallery-300x95.png\" alt=\"\" width=\"300\" height=\"95\" srcset=\"https:\/\/blogsaverroes.juntadeandalucia.es\/ieslauretum\/files\/2020\/10\/image_gallery-300x95.png 300w, https:\/\/blogsaverroes.juntadeandalucia.es\/ieslauretum\/files\/2020\/10\/image_gallery-24x8.png 24w, https:\/\/blogsaverroes.juntadeandalucia.es\/ieslauretum\/files\/2020\/10\/image_gallery-36x11.png 36w, https:\/\/blogsaverroes.juntadeandalucia.es\/ieslauretum\/files\/2020\/10\/image_gallery-48x15.png 48w, https:\/\/blogsaverroes.juntadeandalucia.es\/ieslauretum\/files\/2020\/10\/image_gallery.png 558w\" sizes=\"(max-width: 300px) 100vw, 300px\" \/><\/a><\/td>\n<td style=\"width: 33.3333%\"><a href=\"https:\/\/blogsaverroes.juntadeandalucia.es\/ieslauretum\/tde-moodle-profesorado\/\" target=\"_blank\" rel=\"noopener noreferrer\"><img loading=\"lazy\" decoding=\"async\" class=\"alignnone wp-image-3973 size-full\" src=\"https:\/\/blogsaverroes.juntadeandalucia.es\/ieslauretum\/files\/2020\/10\/nuevo-logo-moodle.jpg\" alt=\"\" width=\"300\" height=\"127\" srcset=\"https:\/\/blogsaverroes.juntadeandalucia.es\/ieslauretum\/files\/2020\/10\/nuevo-logo-moodle.jpg 300w, https:\/\/blogsaverroes.juntadeandalucia.es\/ieslauretum\/files\/2020\/10\/nuevo-logo-moodle-24x10.jpg 24w, https:\/\/blogsaverroes.juntadeandalucia.es\/ieslauretum\/files\/2020\/10\/nuevo-logo-moodle-36x15.jpg 36w, https:\/\/blogsaverroes.juntadeandalucia.es\/ieslauretum\/files\/2020\/10\/nuevo-logo-moodle-48x20.jpg 48w\" sizes=\"(max-width: 300px) 100vw, 300px\" \/><\/a><\/td>\n<td style=\"width: 33.3333%\"><a href=\"https:\/\/blogsaverroes.juntadeandalucia.es\/ieslauretum\/tde-uso-de-la-pizarra-digital-pdi-tv-interactiva-smart-y-viewsonic\/\" target=\"_blank\" rel=\"noopener noreferrer\"><img loading=\"lazy\" decoding=\"async\" class=\"alignnone wp-image-4276 size-medium\" src=\"https:\/\/blogsaverroes.juntadeandalucia.es\/ieslauretum\/files\/2020\/12\/educaandos_slim_wallpaper-300x171.png\" alt=\"\" width=\"300\" height=\"171\" srcset=\"https:\/\/blogsaverroes.juntadeandalucia.es\/ieslauretum\/files\/2020\/12\/educaandos_slim_wallpaper-300x171.png 300w, https:\/\/blogsaverroes.juntadeandalucia.es\/ieslauretum\/files\/2020\/12\/educaandos_slim_wallpaper-24x14.png 24w, https:\/\/blogsaverroes.juntadeandalucia.es\/ieslauretum\/files\/2020\/12\/educaandos_slim_wallpaper-36x21.png 36w, https:\/\/blogsaverroes.juntadeandalucia.es\/ieslauretum\/files\/2020\/12\/educaandos_slim_wallpaper-48x27.png 48w, https:\/\/blogsaverroes.juntadeandalucia.es\/ieslauretum\/files\/2020\/12\/educaandos_slim_wallpaper.png 350w\" sizes=\"(max-width: 300px) 100vw, 300px\" \/><\/a><a href=\"https:\/\/blogsaverroes.juntadeandalucia.es\/ieslauretum\/tde-uso-de-la-pizarra-digital-pdi-tv-interactiva-smart-y-viewsonic\/\" target=\"_blank\" rel=\"noopener\"><img loading=\"lazy\" decoding=\"async\" class=\"alignnone wp-image-8694 size-medium\" src=\"https:\/\/blogsaverroes.juntadeandalucia.es\/ieslauretum\/files\/2025\/07\/Captura-de-pantalla-2025-07-28-175810-300x189.jpg\" alt=\"\" width=\"300\" height=\"189\" srcset=\"https:\/\/blogsaverroes.juntadeandalucia.es\/ieslauretum\/files\/2025\/07\/Captura-de-pantalla-2025-07-28-175810-300x189.jpg 300w, https:\/\/blogsaverroes.juntadeandalucia.es\/ieslauretum\/files\/2025\/07\/Captura-de-pantalla-2025-07-28-175810-1024x647.jpg 1024w, https:\/\/blogsaverroes.juntadeandalucia.es\/ieslauretum\/files\/2025\/07\/Captura-de-pantalla-2025-07-28-175810-768x485.jpg 768w, https:\/\/blogsaverroes.juntadeandalucia.es\/ieslauretum\/files\/2025\/07\/Captura-de-pantalla-2025-07-28-175810.jpg 1322w\" sizes=\"(max-width: 300px) 100vw, 300px\" \/><\/a><\/td>\n<\/tr>\n<tr>\n<td style=\"width: 33.3333%\"><a href=\"https:\/\/blogsaverroes.juntadeandalucia.es\/ieslauretum\/tde-inteligencia-artificial-para-docentes-gemini\/\" target=\"_blank\" rel=\"noopener\"><img loading=\"lazy\" decoding=\"async\" class=\"alignnone wp-image-8708\" src=\"https:\/\/blogsaverroes.juntadeandalucia.es\/ieslauretum\/files\/2025\/07\/princi2-300x251.png\" alt=\"\" width=\"202\" height=\"169\" srcset=\"https:\/\/blogsaverroes.juntadeandalucia.es\/ieslauretum\/files\/2025\/07\/princi2-300x251.png 300w, https:\/\/blogsaverroes.juntadeandalucia.es\/ieslauretum\/files\/2025\/07\/princi2.png 395w\" sizes=\"(max-width: 202px) 100vw, 202px\" \/><\/a><\/td>\n<td style=\"width: 33.3333%\"><a href=\"https:\/\/blogsaverroes.juntadeandalucia.es\/ieslauretum\/rea-recursos-educativos-en-abierto\/\" target=\"_blank\" rel=\"noopener noreferrer\"><img loading=\"lazy\" decoding=\"async\" class=\"alignnone wp-image-4001 size-medium\" src=\"https:\/\/blogsaverroes.juntadeandalucia.es\/ieslauretum\/files\/2020\/10\/banner_2-300x97.png\" alt=\"\" width=\"300\" height=\"97\" srcset=\"https:\/\/blogsaverroes.juntadeandalucia.es\/ieslauretum\/files\/2020\/10\/banner_2-300x97.png 300w, https:\/\/blogsaverroes.juntadeandalucia.es\/ieslauretum\/files\/2020\/10\/banner_2-24x8.png 24w, https:\/\/blogsaverroes.juntadeandalucia.es\/ieslauretum\/files\/2020\/10\/banner_2-36x12.png 36w, https:\/\/blogsaverroes.juntadeandalucia.es\/ieslauretum\/files\/2020\/10\/banner_2-48x16.png 48w, https:\/\/blogsaverroes.juntadeandalucia.es\/ieslauretum\/files\/2020\/10\/banner_2.png 640w\" sizes=\"(max-width: 300px) 100vw, 300px\" \/><\/a><\/td>\n<td style=\"width: 33.3333%\"><a href=\"https:\/\/blogsaverroes.juntadeandalucia.es\/ieslauretum\/tde-exelearning-profesorado\/\" target=\"_blank\" rel=\"noopener noreferrer\"><img loading=\"lazy\" decoding=\"async\" class=\"alignnone wp-image-4188 size-thumbnail\" src=\"https:\/\/blogsaverroes.juntadeandalucia.es\/ieslauretum\/files\/2020\/12\/exe5.002-150x150.jpg\" alt=\"\" width=\"150\" height=\"150\" srcset=\"https:\/\/blogsaverroes.juntadeandalucia.es\/ieslauretum\/files\/2020\/12\/exe5.002-150x150.jpg 150w, https:\/\/blogsaverroes.juntadeandalucia.es\/ieslauretum\/files\/2020\/12\/exe5.002-100x100.jpg 100w\" sizes=\"(max-width: 150px) 100vw, 150px\" \/><\/a><\/td>\n<\/tr>\n<tr>\n<td style=\"width: 33.3333%\"><a href=\"https:\/\/blogsaverroes.juntadeandalucia.es\/ieslauretum\/tde-blog-averroes\/\" target=\"_blank\" rel=\"noopener noreferrer\"><img loading=\"lazy\" decoding=\"async\" class=\"alignnone wp-image-5185 size-medium\" src=\"https:\/\/blogsaverroes.juntadeandalucia.es\/ieslauretum\/files\/2021\/05\/Captura-3-300x108.jpg\" alt=\"\" width=\"300\" height=\"108\" srcset=\"https:\/\/blogsaverroes.juntadeandalucia.es\/ieslauretum\/files\/2021\/05\/Captura-3-300x108.jpg 300w, https:\/\/blogsaverroes.juntadeandalucia.es\/ieslauretum\/files\/2021\/05\/Captura-3.jpg 439w\" sizes=\"(max-width: 300px) 100vw, 300px\" \/><\/a><\/td>\n<td style=\"width: 33.3333%\"><a href=\"https:\/\/sites.google.com\/g.educaand.es\/capacitacion-tecnica-adis\/inicio?authuser=0\" target=\"_blank\" rel=\"noopener\"><img loading=\"lazy\" decoding=\"async\" class=\"alignnone wp-image-8853\" src=\"https:\/\/blogsaverroes.juntadeandalucia.es\/ieslauretum\/files\/2025\/12\/Captura-de-pantalla-2025-12-18-070326-300x68.jpg\" alt=\"\" width=\"516\" height=\"117\" srcset=\"https:\/\/blogsaverroes.juntadeandalucia.es\/ieslauretum\/files\/2025\/12\/Captura-de-pantalla-2025-12-18-070326-300x68.jpg 300w, https:\/\/blogsaverroes.juntadeandalucia.es\/ieslauretum\/files\/2025\/12\/Captura-de-pantalla-2025-12-18-070326-768x174.jpg 768w, https:\/\/blogsaverroes.juntadeandalucia.es\/ieslauretum\/files\/2025\/12\/Captura-de-pantalla-2025-12-18-070326.jpg 853w\" sizes=\"(max-width: 516px) 100vw, 516px\" \/><\/a><\/td>\n<td style=\"width: 33.3333%\"><a href=\"https:\/\/www.juntadeandalucia.es\/educacion\/eaprendizaje\" target=\"_blank\" rel=\"noopener noreferrer\"><img loading=\"lazy\" decoding=\"async\" class=\"alignnone wp-image-3765 size-medium\" src=\"https:\/\/blogsaverroes.juntadeandalucia.es\/ieslauretum\/files\/2020\/07\/eaprendizaje-300x65.png\" alt=\"\" width=\"300\" height=\"65\" srcset=\"https:\/\/blogsaverroes.juntadeandalucia.es\/ieslauretum\/files\/2020\/07\/eaprendizaje-300x65.png 300w, https:\/\/blogsaverroes.juntadeandalucia.es\/ieslauretum\/files\/2020\/07\/eaprendizaje-24x5.png 24w, https:\/\/blogsaverroes.juntadeandalucia.es\/ieslauretum\/files\/2020\/07\/eaprendizaje-36x8.png 36w, https:\/\/blogsaverroes.juntadeandalucia.es\/ieslauretum\/files\/2020\/07\/eaprendizaje-48x10.png 48w, https:\/\/blogsaverroes.juntadeandalucia.es\/ieslauretum\/files\/2020\/07\/eaprendizaje.png 466w\" sizes=\"(max-width: 300px) 100vw, 300px\" \/><\/a><\/p>\n<p><a href=\"https:\/\/www.juntadeandalucia.es\/educacion\/portals\/web\/transformacion-digital-educativa\" target=\"_blank\" rel=\"noopener noreferrer\"><img loading=\"lazy\" decoding=\"async\" class=\"alignnone wp-image-3884 size-full\" src=\"https:\/\/blogsaverroes.juntadeandalucia.es\/ieslauretum\/files\/2020\/09\/Captura.png\" alt=\"\" width=\"95\" height=\"93\" srcset=\"https:\/\/blogsaverroes.juntadeandalucia.es\/ieslauretum\/files\/2020\/09\/Captura.png 95w, https:\/\/blogsaverroes.juntadeandalucia.es\/ieslauretum\/files\/2020\/09\/Captura-24x24.png 24w, https:\/\/blogsaverroes.juntadeandalucia.es\/ieslauretum\/files\/2020\/09\/Captura-36x36.png 36w, https:\/\/blogsaverroes.juntadeandalucia.es\/ieslauretum\/files\/2020\/09\/Captura-48x48.png 48w\" sizes=\"(max-width: 95px) 100vw, 95px\" \/><\/a><\/td>\n<\/tr>\n<tr>\n<td style=\"width: 33.3333%\">&nbsp;<\/td>\n<td style=\"width: 33.3333%\">&nbsp;<\/td>\n<td style=\"width: 33.3333%\">&nbsp;<\/td>\n<\/tr>\n<\/tbody>\n<\/table>\n<hr>\n<\/div>\n<\/div>\n<h3 style=\"text-align: center\"><span style=\"font-family: Arial, Helvetica, sans-serif;font-size: 10pt\">Llame al Tlf: 955.622.161 o en nuestro correo electr\u00f3nico <\/span><a style=\"font-family: Arial, Helvetica, sans-serif;font-size: 10pt\" href=\"mailto:41008398.averroes@juntadeandalucia.es\">41008398.edu@juntadeandalucia.es<\/a><span style=\"font-family: Arial, Helvetica, sans-serif;font-size: 10pt\"> y nos pondremos en contacto con usted.<\/span><\/h3>\n<div id=\"contenido\" class=\"contenido \">\n<div style=\"clear: both\">&nbsp;<\/div>\n<\/div>\n","protected":false},"excerpt":{"rendered":"<p>TDE \u2013 TRANSFORMACI\u00d3N DIGITAL EDUCATIVA MANUALES Y V\u00cdDEO TUTORIALES para el&nbsp; Profesorado &nbsp; &nbsp; &nbsp; Llame al Tlf: 955.622.161 o en nuestro correo electr\u00f3nico 41008398.edu@juntadeandalucia.es&hellip;<\/p>\n","protected":false},"author":1966,"featured_media":0,"parent":0,"menu_order":0,"comment_status":"closed","ping_status":"closed","template":"","meta":{"ngg_post_thumbnail":0,"footnotes":""},"aioseo_notices":[],"_links":{"self":[{"href":"https:\/\/blogsaverroes.juntadeandalucia.es\/ieslauretum\/wp-json\/wp\/v2\/pages\/4182"}],"collection":[{"href":"https:\/\/blogsaverroes.juntadeandalucia.es\/ieslauretum\/wp-json\/wp\/v2\/pages"}],"about":[{"href":"https:\/\/blogsaverroes.juntadeandalucia.es\/ieslauretum\/wp-json\/wp\/v2\/types\/page"}],"author":[{"embeddable":true,"href":"https:\/\/blogsaverroes.juntadeandalucia.es\/ieslauretum\/wp-json\/wp\/v2\/users\/1966"}],"replies":[{"embeddable":true,"href":"https:\/\/blogsaverroes.juntadeandalucia.es\/ieslauretum\/wp-json\/wp\/v2\/comments?post=4182"}],"version-history":[{"count":39,"href":"https:\/\/blogsaverroes.juntadeandalucia.es\/ieslauretum\/wp-json\/wp\/v2\/pages\/4182\/revisions"}],"predecessor-version":[{"id":8917,"href":"https:\/\/blogsaverroes.juntadeandalucia.es\/ieslauretum\/wp-json\/wp\/v2\/pages\/4182\/revisions\/8917"}],"wp:attachment":[{"href":"https:\/\/blogsaverroes.juntadeandalucia.es\/ieslauretum\/wp-json\/wp\/v2\/media?parent=4182"}],"curies":[{"name":"wp","href":"https:\/\/api.w.org\/{rel}","templated":true}]}}